{"id":778,"date":"2019-05-09T09:37:52","date_gmt":"2019-05-09T07:37:52","guid":{"rendered":"http:\/\/agora.xtec.cat\/ceip-espriu-montgat\/?page_id=778"},"modified":"2020-02-05T09:45:33","modified_gmt":"2020-02-05T08:45:33","slug":"springcelebration","status":"publish","type":"page","link":"https:\/\/agora.xtec.cat\/ceip-espriu-montgat\/projectes-internacionals\/erasmus-plus\/springcelebration\/","title":{"rendered":"&#8220;Spring Celebration&#8221;  Erasmus Plus 2015-2018"},"content":{"rendered":"<div>\n<div>\n<p><span style=\"font-size: medium;\">A l&#8217;escola, el curs 2015-2016 hem comen\u00e7at a treballar un projecte Erasmus + en col\u00b7laboraci\u00f3 amb 4 paisos m\u00e9s: Est\u00f2nia, It\u00e0lia, Portugal i Eslov\u00e0quia, qui s&#8217;encarrega de coordinar el projecte.<br \/>\n<\/span><span style=\"font-size: medium;\">Aquest projecte es titula &#8220;Spring Celebration&#8221;, est\u00e0 relacionat amb el reciclatge i el medi ambient i durar\u00e0 fins al juny del 2018.<br \/>\n<span style=\"font-size: medium;\">Durant els 3 cursos realitzarem tot tipus d&#8217;activitats relacionades amb el tema i rebrem la visita d&#8217;alguns mestres de les altres escoles. De la mateixa manera, alguns\/es<\/span><span style=\"font-family: inherit; font-size: 1em;\">\u00a0mestres de la nostra escola podran anar a veure les altres escoles i aix\u00ed coordinar la resta d&#8217;activitats, intercanviar materials dels alumnes, les mascotes de cada escola i veure com estan treballant el projecte a cada pa\u00eds.\u00a0<\/span><br \/>\n<\/span><\/p>\n<\/div>\n<\/div>\n<p><span style=\"font-size: medium;\">Si voleu, podeu visitar la web del projecte\u00a0\u00a0<\/span><span style=\"font-family: arial, sans-serif; font-size: medium;\"><a href=\"https:\/\/spring-celebration.edupage.org\/\">https:\/\/spring-celebration.edupage.org\/<\/a><\/span><\/p>\n<p><a href=\"https:\/\/agora.xtec.cat\/ceip-espriu-montgat\/wp-content\/uploads\/usu1919\/2019\/05\/WEB-ERASMUS.jpg\"><img loading=\"lazy\" decoding=\"async\" class=\"size-large wp-image-786 aligncenter\" src=\"https:\/\/agora.xtec.cat\/ceip-espriu-montgat\/wp-content\/uploads\/usu1919\/2019\/05\/WEB-ERASMUS-628x1024.jpg\" alt=\"\" width=\"628\" height=\"1024\" srcset=\"https:\/\/agora.xtec.cat\/ceip-espriu-montgat\/wp-content\/uploads\/usu1919\/2019\/05\/WEB-ERASMUS-628x1024.jpg 628w, https:\/\/agora.xtec.cat\/ceip-espriu-montgat\/wp-content\/uploads\/usu1919\/2019\/05\/WEB-ERASMUS-184x300.jpg 184w, https:\/\/agora.xtec.cat\/ceip-espriu-montgat\/wp-content\/uploads\/usu1919\/2019\/05\/WEB-ERASMUS-768x1252.jpg 768w, https:\/\/agora.xtec.cat\/ceip-espriu-montgat\/wp-content\/uploads\/usu1919\/2019\/05\/WEB-ERASMUS.jpg 1420w\" sizes=\"auto, (max-width: 628px) 100vw, 628px\" \/><\/a><\/p>\n","protected":false},"excerpt":{"rendered":"<p>A l&#8217;escola, el curs 2015-2016 hem comen\u00e7at a treballar un projecte Erasmus + en col\u00b7laboraci\u00f3 amb 4 paisos m\u00e9s: Est\u00f2nia, It\u00e0lia, Portugal i Eslov\u00e0quia, qui s&#8217;encarrega de coordinar el projecte.<br \/>\nAquest projecte es titula &#8220;Spring Celebration&#8221;, est\u00e0 relacionat amb el reciclatge i el medi ambient i&hellip;  <a href=\"https:\/\/agora.xtec.cat\/ceip-espriu-montgat\/projectes-internacionals\/erasmus-plus\/springcelebration\/\" title=\"Read &#8220;Spring Celebration&#8221;  Erasmus Plus 2015-2018\">Llegeix m\u00e9s\u00bb<\/a><\/p>\n","protected":false},"author":1,"featured_media":0,"parent":773,"menu_order":0,"comment_status":"closed","ping_status":"closed","template":"","meta":{"_bbp_topic_count":0,"_bbp_reply_count":0,"_bbp_total_topic_count":0,"_bbp_total_reply_count":0,"_bbp_voice_count":0,"_bbp_anonymous_reply_count":0,"_bbp_topic_count_hidden":0,"_bbp_reply_count_hidden":0,"_bbp_forum_subforum_count":0,"footnotes":""},"class_list":["post-778","page","type-page","status-publish","hentry"],"post_mailing_queue_ids":[],"_links":{"self":[{"href":"https:\/\/agora.xtec.cat\/ceip-espriu-montgat\/wp-json\/wp\/v2\/pages\/778","targetHints":{"allow":["GET"]}}],"collection":[{"href":"https:\/\/agora.xtec.cat\/ceip-espriu-montgat\/wp-json\/wp\/v2\/pages"}],"about":[{"href":"https:\/\/agora.xtec.cat\/ceip-espriu-montgat\/wp-json\/wp\/v2\/types\/page"}],"author":[{"embeddable":true,"href":"https:\/\/agora.xtec.cat\/ceip-espriu-montgat\/wp-json\/wp\/v2\/users\/1"}],"replies":[{"embeddable":true,"href":"https:\/\/agora.xtec.cat\/ceip-espriu-montgat\/wp-json\/wp\/v2\/comments?post=778"}],"version-history":[{"count":3,"href":"https:\/\/agora.xtec.cat\/ceip-espriu-montgat\/wp-json\/wp\/v2\/pages\/778\/revisions"}],"predecessor-version":[{"id":787,"href":"https:\/\/agora.xtec.cat\/ceip-espriu-montgat\/wp-json\/wp\/v2\/pages\/778\/revisions\/787"}],"up":[{"embeddable":true,"href":"https:\/\/agora.xtec.cat\/ceip-espriu-montgat\/wp-json\/wp\/v2\/pages\/773"}],"wp:attachment":[{"href":"https:\/\/agora.xtec.cat\/ceip-espriu-montgat\/wp-json\/wp\/v2\/media?parent=778"}],"curies":[{"name":"wp","href":"https:\/\/api.w.org\/{rel}","templated":true}]}}