{"id":73,"date":"2014-09-18T14:01:51","date_gmt":"2014-09-18T13:01:51","guid":{"rendered":"http:\/\/agora.xtec.cat\/ceip-espriu-montgat\/?page_id=73"},"modified":"2025-03-14T12:33:25","modified_gmt":"2025-03-14T11:33:25","slug":"menjador-escolar","status":"publish","type":"page","link":"https:\/\/agora.xtec.cat\/ceip-espriu-montgat\/serveis\/menjador-escolar\/","title":{"rendered":"Menjador escolar"},"content":{"rendered":"<p>La nostra escola compta amb <strong>cuina pr\u00f2pia<\/strong> a l&#8217;edifici Salvador Espriu. El menjador est\u00e0 gestionat per L&#8217;AFA juntament amb Fundesplai, una empresa catalana experi\u00e8ncia en la gesti\u00f3 de serveis de cuina i lleure de menjadors escolars.<\/p>\n<h4>Qu\u00e8 oferim?<a href=\"https:\/\/agora.xtec.cat\/ceip-espriu-montgat\/wp-content\/uploads\/usu1919\/2022\/01\/Screenshot_2022-01-24-20-11-55-187_com.instagram.android.jpg\"><img loading=\"lazy\" decoding=\"async\" class=\"wp-image-2441 size-medium alignright\" src=\"https:\/\/agora.xtec.cat\/ceip-espriu-montgat\/wp-content\/uploads\/usu1919\/2022\/01\/Screenshot_2022-01-24-20-11-55-187_com.instagram.android-184x300.jpg\" alt=\"\" width=\"184\" height=\"300\" srcset=\"https:\/\/agora.xtec.cat\/ceip-espriu-montgat\/wp-content\/uploads\/usu1919\/2022\/01\/Screenshot_2022-01-24-20-11-55-187_com.instagram.android-184x300.jpg 184w, https:\/\/agora.xtec.cat\/ceip-espriu-montgat\/wp-content\/uploads\/usu1919\/2022\/01\/Screenshot_2022-01-24-20-11-55-187_com.instagram.android-628x1024.jpg 628w, https:\/\/agora.xtec.cat\/ceip-espriu-montgat\/wp-content\/uploads\/usu1919\/2022\/01\/Screenshot_2022-01-24-20-11-55-187_com.instagram.android-768x1252.jpg 768w, https:\/\/agora.xtec.cat\/ceip-espriu-montgat\/wp-content\/uploads\/usu1919\/2022\/01\/Screenshot_2022-01-24-20-11-55-187_com.instagram.android-943x1536.jpg 943w, https:\/\/agora.xtec.cat\/ceip-espriu-montgat\/wp-content\/uploads\/usu1919\/2022\/01\/Screenshot_2022-01-24-20-11-55-187_com.instagram.android.jpg 1080w\" sizes=\"auto, (max-width: 184px) 100vw, 184px\" \/><\/a><\/h4>\n<p>\ud83c\udf7d Una cuina basada en la qualitat a partir d\u2019un <strong>producte de proximitat, de temporada i ecol\u00f2gic<\/strong>.<\/p>\n<p>\ud83c\udf7d <strong>Espais i franges hor\u00e0ries diferenciades<\/strong> pels infants de diferents edats. D&#8217;aquesta manera es poden atendre millor les necessitats de l&#8217;alumnat, amb <strong>grups m\u00e9s redu\u00efts<\/strong>.<\/p>\n<p>\ud83c\udf7d Un <strong>projecte pedag\u00f2gic<\/strong> que fomenta l\u2019adquisici\u00f3 d\u2019h\u00e0bits i el desenvolupament d\u2019actituds responsables a partir d\u2019una <strong>educaci\u00f3 viva i activa<\/strong> a l\u2019espai del menjador.<\/p>\n<h4><\/h4>\n<p>&nbsp;<\/p>\n<h4><\/h4>\n<h4>Projecte L&#8217;Olla a taula<\/h4>\n<p>Aquest projecte consisteix en deixar que els infants es serveixin directament d&#8217;una safata posada a la taula.<\/p>\n<p>L\u2019<strong>objectiu<\/strong> del programa \u00e9s doble:<\/p>\n<ol>\n<li>Es vol <strong>respectar els senyals innats d\u2019autoregulaci\u00f3 de l\u2019alimentaci\u00f3<\/strong> deixant que l\u2019infant mengi seguint la seva sensaci\u00f3 de gana i sacietat.<\/li>\n<li>Permet a l\u2019infant assimilar de manera natural els <strong>h\u00e0bits de comportament<\/strong> a taula.<\/li>\n<\/ol>\n<h5>C<a href=\"https:\/\/agora.xtec.cat\/ceip-espriu-montgat\/wp-content\/uploads\/usu1919\/2022\/01\/espriumontgat_244647377_390426619400167_8968087811538003399_n.webp_.jpg\"><img loading=\"lazy\" decoding=\"async\" class=\"wp-image-2439 size-thumbnail alignleft\" src=\"https:\/\/agora.xtec.cat\/ceip-espriu-montgat\/wp-content\/uploads\/usu1919\/2022\/01\/espriumontgat_244647377_390426619400167_8968087811538003399_n.webp_-150x150.jpg\" alt=\"\" width=\"150\" height=\"150\" srcset=\"https:\/\/agora.xtec.cat\/ceip-espriu-montgat\/wp-content\/uploads\/usu1919\/2022\/01\/espriumontgat_244647377_390426619400167_8968087811538003399_n.webp_-150x150.jpg 150w, https:\/\/agora.xtec.cat\/ceip-espriu-montgat\/wp-content\/uploads\/usu1919\/2022\/01\/espriumontgat_244647377_390426619400167_8968087811538003399_n.webp_-300x300.jpg 300w, https:\/\/agora.xtec.cat\/ceip-espriu-montgat\/wp-content\/uploads\/usu1919\/2022\/01\/espriumontgat_244647377_390426619400167_8968087811538003399_n.webp_-1024x1024.jpg 1024w, https:\/\/agora.xtec.cat\/ceip-espriu-montgat\/wp-content\/uploads\/usu1919\/2022\/01\/espriumontgat_244647377_390426619400167_8968087811538003399_n.webp_-768x768.jpg 768w, https:\/\/agora.xtec.cat\/ceip-espriu-montgat\/wp-content\/uploads\/usu1919\/2022\/01\/espriumontgat_244647377_390426619400167_8968087811538003399_n.webp_.jpg 1440w\" sizes=\"auto, (max-width: 150px) 100vw, 150px\" \/><\/a>om funciona?<\/h5>\n<p>En primer lloc, nens i nenes paren taula destriant els utensilis adients segons el men\u00fa del dia. A continuaci\u00f3 el monitor\/a serveix les olles o recipients amb el primer plat.. Tot respectant el torn de servir-se, cada\u00a0infant s\u2019omple el plat segons la seva sensaci\u00f3 de gana i sacietat, sempre sota la supervisi\u00f3 i ajuda de l\u2019equip de\u00a0monitoratge, que \u00e9s l&#8217;encarregat de fer l\u2019acompanyament al llarg de tot el servei i comprovar que tots els infants se serveixen i dinen correctament<\/p>\n<p>&nbsp;<\/p>\n<p>&nbsp;<\/p>\n<p>&nbsp;<\/p>\n<p>&nbsp;<\/p>\n<p>&nbsp;<\/p>\n<p>&nbsp;<\/p>\n<p>&nbsp;<\/p>\n<p>&nbsp;<\/p>\n<p>&nbsp;<\/p>\n<p>&nbsp;<\/p>\n<p>&nbsp;<\/p>\n<p>&nbsp;<\/p>\n<p>&nbsp;<\/p>\n<p>&nbsp;<\/p>\n<p>&nbsp;<\/p>\n<p>&nbsp;<\/p>\n<p>&nbsp;<\/p>\n<p>&nbsp;<\/p>\n","protected":false},"excerpt":{"rendered":"<p>La nostra escola compta amb cuina pr\u00f2pia a l&#8217;edifici Salvador Espriu. El menjador est\u00e0 gestionat per L&#8217;AFA juntament amb Fundesplai, una empresa catalana experi\u00e8ncia en la gesti\u00f3 de serveis de cuina i lleure de menjadors escolars.<br \/>\nQu\u00e8 oferim?<a href=\"https:\/\/agora.xtec.cat\/ceip-espriu-montgat\/wp-content\/uploads\/usu1919\/2022\/01\/Screenshot_2022-01-24-20-11-55-187_com.instagram.android.jpg\"><\/a><br \/>\n\ud83c\udf7d Una cuina basada en la qualitat a&hellip;  <a href=\"https:\/\/agora.xtec.cat\/ceip-espriu-montgat\/serveis\/menjador-escolar\/\" title=\"Read Menjador escolar\">Llegeix m\u00e9s\u00bb<\/a><\/p>\n","protected":false},"author":1,"featured_media":0,"parent":66,"menu_order":30,"comment_status":"closed","ping_status":"closed","template":"page-templates\/side-menu.php","meta":{"_bbp_topic_count":0,"_bbp_reply_count":0,"_bbp_total_topic_count":0,"_bbp_total_reply_count":0,"_bbp_voice_count":0,"_bbp_anonymous_reply_count":0,"_bbp_topic_count_hidden":0,"_bbp_reply_count_hidden":0,"_bbp_forum_subforum_count":0,"footnotes":""},"class_list":["post-73","page","type-page","status-publish","hentry"],"post_mailing_queue_ids":[],"_links":{"self":[{"href":"https:\/\/agora.xtec.cat\/ceip-espriu-montgat\/wp-json\/wp\/v2\/pages\/73","targetHints":{"allow":["GET"]}}],"collection":[{"href":"https:\/\/agora.xtec.cat\/ceip-espriu-montgat\/wp-json\/wp\/v2\/pages"}],"about":[{"href":"https:\/\/agora.xtec.cat\/ceip-espriu-montgat\/wp-json\/wp\/v2\/types\/page"}],"author":[{"embeddable":true,"href":"https:\/\/agora.xtec.cat\/ceip-espriu-montgat\/wp-json\/wp\/v2\/users\/1"}],"replies":[{"embeddable":true,"href":"https:\/\/agora.xtec.cat\/ceip-espriu-montgat\/wp-json\/wp\/v2\/comments?post=73"}],"version-history":[{"count":5,"href":"https:\/\/agora.xtec.cat\/ceip-espriu-montgat\/wp-json\/wp\/v2\/pages\/73\/revisions"}],"predecessor-version":[{"id":3380,"href":"https:\/\/agora.xtec.cat\/ceip-espriu-montgat\/wp-json\/wp\/v2\/pages\/73\/revisions\/3380"}],"up":[{"embeddable":true,"href":"https:\/\/agora.xtec.cat\/ceip-espriu-montgat\/wp-json\/wp\/v2\/pages\/66"}],"wp:attachment":[{"href":"https:\/\/agora.xtec.cat\/ceip-espriu-montgat\/wp-json\/wp\/v2\/media?parent=73"}],"curies":[{"name":"wp","href":"https:\/\/api.w.org\/{rel}","templated":true}]}}