{"id":6161,"date":"2023-11-27T15:38:40","date_gmt":"2023-11-27T14:38:40","guid":{"rendered":"https:\/\/agora.xtec.cat\/ceip-espriu-bdn\/?page_id=6161"},"modified":"2024-09-06T11:34:31","modified_gmt":"2024-09-06T09:34:31","slug":"equip-de-mestres","status":"publish","type":"page","link":"https:\/\/agora.xtec.cat\/ceip-espriu-bdn\/lescola\/equip-de-mestres\/","title":{"rendered":"Equip de Mestres"},"content":{"rendered":"<p>&nbsp;<\/p>\n<table width=\"576\">\n<tbody>\n<tr>\n<td rowspan=\"3\">&nbsp;<\/p>\n<p><strong>EQUIP DIRECTIU<\/strong><\/td>\n<td><strong>DIRECTORA<\/strong><\/td>\n<td width=\"222\">Vanessa<\/td>\n<\/tr>\n<tr>\n<td><strong>CAP D&#8217;ESTUDIS<\/strong><\/td>\n<td width=\"222\">\u00a0Elisabet<\/td>\n<\/tr>\n<tr>\n<td><strong>SECRETARI<\/strong><\/td>\n<td width=\"222\">Estefano<\/td>\n<\/tr>\n<\/tbody>\n<\/table>\n<p>&nbsp;<\/p>\n<table width=\"576\">\n<tbody>\n<tr>\n<td rowspan=\"9\">&nbsp;<\/p>\n<p><strong>\u00d2RGANS UNIPERSONALS<\/strong><\/p>\n<p><strong>DE COORDINACI\u00d3<\/strong><\/td>\n<td><strong>NOM<\/strong><\/td>\n<td width=\"247\"><strong>C\u00c0RREC<\/strong><\/td>\n<\/tr>\n<tr>\n<td>M\u00edriam<\/td>\n<td width=\"247\">Coordinadora Ed. Infantil<\/td>\n<\/tr>\n<tr>\n<td>Yolanda<\/td>\n<td width=\"247\">Coordinadora LIC<\/td>\n<\/tr>\n<tr>\n<td>Marga<\/td>\n<td width=\"247\">Coordinadora Cicle Inicial<\/td>\n<\/tr>\n<tr>\n<td>Mateu<\/td>\n<td width=\"247\">Coordinadora Cicle Mitj\u00e0<\/td>\n<\/tr>\n<tr>\n<td>Eva<\/td>\n<td width=\"247\">Coordinador Cicle Superior<\/td>\n<\/tr>\n<tr>\n<td>Estefano<\/td>\n<td width=\"247\">Coordinador TIC<\/td>\n<\/tr>\n<tr>\n<td>Mateu<\/td>\n<td width=\"247\">Coordinador Benestar de l\u2019 alumnat<\/td>\n<\/tr>\n<tr>\n<td>Joana<\/td>\n<td width=\"247\">Coordinadora Riscos Laborals<\/td>\n<\/tr>\n<\/tbody>\n<\/table>\n<p>&nbsp;<\/p>\n<table width=\"519\">\n<tbody>\n<tr>\n<td rowspan=\"32\">&nbsp;<\/p>\n<p><strong>EQUIP\u00a0<\/strong><\/p>\n<p><strong>DOCENT<\/strong><\/td>\n<td rowspan=\"11\">&nbsp;<\/p>\n<p><strong>EDUCACI\u00d3 INFANTIL<\/strong><\/td>\n<td width=\"164\"><strong>MESTRES<\/strong><\/td>\n<td width=\"198\"><strong>NIVELL<\/strong><\/td>\n<\/tr>\n<tr>\n<td width=\"164\">Anabel<\/td>\n<td width=\"198\">I3 A<\/td>\n<\/tr>\n<tr>\n<td width=\"164\">Maite<\/td>\n<td width=\"198\">I3 B<\/td>\n<\/tr>\n<tr>\n<td width=\"164\">Esther<\/td>\n<td width=\"198\">I4A<\/td>\n<\/tr>\n<tr>\n<td width=\"164\">Yolanda<\/td>\n<td width=\"198\">I4B<\/td>\n<\/tr>\n<tr>\n<td width=\"164\">Alba<\/td>\n<td width=\"198\">I5A<\/td>\n<\/tr>\n<tr>\n<td width=\"164\">M\u00f2nica<\/td>\n<td width=\"198\">I5B<\/td>\n<\/tr>\n<tr>\n<td width=\"164\"><\/td>\n<td width=\"198\"><\/td>\n<\/tr>\n<tr>\n<td width=\"164\"><\/td>\n<td width=\"198\"><\/td>\n<\/tr>\n<tr>\n<td width=\"164\"><\/td>\n<td width=\"198\"><\/td>\n<\/tr>\n<tr>\n<td width=\"164\"><\/td>\n<td width=\"198\"><\/td>\n<\/tr>\n<tr>\n<td rowspan=\"21\">&nbsp;<\/p>\n<p><strong>EDUCACI\u00d3 PRIM\u00c0RIA<\/strong><\/td>\n<td width=\"164\">Helena<\/td>\n<td width=\"198\">1rA<\/td>\n<\/tr>\n<tr>\n<td width=\"164\">Judith<\/td>\n<td width=\"198\">1rB<\/td>\n<\/tr>\n<tr>\n<td width=\"164\">Maria Jos\u00e9<\/td>\n<td width=\"198\">2nA<\/td>\n<\/tr>\n<tr>\n<td width=\"164\">Montse<\/td>\n<td width=\"198\">2nB<\/td>\n<\/tr>\n<tr>\n<td width=\"164\">Maria Jos\u00e9<\/td>\n<td width=\"198\">3rA<\/td>\n<\/tr>\n<tr>\n<td width=\"164\">Fran<\/td>\n<td width=\"198\">3rB<\/td>\n<\/tr>\n<tr>\n<td width=\"164\">Sara<\/td>\n<td width=\"198\">4tA<\/td>\n<\/tr>\n<tr>\n<td width=\"164\">Maria<\/td>\n<td width=\"198\">4tB<\/td>\n<\/tr>\n<tr>\n<td width=\"164\">Adriana<\/td>\n<td width=\"198\">5\u00e8A<\/td>\n<\/tr>\n<tr>\n<td width=\"164\">Olga<\/td>\n<td width=\"198\">5\u00e8B<\/td>\n<\/tr>\n<tr>\n<td width=\"164\">N\u00faria<\/td>\n<td width=\"198\">6\u00e8A<\/td>\n<\/tr>\n<tr>\n<td width=\"164\">Ferran<\/td>\n<td width=\"198\">6\u00e8B<\/td>\n<\/tr>\n<tr>\n<td width=\"164\">Miss Eve<\/td>\n<td width=\"198\">Angl\u00e8s<\/td>\n<\/tr>\n<tr>\n<td width=\"164\">S\u00edlvia<\/td>\n<td width=\"198\">Angl\u00e8s<\/td>\n<\/tr>\n<tr>\n<td width=\"164\">Marga<\/td>\n<td width=\"198\">Ed. F\u00edsica\/Refor\u00e7<\/td>\n<\/tr>\n<tr>\n<td width=\"164\">Mateu<\/td>\n<td width=\"198\">Ed.F\u00edsica\/Hort i Jard\u00ed CM<\/td>\n<\/tr>\n<tr>\n<td width=\"164\">Joana<\/td>\n<td width=\"198\">EE<\/td>\n<\/tr>\n<tr>\n<td width=\"164\"><\/td>\n<td width=\"198\"><\/td>\n<\/tr>\n<tr>\n<td width=\"164\"><\/td>\n<td width=\"198\"><\/td>\n<\/tr>\n<tr>\n<td width=\"164\"><\/td>\n<td width=\"198\"><\/td>\n<\/tr>\n<tr>\n<td width=\"164\"><\/td>\n<td width=\"198\"><\/td>\n<\/tr>\n<\/tbody>\n<\/table>\n<p>&nbsp;<\/p>\n","protected":false},"excerpt":{"rendered":"<p>&nbsp; &nbsp; EQUIP DIRECTIU DIRECTORA Vanessa CAP D&#8217;ESTUDIS \u00a0Elisabet SECRETARI Estefano &nbsp; &nbsp; \u00d2RGANS UNIPERSONALS DE COORDINACI\u00d3 NOM C\u00c0RREC M\u00edriam Coordinadora Ed. Infantil Yolanda Coordinadora LIC Marga Coordinadora Cicle Inicial Mateu Coordinadora Cicle Mitj\u00e0 Eva Coordinador Cicle Superior Estefano Coordinador TIC Mateu Coordinador Benestar de l\u2019 alumnat Joana Coordinadora Riscos Laborals &nbsp; &nbsp; EQUIP\u00a0 DOCENT [&hellip;]<\/p>\n","protected":false},"author":1,"featured_media":0,"parent":22,"menu_order":2,"comment_status":"closed","ping_status":"closed","template":"page-templates\/side-menu.php","meta":{"_bbp_topic_count":0,"_bbp_reply_count":0,"_bbp_total_topic_count":0,"_bbp_total_reply_count":0,"_bbp_voice_count":0,"_bbp_anonymous_reply_count":0,"_bbp_topic_count_hidden":0,"_bbp_reply_count_hidden":0,"_bbp_forum_subforum_count":0,"site-sidebar-layout":"default","site-content-layout":"","ast-site-content-layout":"","site-content-style":"default","site-sidebar-style":"default","ast-global-header-display":"","ast-banner-title-visibility":"","ast-main-header-display":"","ast-hfb-above-header-display":"","ast-hfb-below-header-display":"","ast-hfb-mobile-header-display":"","site-post-title":"","ast-breadcrumbs-content":"","ast-featured-img":"","footer-sml-layout":"","theme-transparent-header-meta":"","adv-header-id-meta":"","stick-header-meta":"","header-above-stick-meta":"","header-main-stick-meta":"","header-below-stick-meta":"","astra-migrate-meta-layouts":"default","ast-page-background-enabled":"default","ast-page-background-meta":{"desktop":{"background-color":"var(--ast-global-color-4)","background-image":"","background-repeat":"repeat","background-position":"center center","background-size":"auto","background-attachment":"scroll","background-type":"","background-media":"","overlay-type":"","overlay-color":"","overlay-opacity":"","overlay-gradient":""},"tablet":{"background-color":"","background-image":"","background-repeat":"repeat","background-position":"center center","background-size":"auto","background-attachment":"scroll","background-type":"","background-media":"","overlay-type":"","overlay-color":"","overlay-opacity":"","overlay-gradient":""},"mobile":{"background-color":"","background-image":"","background-repeat":"repeat","background-position":"center center","background-size":"auto","background-attachment":"scroll","background-type":"","background-media":"","overlay-type":"","overlay-color":"","overlay-opacity":"","overlay-gradient":""}},"ast-content-background-meta":{"desktop":{"background-color":"var(--ast-global-color-5)","background-image":"","background-repeat":"repeat","background-position":"center center","background-size":"auto","background-attachment":"scroll","background-type":"","background-media":"","overlay-type":"","overlay-color":"","overlay-opacity":"","overlay-gradient":""},"tablet":{"background-color":"var(--ast-global-color-5)","background-image":"","background-repeat":"repeat","background-position":"center center","background-size":"auto","background-attachment":"scroll","background-type":"","background-media":"","overlay-type":"","overlay-color":"","overlay-opacity":"","overlay-gradient":""},"mobile":{"background-color":"var(--ast-global-color-5)","background-image":"","background-repeat":"repeat","background-position":"center center","background-size":"auto","background-attachment":"scroll","background-type":"","background-media":"","overlay-type":"","overlay-color":"","overlay-opacity":"","overlay-gradient":""}},"footnotes":""},"class_list":["post-6161","page","type-page","status-publish","hentry"],"post_mailing_queue_ids":[],"_links":{"self":[{"href":"https:\/\/agora.xtec.cat\/ceip-espriu-bdn\/wp-json\/wp\/v2\/pages\/6161","targetHints":{"allow":["GET"]}}],"collection":[{"href":"https:\/\/agora.xtec.cat\/ceip-espriu-bdn\/wp-json\/wp\/v2\/pages"}],"about":[{"href":"https:\/\/agora.xtec.cat\/ceip-espriu-bdn\/wp-json\/wp\/v2\/types\/page"}],"author":[{"embeddable":true,"href":"https:\/\/agora.xtec.cat\/ceip-espriu-bdn\/wp-json\/wp\/v2\/users\/1"}],"replies":[{"embeddable":true,"href":"https:\/\/agora.xtec.cat\/ceip-espriu-bdn\/wp-json\/wp\/v2\/comments?post=6161"}],"version-history":[{"count":3,"href":"https:\/\/agora.xtec.cat\/ceip-espriu-bdn\/wp-json\/wp\/v2\/pages\/6161\/revisions"}],"predecessor-version":[{"id":6617,"href":"https:\/\/agora.xtec.cat\/ceip-espriu-bdn\/wp-json\/wp\/v2\/pages\/6161\/revisions\/6617"}],"up":[{"embeddable":true,"href":"https:\/\/agora.xtec.cat\/ceip-espriu-bdn\/wp-json\/wp\/v2\/pages\/22"}],"wp:attachment":[{"href":"https:\/\/agora.xtec.cat\/ceip-espriu-bdn\/wp-json\/wp\/v2\/media?parent=6161"}],"curies":[{"name":"wp","href":"https:\/\/api.w.org\/{rel}","templated":true}]}}