{"id":414,"date":"2016-01-28T16:21:59","date_gmt":"2016-01-28T15:21:59","guid":{"rendered":"http:\/\/agora.xtec.cat\/ceip-espriu-bdn\/?page_id=414"},"modified":"2024-09-06T12:19:34","modified_gmt":"2024-09-06T10:19:34","slug":"revista-escolar","status":"publish","type":"page","link":"https:\/\/agora.xtec.cat\/ceip-espriu-bdn\/projecte-educatiu\/revista-escolar\/","title":{"rendered":"Hemeroteca escolar"},"content":{"rendered":"<p>A l&#8217;escola s&#8217;havia editat, fa molts anys, una revista anomenada &#8220;Prohibit llegir&#8221;. Surtia cada trimestre, en format paper i digital, i portava a les fam\u00edlies tota mena de not\u00edcies d&#8217;inter\u00e8s. Aqu\u00ed sota podeu veure els darrers exemplars:<\/p>\n<hr \/>\n<div style=\"text-align: center;\">\n<div style=\"margin: 8px 0px 4px;\"><a href=\"http:\/\/www.calameo.com\/books\/000267415145c598f9bab\" target=\"_blank\" rel=\"noopener\">Revistaestiu2016total<\/a><\/div>\n<p><iframe loading=\"lazy\" style=\"margin: 0 auto;\" src=\"\/\/v.calameo.com\/?bkcode=000267415145c598f9bab\" width=\"300\" height=\"194\" frameborder=\"0\" scrolling=\"no\" allowfullscreen=\"allowfullscreen\"><\/iframe><\/p>\n<div style=\"margin: 4px 0px 8px;\"><a href=\"http:\/\/www.calameo.com\/\">Publish at Calameo<\/a><\/div>\n<\/div>\n<hr \/>\n<p>&nbsp;<\/p>\n<div style=\"text-align: center;\">\n<div style=\"margin: 8px 0px 4px;\"><a href=\"http:\/\/www.calameo.com\/books\/000267415252e50ea95a7\" target=\"_blank\" rel=\"noopener\">Revistaprimavera2016total<\/a><\/div>\n<p><iframe loading=\"lazy\" style=\"margin: 0 auto;\" src=\"\/\/v.calameo.com\/?bkcode=000267415252e50ea95a7\" width=\"300\" height=\"194\" frameborder=\"0\" scrolling=\"no\" allowfullscreen=\"allowfullscreen\"><\/iframe><\/p>\n<div style=\"margin: 4px 0px 8px;\"><a href=\"http:\/\/www.calameo.com\/\">Publish at Calameo<\/a><\/div>\n<\/div>\n<hr \/>\n<p>&nbsp;<\/p>\n<div style=\"text-align: center;\">\n<div style=\"margin: 8px 0px 4px;\"><a href=\"http:\/\/www.calameo.com\/books\/0002674156dc8442ab390\" target=\"_blank\" rel=\"noopener\">Revistanadal2016<\/a><\/div>\n<p><iframe loading=\"lazy\" style=\"margin: 0 auto;\" src=\"\/\/v.calameo.com\/?bkcode=0002674156dc8442ab390\" width=\"300\" height=\"194\" frameborder=\"0\" scrolling=\"no\" allowfullscreen=\"allowfullscreen\"><\/iframe><\/p>\n<hr \/>\n<\/div>\n<div style=\"text-align: center;\">\n<div style=\"margin: 8px 0px 4px;\"><a href=\"http:\/\/www.calameo.com\/books\/000267415d8319fd21c24\" target=\"_blank\" rel=\"noopener\">Revistaestiu2015<\/a><\/div>\n<p><iframe loading=\"lazy\" style=\"margin: 0 auto;\" src=\"\/\/v.calameo.com\/?bkcode=000267415d8319fd21c24\" width=\"300\" height=\"194\" frameborder=\"0\" scrolling=\"no\" allowfullscreen=\"allowfullscreen\"><\/iframe><\/p>\n<hr \/>\n<div style=\"margin: 8px 0px 4px;\">\n<div style=\"margin: 8px 0px 4px;\"><a href=\"http:\/\/www.calameo.com\/books\/0002674152bb376eed562\" target=\"_blank\" rel=\"noopener\">Revistaprimavera2015<\/a><\/div>\n<p><iframe loading=\"lazy\" style=\"margin: 0 auto;\" src=\"\/\/v.calameo.com\/?bkcode=0002674152bb376eed562\" width=\"300\" height=\"194\" frameborder=\"0\" scrolling=\"no\" allowfullscreen=\"allowfullscreen\"><\/iframe><\/p>\n<hr \/>\n<p><a href=\"http:\/\/www.calameo.com\/books\/000267415850e7f2b5225\" target=\"_blank\" rel=\"noopener\">Revistanadal2015v2<\/a><\/p>\n<\/div>\n<\/div>\n<div style=\"text-align: center;\">\n<p><iframe loading=\"lazy\" style=\"margin: 0 auto;\" src=\"\/\/v.calameo.com\/?bkcode=000267415850e7f2b5225\" width=\"300\" height=\"194\" frameborder=\"0\" scrolling=\"no\" allowfullscreen=\"allowfullscreen\"><\/iframe><\/p>\n<div style=\"margin: 4px 0px 8px;\">\n<hr \/>\n<\/div>\n<\/div>\n","protected":false},"excerpt":{"rendered":"<p>A l&#8217;escola s&#8217;havia editat, fa molts anys, una revista anomenada &#8220;Prohibit llegir&#8221;. Surtia cada trimestre, en format paper i digital, i portava a les fam\u00edlies tota mena de not\u00edcies d&#8217;inter\u00e8s. Aqu\u00ed sota podeu veure els darrers exemplars: Revistaestiu2016total Publish at Calameo &nbsp; Revistaprimavera2016total Publish at Calameo &nbsp; Revistanadal2016 Revistaestiu2015 Revistaprimavera2015 Revistanadal2015v2<\/p>\n","protected":false},"author":3,"featured_media":0,"parent":64,"menu_order":0,"comment_status":"closed","ping_status":"closed","template":"page-templates\/side-menu.php","meta":{"_bbp_topic_count":0,"_bbp_reply_count":0,"_bbp_total_topic_count":0,"_bbp_total_reply_count":0,"_bbp_voice_count":0,"_bbp_anonymous_reply_count":0,"_bbp_topic_count_hidden":0,"_bbp_reply_count_hidden":0,"_bbp_forum_subforum_count":0,"site-sidebar-layout":"default","site-content-layout":"","ast-site-content-layout":"","site-content-style":"default","site-sidebar-style":"default","ast-global-header-display":"","ast-banner-title-visibility":"","ast-main-header-display":"","ast-hfb-above-header-display":"","ast-hfb-below-header-display":"","ast-hfb-mobile-header-display":"","site-post-title":"","ast-breadcrumbs-content":"","ast-featured-img":"","footer-sml-layout":"","theme-transparent-header-meta":"","adv-header-id-meta":"","stick-header-meta":"","header-above-stick-meta":"","header-main-stick-meta":"","header-below-stick-meta":"","astra-migrate-meta-layouts":"default","ast-page-background-enabled":"default","ast-page-background-meta":{"desktop":{"background-color":"var(--ast-global-color-4)","background-image":"","background-repeat":"repeat","background-position":"center center","background-size":"auto","background-attachment":"scroll","background-type":"","background-media":"","overlay-type":"","overlay-color":"","overlay-opacity":"","overlay-gradient":""},"tablet":{"background-color":"","background-image":"","background-repeat":"repeat","background-position":"center center","background-size":"auto","background-attachment":"scroll","background-type":"","background-media":"","overlay-type":"","overlay-color":"","overlay-opacity":"","overlay-gradient":""},"mobile":{"background-color":"","background-image":"","background-repeat":"repeat","background-position":"center center","background-size":"auto","background-attachment":"scroll","background-type":"","background-media":"","overlay-type":"","overlay-color":"","overlay-opacity":"","overlay-gradient":""}},"ast-content-background-meta":{"desktop":{"background-color":"var(--ast-global-color-5)","background-image":"","background-repeat":"repeat","background-position":"center center","background-size":"auto","background-attachment":"scroll","background-type":"","background-media":"","overlay-type":"","overlay-color":"","overlay-opacity":"","overlay-gradient":""},"tablet":{"background-color":"var(--ast-global-color-5)","background-image":"","background-repeat":"repeat","background-position":"center center","background-size":"auto","background-attachment":"scroll","background-type":"","background-media":"","overlay-type":"","overlay-color":"","overlay-opacity":"","overlay-gradient":""},"mobile":{"background-color":"var(--ast-global-color-5)","background-image":"","background-repeat":"repeat","background-position":"center center","background-size":"auto","background-attachment":"scroll","background-type":"","background-media":"","overlay-type":"","overlay-color":"","overlay-opacity":"","overlay-gradient":""}},"footnotes":""},"class_list":["post-414","page","type-page","status-publish","hentry"],"post_mailing_queue_ids":[],"_links":{"self":[{"href":"https:\/\/agora.xtec.cat\/ceip-espriu-bdn\/wp-json\/wp\/v2\/pages\/414","targetHints":{"allow":["GET"]}}],"collection":[{"href":"https:\/\/agora.xtec.cat\/ceip-espriu-bdn\/wp-json\/wp\/v2\/pages"}],"about":[{"href":"https:\/\/agora.xtec.cat\/ceip-espriu-bdn\/wp-json\/wp\/v2\/types\/page"}],"author":[{"embeddable":true,"href":"https:\/\/agora.xtec.cat\/ceip-espriu-bdn\/wp-json\/wp\/v2\/users\/3"}],"replies":[{"embeddable":true,"href":"https:\/\/agora.xtec.cat\/ceip-espriu-bdn\/wp-json\/wp\/v2\/comments?post=414"}],"version-history":[{"count":4,"href":"https:\/\/agora.xtec.cat\/ceip-espriu-bdn\/wp-json\/wp\/v2\/pages\/414\/revisions"}],"predecessor-version":[{"id":6634,"href":"https:\/\/agora.xtec.cat\/ceip-espriu-bdn\/wp-json\/wp\/v2\/pages\/414\/revisions\/6634"}],"up":[{"embeddable":true,"href":"https:\/\/agora.xtec.cat\/ceip-espriu-bdn\/wp-json\/wp\/v2\/pages\/64"}],"wp:attachment":[{"href":"https:\/\/agora.xtec.cat\/ceip-espriu-bdn\/wp-json\/wp\/v2\/media?parent=414"}],"curies":[{"name":"wp","href":"https:\/\/api.w.org\/{rel}","templated":true}]}}

<p>A l&#8217;escola s&#8217;havia editat, fa molts anys, una revista anomenada &#8220;Prohibit llegir&#8221;. Surtia cada trimestre, en format paper i digital, i portava a les famílies tota mena de notícies d&#8217;interès. Aquí sota podeu veure els darrers exemplars:</p>
<hr />
<div style="text-align: center;">
<div style="margin: 8px 0px 4px;"><a href="http://www.calameo.com/books/000267415145c598f9bab" target="_blank" rel="noopener">Revistaestiu2016total</a></div>
<p><iframe loading="lazy" style="margin: 0 auto;" src="//v.calameo.com/?bkcode=000267415145c598f9bab" width="300" height="194" frameborder="0" scrolling="no" allowfullscreen="allowfullscreen"></iframe></p>
<div style="margin: 4px 0px 8px;"><a href="http://www.calameo.com/">Publish at Calameo</a></div>
</div>
<hr />
<p>&nbsp;</p>
<div style="text-align: center;">
<div style="margin: 8px 0px 4px;"><a href="http://www.calameo.com/books/000267415252e50ea95a7" target="_blank" rel="noopener">Revistaprimavera2016total</a></div>
<p><iframe loading="lazy" style="margin: 0 auto;" src="//v.calameo.com/?bkcode=000267415252e50ea95a7" width="300" height="194" frameborder="0" scrolling="no" allowfullscreen="allowfullscreen"></iframe></p>
<div style="margin: 4px 0px 8px;"><a href="http://www.calameo.com/">Publish at Calameo</a></div>
</div>
<hr />
<p>&nbsp;</p>
<div style="text-align: center;">
<div style="margin: 8px 0px 4px;"><a href="http://www.calameo.com/books/0002674156dc8442ab390" target="_blank" rel="noopener">Revistanadal2016</a></div>
<p><iframe loading="lazy" style="margin: 0 auto;" src="//v.calameo.com/?bkcode=0002674156dc8442ab390" width="300" height="194" frameborder="0" scrolling="no" allowfullscreen="allowfullscreen"></iframe></p>
<hr />
</div>
<div style="text-align: center;">
<div style="margin: 8px 0px 4px;"><a href="http://www.calameo.com/books/000267415d8319fd21c24" target="_blank" rel="noopener">Revistaestiu2015</a></div>
<p><iframe loading="lazy" style="margin: 0 auto;" src="//v.calameo.com/?bkcode=000267415d8319fd21c24" width="300" height="194" frameborder="0" scrolling="no" allowfullscreen="allowfullscreen"></iframe></p>
<hr />
<div style="margin: 8px 0px 4px;">
<div style="margin: 8px 0px 4px;"><a href="http://www.calameo.com/books/0002674152bb376eed562" target="_blank" rel="noopener">Revistaprimavera2015</a></div>
<p><iframe loading="lazy" style="margin: 0 auto;" src="//v.calameo.com/?bkcode=0002674152bb376eed562" width="300" height="194" frameborder="0" scrolling="no" allowfullscreen="allowfullscreen"></iframe></p>
<hr />
<p><a href="http://www.calameo.com/books/000267415850e7f2b5225" target="_blank" rel="noopener">Revistanadal2015v2</a></p>
</div>
</div>
<div style="text-align: center;">
<p><iframe loading="lazy" style="margin: 0 auto;" src="//v.calameo.com/?bkcode=000267415850e7f2b5225" width="300" height="194" frameborder="0" scrolling="no" allowfullscreen="allowfullscreen"></iframe></p>
<div style="margin: 4px 0px 8px;">
<hr />
</div>
</div>

<p>A l&#8217;escola s&#8217;havia editat, fa molts anys, una revista anomenada &#8220;Prohibit llegir&#8221;. Surtia cada trimestre, en format paper i digital, i portava a les famílies tota mena de notícies d&#8217;interès. Aquí sota podeu veure els darrers exemplars: Revistaestiu2016total Publish at Calameo &nbsp; Revistaprimavera2016total Publish at Calameo &nbsp; Revistanadal2016 Revistaestiu2015 Revistaprimavera2015 Revistanadal2015v2</p>
