{"id":299,"date":"2016-01-22T09:59:51","date_gmt":"2016-01-22T08:59:51","guid":{"rendered":"http:\/\/agora.xtec.cat\/ceip-espriu-bdn\/?page_id=299"},"modified":"2025-02-25T16:26:57","modified_gmt":"2025-02-25T15:26:57","slug":"documents","status":"publish","type":"page","link":"https:\/\/agora.xtec.cat\/ceip-espriu-bdn\/projecte-educatiu\/documents\/","title":{"rendered":"Documents"},"content":{"rendered":"<p>Clicant damunt d&#8217;aquests enlla\u00e7os trobareu l&#8217;acc\u00e9s als principals documents normatius que regulen la vida de la nostra escola, aix\u00ed com d&#8217;altres que en desenvolupen aspectes, aix\u00ed com eines \u00fatils per a la interacci\u00f3 amb els docents.<\/p>\n<ul>\n<li><a href=\"https:\/\/agora.xtec.cat\/ceip-espriu-bdn\/wp-content\/uploads\/usu837\/2025\/02\/Projecte-Educatiu-de-Centre-2022.pdf\">Projecte Educatiu de Centre 2024<\/a><\/li>\n<li><a href=\"https:\/\/agora.xtec.cat\/ceip-espriu-bdn\/wp-content\/uploads\/usu837\/2022\/05\/PROJECTE-LINGUISTIC-MAIG-2022.pdf\">PROJECTE LING\u00dc\u00cdSTIC MAIG 2024<\/a><\/li>\n<li><a href=\"https:\/\/agora.xtec.cat\/ceip-espriu-bdn\/wp-content\/uploads\/usu837\/2018\/10\/Projecte-Curricular-de-Centre-2018.pdf\">Projecte Curricular de Centre<\/a><\/li>\n<li><a href=\"http:\/\/agora.xtec.cat\/ceip-espriu-bdn\/wp-content\/uploads\/usu837\/2016\/01\/PLA-dATENCI\u00d3-A-LA-DIVERSITAT.pdf\">Pla d&#8217;atenci\u00f3 a la diversitat<\/a><\/li>\n<li><a href=\"https:\/\/agora.xtec.cat\/ceip-espriu-bdn\/wp-content\/uploads\/usu837\/2018\/10\/Pla-dacollida-alumnat-nouvingut-.pdf\">Pla d&#8217;acollida alumnat nouvingut<\/a><\/li>\n<li><a href=\"https:\/\/agora.xtec.cat\/ceip-espriu-bdn\/wp-content\/uploads\/usu837\/2021\/07\/protocol_assetjament-ciberassetjament-entre-iguals.pdf\">Protocol_d&#8217;assetjament-ciberassetjament-entre-iguals<\/a><\/li>\n<li><a href=\"https:\/\/agora.xtec.cat\/ceip-espriu-bdn\/wp-content\/uploads\/usu837\/2018\/10\/Pla-TAC-Espriu-2018.pdf\">Pla TAC<\/a><\/li>\n<li><a href=\"http:\/\/www.xtec.cat\/ceip-espriu-bdn\/documents\/Reglament%20del%20servei%20de%20menjador.pdf\">Reglament del servei de menjador escolar<\/a><\/li>\n<li><a href=\"http:\/\/www.xtec.cat\/ceip-espriu-bdn\/documents\/Organigrama%20general%20de%20l'escola.pdf\">Organigrama general de l&#8217;escola<\/a><\/li>\n<li><a href=\"https:\/\/agora.xtec.cat\/ceip-espriu-bdn\/wp-content\/uploads\/usu837\/2018\/10\/El-nostre-projecte-dambients.pdf\">El nostre projecte d&#8217;ambients<\/a><\/li>\n<li><a href=\"https:\/\/agora.xtec.cat\/ceip-espriu-bdn\/wp-content\/uploads\/usu837\/2021\/03\/Informaci\u00f3-oficial-de-lescola.pdf\">Informaci\u00f3 oficial de l&#8217;escola<\/a><\/li>\n<li><a href=\"https:\/\/agora.xtec.cat\/ceip-espriu-bdn\/wp-content\/uploads\/usu837\/2018\/10\/us-presentem-lescola.pdf\">Us presentem l&#8217;escola<\/a><\/li>\n<li><a href=\"https:\/\/agora.xtec.cat\/ceip-espriu-bdn\/wp-content\/uploads\/usu837\/2021\/03\/Carta-de-Comprom\u00eds.pdf\">Carta de Comprom\u00eds<\/a><\/li>\n<li><a href=\"https:\/\/agora.xtec.cat\/ceip-espriu-bdn\/wp-content\/uploads\/usu837\/2018\/10\/Oferta-de-Serveis-Externs-al-Salvador-Espriu.pdf\">Oferta de Serveis Externs al Salvador Espriu<\/a><\/li>\n<\/ul>\n","protected":false},"excerpt":{"rendered":"<p>Clicant damunt d&#8217;aquests enlla\u00e7os trobareu l&#8217;acc\u00e9s als principals documents normatius que regulen la vida de la nostra escola, aix\u00ed com d&#8217;altres que en desenvolupen aspectes, aix\u00ed com eines \u00fatils per a la interacci\u00f3 amb els docents. Projecte Educatiu de Centre 2024 PROJECTE LING\u00dc\u00cdSTIC MAIG 2024 Projecte Curricular de Centre Pla d&#8217;atenci\u00f3 a la diversitat Pla [&hellip;]<\/p>\n","protected":false},"author":3,"featured_media":0,"parent":64,"menu_order":0,"comment_status":"closed","ping_status":"closed","template":"page-templates\/side-menu.php","meta":{"_bbp_topic_count":0,"_bbp_reply_count":0,"_bbp_total_topic_count":0,"_bbp_total_reply_count":0,"_bbp_voice_count":0,"_bbp_anonymous_reply_count":0,"_bbp_topic_count_hidden":0,"_bbp_reply_count_hidden":0,"_bbp_forum_subforum_count":0,"site-sidebar-layout":"default","site-content-layout":"","ast-site-content-layout":"","site-content-style":"default","site-sidebar-style":"default","ast-global-header-display":"","ast-banner-title-visibility":"","ast-main-header-display":"","ast-hfb-above-header-display":"","ast-hfb-below-header-display":"","ast-hfb-mobile-header-display":"","site-post-title":"","ast-breadcrumbs-content":"","ast-featured-img":"","footer-sml-layout":"","theme-transparent-header-meta":"","adv-header-id-meta":"","stick-header-meta":"","header-above-stick-meta":"","header-main-stick-meta":"","header-below-stick-meta":"","astra-migrate-meta-layouts":"default","ast-page-background-enabled":"default","ast-page-background-meta":{"desktop":{"background-color":"var(--ast-global-color-4)","background-image":"","background-repeat":"repeat","background-position":"center center","background-size":"auto","background-attachment":"scroll","background-type":"","background-media":"","overlay-type":"","overlay-color":"","overlay-opacity":"","overlay-gradient":""},"tablet":{"background-color":"","background-image":"","background-repeat":"repeat","background-position":"center center","background-size":"auto","background-attachment":"scroll","background-type":"","background-media":"","overlay-type":"","overlay-color":"","overlay-opacity":"","overlay-gradient":""},"mobile":{"background-color":"","background-image":"","background-repeat":"repeat","background-position":"center center","background-size":"auto","background-attachment":"scroll","background-type":"","background-media":"","overlay-type":"","overlay-color":"","overlay-opacity":"","overlay-gradient":""}},"ast-content-background-meta":{"desktop":{"background-color":"var(--ast-global-color-5)","background-image":"","background-repeat":"repeat","background-position":"center center","background-size":"auto","background-attachment":"scroll","background-type":"","background-media":"","overlay-type":"","overlay-color":"","overlay-opacity":"","overlay-gradient":""},"tablet":{"background-color":"var(--ast-global-color-5)","background-image":"","background-repeat":"repeat","background-position":"center center","background-size":"auto","background-attachment":"scroll","background-type":"","background-media":"","overlay-type":"","overlay-color":"","overlay-opacity":"","overlay-gradient":""},"mobile":{"background-color":"var(--ast-global-color-5)","background-image":"","background-repeat":"repeat","background-position":"center center","background-size":"auto","background-attachment":"scroll","background-type":"","background-media":"","overlay-type":"","overlay-color":"","overlay-opacity":"","overlay-gradient":""}},"footnotes":""},"class_list":["post-299","page","type-page","status-publish","hentry"],"post_mailing_queue_ids":[],"_links":{"self":[{"href":"https:\/\/agora.xtec.cat\/ceip-espriu-bdn\/wp-json\/wp\/v2\/pages\/299","targetHints":{"allow":["GET"]}}],"collection":[{"href":"https:\/\/agora.xtec.cat\/ceip-espriu-bdn\/wp-json\/wp\/v2\/pages"}],"about":[{"href":"https:\/\/agora.xtec.cat\/ceip-espriu-bdn\/wp-json\/wp\/v2\/types\/page"}],"author":[{"embeddable":true,"href":"https:\/\/agora.xtec.cat\/ceip-espriu-bdn\/wp-json\/wp\/v2\/users\/3"}],"replies":[{"embeddable":true,"href":"https:\/\/agora.xtec.cat\/ceip-espriu-bdn\/wp-json\/wp\/v2\/comments?post=299"}],"version-history":[{"count":7,"href":"https:\/\/agora.xtec.cat\/ceip-espriu-bdn\/wp-json\/wp\/v2\/pages\/299\/revisions"}],"predecessor-version":[{"id":6845,"href":"https:\/\/agora.xtec.cat\/ceip-espriu-bdn\/wp-json\/wp\/v2\/pages\/299\/revisions\/6845"}],"up":[{"embeddable":true,"href":"https:\/\/agora.xtec.cat\/ceip-espriu-bdn\/wp-json\/wp\/v2\/pages\/64"}],"wp:attachment":[{"href":"https:\/\/agora.xtec.cat\/ceip-espriu-bdn\/wp-json\/wp\/v2\/media?parent=299"}],"curies":[{"name":"wp","href":"https:\/\/api.w.org\/{rel}","templated":true}]}}