{"id":263,"date":"2016-01-18T09:27:54","date_gmt":"2016-01-18T08:27:54","guid":{"rendered":"http:\/\/agora.xtec.cat\/ceip-espriu-bdn\/?page_id=263"},"modified":"2016-01-22T12:03:48","modified_gmt":"2016-01-22T11:03:48","slug":"treball-per-ambients-racons-tallers-i-projectes","status":"publish","type":"page","link":"https:\/\/agora.xtec.cat\/ceip-espriu-bdn\/projecte-educatiu\/treball-per-ambients-racons-tallers-i-projectes\/","title":{"rendered":"Treball per ambients"},"content":{"rendered":"<p><span class=\"Estilo1\"><strong>A la nostra escola treballem per ambients, racons, tallers i projectes.<\/strong><\/span><\/p>\n<p class=\"Estilo2\">A l\u2019escola estem treballant per variar la metodologia que fem servir per educar els infants. Estem decidits a donar als nens i les nenes una educaci\u00f3 que promogui h\u00e0bits de treball i normes de conviv\u00e8ncia i que els doti d\u2019eines adequades.<\/p>\n<p class=\"Estilo2\">Volem fer-los gaudir d\u2019espais propicis al seu creixement personal i intel\u00b7lectual. Volem cobrir les seves necessitats d\u2019autonomia, d\u2019exploraci\u00f3, de protecci\u00f3, de seguretat, d\u2019autoregulaci\u00f3, de temps, de pertinen\u00e7a, de vincle, de reconeixement, d\u2019estimaci\u00f3.<\/p>\n<p><span class=\"Estilo2\">Volem orientar la pr\u00e0ctica educativa cap a l\u2019autonomia de l\u2019alumnat, la reflexi\u00f3 i la col\u00b7laboraci\u00f3. Estem iniciant una nova manera de fer classe i d\u2019avaluar les compet\u00e8ncies. <\/span><\/p>\n<p><span class=\"Estilo2\">Per aix\u00f2 que hem escollit i provat, al llarg dels dos darrers cursos, una nova metodologia basada en el treball per ambients a parvulari, per racons a cicle inicial, per tallers a cicle mitj\u00e0 i per projectes a cicle superior.\u00a0 Una educaci\u00f3 viva i activa, que moltes escoles ja han experimentat amb \u00e8xit, i ofereix el qu\u00e8 volem.\u00a0<\/span><\/p>\n<p><span class=\"Estilo2\">Mireu les fotos en aquests enlla\u00e7os:<\/span><\/p>\n<table border=\"0\" width=\"1000\" cellspacing=\"0\" cellpadding=\"0\">\n<tbody>\n<tr>\n<td class=\"Estilo2\" valign=\"top\" height=\"19\"><a href=\"https:\/\/plus.google.com\/photos\/117966293305540894592\/albums\/6226999879715637105\" target=\"_blank\">Fotos de l&#8217;ambient &#8220;Cos i moviment&#8221; <\/a><\/td>\n<\/tr>\n<tr>\n<td class=\"Estilo2\" valign=\"top\" height=\"19\"><a href=\"https:\/\/plus.google.com\/photos\/117966293305540894592\/albums\/6227000225737686385\" target=\"_blank\">Fotos de l&#8217;ambient &#8220;Llum i color&#8221; <\/a><\/td>\n<\/tr>\n<tr>\n<td class=\"Estilo2\" valign=\"top\" height=\"30\"><a href=\"https:\/\/plus.google.com\/photos\/117966293305540894592\/albums\/6227001036427983553\" target=\"_blank\">Fotos de l&#8217;ambient &#8220;Tot Sona&#8221;<\/a><\/td>\n<\/tr>\n<tr>\n<td class=\"Estilo2\" valign=\"top\" height=\"26\"><a href=\"https:\/\/plus.google.com\/photos\/117966293305540894592\/albums\/6227001475661711089\" target=\"_blank\">Fotos de l&#8217;ambient &#8220;Comunicaci\u00f3&#8221; <\/a><\/td>\n<\/tr>\n<tr>\n<td class=\"Estilo2\" valign=\"top\" height=\"17\"><a href=\"https:\/\/plus.google.com\/photos\/117966293305540894592\/albums\/6227002431129144113\" target=\"_blank\">Fotos de l&#8217;ambient &#8220;Art\u00edstic&#8221;<\/a><\/td>\n<\/tr>\n<tr>\n<td class=\"Estilo2\" valign=\"top\" height=\"19\"><a href=\"https:\/\/plus.google.com\/photos\/117966293305540894592\/albums\/6227003667830835409\" target=\"_blank\">Fotos de l&#8217;ambient &#8220;Formes i n\u00fameros&#8221;<\/a><\/td>\n<\/tr>\n<tr>\n<td class=\"Estilo2\" valign=\"top\" height=\"11\"><a href=\"https:\/\/plus.google.com\/photos\/117966293305540894592\/albums\/6227004520913041857\" target=\"_blank\">Fotos de l&#8217;ambient &#8220;Experimenta&#8221;<\/a><\/td>\n<\/tr>\n<\/tbody>\n<\/table>\n<p class=\"Estilo2\">Havent vist aquestes fotos digueu-nos, amb la m\u00e0 al cor, si hi heu vist els nostres futurs arquitectes, enginyeres, escultors, lampistes, metges, paletes, mestres, dissenyadores, infermers, electricistes, manyans, mec\u00e0niques, cient\u00edfics, qu\u00edmiques, bi\u00f2legs, sastres, dibuixantes o policies&#8230; nosaltres s\u00ed.<\/p>\n<p>&nbsp;<\/p>\n<p>&nbsp;<\/p>\n<p>&nbsp;<\/p>\n","protected":false},"excerpt":{"rendered":"<p>A la nostra escola treballem per ambients, racons, tallers i projectes. A l\u2019escola estem treballant per variar la metodologia que fem servir per educar els infants. Estem decidits a donar als nens i les nenes una educaci\u00f3 que promogui h\u00e0bits de treball i normes de conviv\u00e8ncia i que els doti d\u2019eines adequades. Volem fer-los gaudir [&hellip;]<\/p>\n","protected":false},"author":3,"featured_media":0,"parent":64,"menu_order":0,"comment_status":"closed","ping_status":"closed","template":"page-templates\/side-menu.php","meta":{"_bbp_topic_count":0,"_bbp_reply_count":0,"_bbp_total_topic_count":0,"_bbp_total_reply_count":0,"_bbp_voice_count":0,"_bbp_anonymous_reply_count":0,"_bbp_topic_count_hidden":0,"_bbp_reply_count_hidden":0,"_bbp_forum_subforum_count":0,"site-sidebar-layout":"default","site-content-layout":"","ast-site-content-layout":"","site-content-style":"default","site-sidebar-style":"default","ast-global-header-display":"","ast-banner-title-visibility":"","ast-main-header-display":"","ast-hfb-above-header-display":"","ast-hfb-below-header-display":"","ast-hfb-mobile-header-display":"","site-post-title":"","ast-breadcrumbs-content":"","ast-featured-img":"","footer-sml-layout":"","theme-transparent-header-meta":"","adv-header-id-meta":"","stick-header-meta":"","header-above-stick-meta":"","header-main-stick-meta":"","header-below-stick-meta":"","astra-migrate-meta-layouts":"default","ast-page-background-enabled":"default","ast-page-background-meta":{"desktop":{"background-color":"var(--ast-global-color-4)","background-image":"","background-repeat":"repeat","background-position":"center center","background-size":"auto","background-attachment":"scroll","background-type":"","background-media":"","overlay-type":"","overlay-color":"","overlay-opacity":"","overlay-gradient":""},"tablet":{"background-color":"","background-image":"","background-repeat":"repeat","background-position":"center center","background-size":"auto","background-attachment":"scroll","background-type":"","background-media":"","overlay-type":"","overlay-color":"","overlay-opacity":"","overlay-gradient":""},"mobile":{"background-color":"","background-image":"","background-repeat":"repeat","background-position":"center center","background-size":"auto","background-attachment":"scroll","background-type":"","background-media":"","overlay-type":"","overlay-color":"","overlay-opacity":"","overlay-gradient":""}},"ast-content-background-meta":{"desktop":{"background-color":"var(--ast-global-color-5)","background-image":"","background-repeat":"repeat","background-position":"center center","background-size":"auto","background-attachment":"scroll","background-type":"","background-media":"","overlay-type":"","overlay-color":"","overlay-opacity":"","overlay-gradient":""},"tablet":{"background-color":"var(--ast-global-color-5)","background-image":"","background-repeat":"repeat","background-position":"center center","background-size":"auto","background-attachment":"scroll","background-type":"","background-media":"","overlay-type":"","overlay-color":"","overlay-opacity":"","overlay-gradient":""},"mobile":{"background-color":"var(--ast-global-color-5)","background-image":"","background-repeat":"repeat","background-position":"center center","background-size":"auto","background-attachment":"scroll","background-type":"","background-media":"","overlay-type":"","overlay-color":"","overlay-opacity":"","overlay-gradient":""}},"footnotes":""},"class_list":["post-263","page","type-page","status-publish","hentry"],"post_mailing_queue_ids":[],"_links":{"self":[{"href":"https:\/\/agora.xtec.cat\/ceip-espriu-bdn\/wp-json\/wp\/v2\/pages\/263","targetHints":{"allow":["GET"]}}],"collection":[{"href":"https:\/\/agora.xtec.cat\/ceip-espriu-bdn\/wp-json\/wp\/v2\/pages"}],"about":[{"href":"https:\/\/agora.xtec.cat\/ceip-espriu-bdn\/wp-json\/wp\/v2\/types\/page"}],"author":[{"embeddable":true,"href":"https:\/\/agora.xtec.cat\/ceip-espriu-bdn\/wp-json\/wp\/v2\/users\/3"}],"replies":[{"embeddable":true,"href":"https:\/\/agora.xtec.cat\/ceip-espriu-bdn\/wp-json\/wp\/v2\/comments?post=263"}],"version-history":[{"count":4,"href":"https:\/\/agora.xtec.cat\/ceip-espriu-bdn\/wp-json\/wp\/v2\/pages\/263\/revisions"}],"predecessor-version":[{"id":332,"href":"https:\/\/agora.xtec.cat\/ceip-espriu-bdn\/wp-json\/wp\/v2\/pages\/263\/revisions\/332"}],"up":[{"embeddable":true,"href":"https:\/\/agora.xtec.cat\/ceip-espriu-bdn\/wp-json\/wp\/v2\/pages\/64"}],"wp:attachment":[{"href":"https:\/\/agora.xtec.cat\/ceip-espriu-bdn\/wp-json\/wp\/v2\/media?parent=263"}],"curies":[{"name":"wp","href":"https:\/\/api.w.org\/{rel}","templated":true}]}}