{"id":10613,"date":"2020-01-09T20:23:40","date_gmt":"2020-01-09T19:23:40","guid":{"rendered":"http:\/\/agora.xtec.cat\/ceip-espai3-sjdespi\/?page_id=10613"},"modified":"2023-11-14T16:24:09","modified_gmt":"2023-11-14T15:24:09","slug":"lescola-espai-3-membre-de-les-escoles-asociades-a-lunesco","status":"publish","type":"page","link":"https:\/\/agora.xtec.cat\/ceip-espai3-sjdespi\/lescola-espai-3-membre-de-les-escoles-asociades-a-lunesco\/","title":{"rendered":"Escola Asociada a la UNESCO"},"content":{"rendered":"<p>El nostre centre ha estat seleccionat per formar part de les escoles associades a la xarxa d\u2019escoles de la UNESCO. Aquest \u00e9s un reconeixement a la traject\u00f2ria de comprom\u00eds amb els valors de la UNESCO i a la implicaci\u00f3 en els projectes pels objectius sostenibles de l\u2019agenda 2030.<\/p>\n<p>Formar \u00a0ciutadans compromesos en la millora de la nostra societat \u00e9s un dels objectius del nostre projecte educatiu.<\/p>\n<p><a href=\"https:\/\/agora.xtec.cat\/ceip-espai3-sjdespi\/wp-content\/uploads\/usu243\/2020\/01\/7CEAE122-9411-451B-B65F-9CBEF224E92C.png\"><img loading=\"lazy\" decoding=\"async\" class=\"alignnone size-large wp-image-10614\" src=\"https:\/\/agora.xtec.cat\/ceip-espai3-sjdespi\/wp-content\/uploads\/usu243\/2020\/01\/7CEAE122-9411-451B-B65F-9CBEF224E92C-1024x535.png\" alt=\"\" width=\"1024\" height=\"535\" srcset=\"https:\/\/agora.xtec.cat\/ceip-espai3-sjdespi\/wp-content\/uploads\/usu243\/2020\/01\/7CEAE122-9411-451B-B65F-9CBEF224E92C.png 1024w, https:\/\/agora.xtec.cat\/ceip-espai3-sjdespi\/wp-content\/uploads\/usu243\/2020\/01\/7CEAE122-9411-451B-B65F-9CBEF224E92C-300x157.png 300w, https:\/\/agora.xtec.cat\/ceip-espai3-sjdespi\/wp-content\/uploads\/usu243\/2020\/01\/7CEAE122-9411-451B-B65F-9CBEF224E92C-768x401.png 768w\" sizes=\"auto, (max-width: 1024px) 100vw, 1024px\" \/><\/a><\/p>\n","protected":false},"excerpt":{"rendered":"<p>El nostre centre ha estat seleccionat per formar part de les escoles associades a la xarxa d\u2019escoles de la UNESCO. Aquest \u00e9s un reconeixement a la traject\u00f2ria de comprom\u00eds amb els valors de la UNESCO i a la implicaci\u00f3 en els projectes pels objectius sostenibles&hellip;  <a href=\"https:\/\/agora.xtec.cat\/ceip-espai3-sjdespi\/lescola-espai-3-membre-de-les-escoles-asociades-a-lunesco\/\" title=\"Read Escola Asociada a la UNESCO\">Llegeix m\u00e9s\u00bb<\/a><\/p>\n","protected":false},"author":1,"featured_media":0,"parent":0,"menu_order":0,"comment_status":"closed","ping_status":"closed","template":"","meta":{"_bbp_topic_count":0,"_bbp_reply_count":0,"_bbp_total_topic_count":0,"_bbp_total_reply_count":0,"_bbp_voice_count":0,"_bbp_anonymous_reply_count":0,"_bbp_topic_count_hidden":0,"_bbp_reply_count_hidden":0,"_bbp_forum_subforum_count":0,"footnotes":""},"class_list":["post-10613","page","type-page","status-publish","hentry"],"post_mailing_queue_ids":[],"_links":{"self":[{"href":"https:\/\/agora.xtec.cat\/ceip-espai3-sjdespi\/wp-json\/wp\/v2\/pages\/10613","targetHints":{"allow":["GET"]}}],"collection":[{"href":"https:\/\/agora.xtec.cat\/ceip-espai3-sjdespi\/wp-json\/wp\/v2\/pages"}],"about":[{"href":"https:\/\/agora.xtec.cat\/ceip-espai3-sjdespi\/wp-json\/wp\/v2\/types\/page"}],"author":[{"embeddable":true,"href":"https:\/\/agora.xtec.cat\/ceip-espai3-sjdespi\/wp-json\/wp\/v2\/users\/1"}],"replies":[{"embeddable":true,"href":"https:\/\/agora.xtec.cat\/ceip-espai3-sjdespi\/wp-json\/wp\/v2\/comments?post=10613"}],"version-history":[{"count":2,"href":"https:\/\/agora.xtec.cat\/ceip-espai3-sjdespi\/wp-json\/wp\/v2\/pages\/10613\/revisions"}],"predecessor-version":[{"id":11703,"href":"https:\/\/agora.xtec.cat\/ceip-espai3-sjdespi\/wp-json\/wp\/v2\/pages\/10613\/revisions\/11703"}],"wp:attachment":[{"href":"https:\/\/agora.xtec.cat\/ceip-espai3-sjdespi\/wp-json\/wp\/v2\/media?parent=10613"}],"curies":[{"name":"wp","href":"https:\/\/api.w.org\/{rel}","templated":true}]}}

<p>El nostre centre ha estat seleccionat per formar part de les escoles associades a la xarxa d’escoles de la UNESCO. Aquest és un reconeixement a la trajectòria de compromís amb els valors de la UNESCO i a la implicació en els projectes pels objectius sostenibles de l’agenda 2030.</p>
<p>Formar  ciutadans compromesos en la millora de la nostra societat és un dels objectius del nostre projecte educatiu.</p>
<p><a href="https://agora.xtec.cat/ceip-espai3-sjdespi/wp-content/uploads/usu243/2020/01/7CEAE122-9411-451B-B65F-9CBEF224E92C.png"><img loading="lazy" decoding="async" class="alignnone size-large wp-image-10614" src="https://agora.xtec.cat/ceip-espai3-sjdespi/wp-content/uploads/usu243/2020/01/7CEAE122-9411-451B-B65F-9CBEF224E92C-1024x535.png" alt="" width="1024" height="535" srcset="https://agora.xtec.cat/ceip-espai3-sjdespi/wp-content/uploads/usu243/2020/01/7CEAE122-9411-451B-B65F-9CBEF224E92C.png 1024w, https://agora.xtec.cat/ceip-espai3-sjdespi/wp-content/uploads/usu243/2020/01/7CEAE122-9411-451B-B65F-9CBEF224E92C-300x157.png 300w, https://agora.xtec.cat/ceip-espai3-sjdespi/wp-content/uploads/usu243/2020/01/7CEAE122-9411-451B-B65F-9CBEF224E92C-768x401.png 768w" sizes="auto, (max-width: 1024px) 100vw, 1024px" /></a></p>

<p>El nostre centre ha estat seleccionat per formar part de les escoles associades a la xarxa d’escoles de la UNESCO. Aquest és un reconeixement a la trajectòria de compromís amb els valors de la UNESCO i a la implicació en els projectes pels objectius sostenibles&hellip;  <a href="https://agora.xtec.cat/ceip-espai3-sjdespi/lescola-espai-3-membre-de-les-escoles-asociades-a-lunesco/" title="Read Escola Asociada a la UNESCO">Llegeix més»</a></p>
