{"id":1522,"date":"2012-11-13T12:11:42","date_gmt":"2012-11-13T11:11:42","guid":{"rendered":"http:\/\/esjep.cat\/wp\/2012\/11\/13\/normes-de-l-escola\/"},"modified":"2022-09-30T14:43:00","modified_gmt":"2022-09-30T12:43:00","slug":"normes-de-l-escola","status":"publish","type":"page","link":"https:\/\/agora.xtec.cat\/ceip-esjep\/lescola\/normes-de-l-escola\/","title":{"rendered":"Normes de l&#8217;escola"},"content":{"rendered":"<h3>Normes d&#8217;Organitzaci\u00f3 i Funcionament de Centre<\/h3>\n<p>L&#8217;escola t\u00e9 unes NOFC que recullen tots els aspectes que regulen el funcionament i l&#8217;organitzaci\u00f3 de l&#8217;escola. Estan organitzades en 5 apartats o T\u00edtols diferents. En aquests moments, \u00e9s un document en revisi\u00f3, per tal que sigui coherent la legalitat actual.<\/p>\n<p style=\"text-align: center;\"><a href=\"https:\/\/drive.google.com\/file\/d\/13FrtLtr9bqmetLls1aqkbhi8JQS7pUoF\/view?usp=sharing\" target=\"_blank\" rel=\"noopener\"><span style=\"color: #008080;\"><strong>NOFC ESJEP<\/strong><\/span><\/a><\/p>\n<p>&nbsp;<\/p>\n<h3>Carta de comprom\u00eds<\/h3>\n<blockquote><p>&#8220;La carta de comprom\u00eds educatiu formalitza la coresponsabilitat entre el centre educatiu i les fam\u00edlies per dur a terme una acci\u00f3 coherent i coordinada en el desenvolupament personal, acad\u00e8mic i social de cada infant i jove. La carta de comprom\u00eds educatiu \u00e9s l\u2019instrument que estableix el marc de comunicaci\u00f3 en qu\u00e8 s\u00f3n possibles les aliances i complicitats entre la fam\u00edlia i el centre.<br \/>\nCada centre ha de concretar la seva carta de comprom\u00eds educatiu, respectant els drets i llibertats fonamentals que es preveuen en la legislaci\u00f3 vigent ( Llei 12\/2009, de 10 de juliol, d\u2019educaci\u00f3 i el Decret 10\/2010, art. 7.4).<\/p>\n<p>Els centres han de formular els continguts de la carta segons els principis, objectius, criteris i valors del seu projecte educatiu\u201d.<\/p>\n<p style=\"text-align: center;\"><strong><span style=\"color: #008080;\"><a style=\"color: #008080;\" href=\"http:\/\/agora.xtec.cat\/ceip-esjep\/lescola\/normes-de-l-escola\/attachment\/carta-de-compromis-educatiu\/\" rel=\"attachment wp-att-3409\">C<span style=\"font-size: 14pt;\">arta de comprom\u00eds educatiu<\/span><\/a><span style=\"font-size: 14pt;\"> ESCOLA SANT JOSEP-EL PI<\/span><\/span><\/strong><\/p>\n<\/blockquote>\n<h3>Algunes de les normes principals de l&#8217;escola:<\/h3>\n<h3><span style=\"font-size: 18pt;\">Puntualitat<\/span><\/h3>\n<p>La puntualitat \u00e9s un valor d&#8217;educaci\u00f3 que compartim fam\u00edlia i escola. Us demanem que sigueu rigorosos amb els horaris d\u2019entrada i de sortida. \u00c9s important que els nostre alumnat adquireixi aquest h\u00e0bit de conviv\u00e8ncia.<\/p>\n<p>&nbsp;<\/p>\n<p>Les abs\u00e8ncies s\u2019han de justificar per escrit a l&#8217;Agenda per Ed. Prim\u00e0ria i a la Llibreta Viatgera per Ed. Infantil, obligat\u00f2riament. En cas de no fer-ho, es considerar\u00e0 com a falta injustificada.<\/p>\n<h3><span style=\"font-size: 18pt;\">Lliurament de l&#8217;alumnat<\/span><\/h3>\n<p>Si un alumne es posa malalt s\u2019avisar\u00e0 a la fam\u00edlia per a que el vinguin a recollir.<\/p>\n<p>Si es produeix un accident que necessita assist\u00e8ncia m\u00e8dica es trucar\u00e0 a la fam\u00edlia. En cas de gravetat, es trucar\u00e0 a 112.<\/p>\n<p class=\"text-alert\"><span style=\"color: #000000; font-size: 18pt;\"><strong>No s\u2019han de portar els nens\/es<\/strong> <\/span>a l\u2019escola, per risc de contagi, en els seg\u00fcents casos :<\/p>\n<ul>\n<li>En cas de simptomatologia compatible amb la COVID-19.<\/li>\n<li>En cas d&#8217;estar a l&#8217;espera d&#8217;una prova PCR.<\/li>\n<li>EN cas de ser contacte estret amb un cas positiu de PCR.<\/li>\n<li>Febre en les \u00faltimes 24 hores.<\/li>\n<li>Descomposici\u00f3 intestinal<\/li>\n<li>Infeccions o nafres disseminades a la boca<\/li>\n<li>Erupcions i altres alteracions de la pell (excepte si es porta un informe del pediatra confirmant que no \u00e9s contagi\u00f3s)<\/li>\n<li>Conjuntivitis<\/li>\n<li>Cucs intestinals<\/li>\n<li>Polls<\/li>\n<\/ul>\n<p>Quan un infant hagi de prendre una medicaci\u00f3, en horari lectiu, la fam\u00edlia ha de lliurar l&#8217;autoritzaci\u00f3 signada a la tutoria, on s\u2019especifiqui\u00a0 horari i dosi del medicament, aix\u00ed com recepte o informe m\u00e8dica. Podeu trobar un model a l&#8217;apartat Secretaria Digital.<\/p>\n<p class=\"text-info\"><strong> Nota:<\/strong> No oblideu posar el nom del vostre fill o filla al medicament.<\/p>\n<hr \/>\n<h3><span style=\"color: #339966;\">L&#8217;escola informa<\/span><\/h3>\n<p>Les fam\u00edlies que venen a recollir el seu fill o filla hauran d\u2019anar a les respectives portes d\u2019entrada i sortida.<\/p>\n<p>En cas que la persona que vingui a recollir el nen o la nena no sigui el pare o la mare, ser\u00e0 imprescindible que la fam\u00edlia signi una autoritzaci\u00f3 pr\u00e8via. En cas contrari no se\u2019ls deixar\u00e0 sortir.<\/p>\n<ul>\n<li>Els alumnes dels <strong>Cicles Mitj\u00e0 i Superior de Prim\u00e0ria<\/strong> que marxen sols a casa, han de portar signat, pel seu pare o mare, l&#8217;autoritzaci\u00f3 pertinent que trobareu a l&#8217;apartat Secret\u00e0ria Digital.<\/li>\n<li>L&#8217;escola enviar\u00e0 tota la informaci\u00f3 a trav\u00e9s de l&#8217;App Dinantia.<\/li>\n<li>Tamb\u00e9 trobareu informaci\u00f3 al taulell d\u2019anuncis (exterior) de l\u2019escola i a la web del centre.<\/li>\n<\/ul>\n<hr \/>\n<p>&nbsp;<\/p>\n","protected":false},"excerpt":{"rendered":"<p>Normes d&#8217;Organitzaci\u00f3 i Funcionament de Centre<br \/>\nL&#8217;escola t\u00e9 unes NOFC que recullen tots els aspectes que regulen el funcionament i l&#8217;organitzaci\u00f3 de l&#8217;escola. Estan organitzades en 5 apartats o T\u00edtols diferents. En aquests moments, \u00e9s un document en revisi\u00f3, per tal que sigui coherent la legalitat&hellip;  <a href=\"https:\/\/agora.xtec.cat\/ceip-esjep\/lescola\/normes-de-l-escola\/\" title=\"Read Normes de l&#8217;escola\">Llegeix m\u00e9s\u00bb<\/a><\/p>\n","protected":false},"author":1,"featured_media":0,"parent":22,"menu_order":6,"comment_status":"closed","ping_status":"closed","template":"page-templates\/side-menu.php","meta":{"_bbp_topic_count":0,"_bbp_reply_count":0,"_bbp_total_topic_count":0,"_bbp_total_reply_count":0,"_bbp_voice_count":0,"_bbp_anonymous_reply_count":0,"_bbp_topic_count_hidden":0,"_bbp_reply_count_hidden":0,"_bbp_forum_subforum_count":0,"footnotes":""},"class_list":["post-1522","page","type-page","status-publish","hentry"],"post_mailing_queue_ids":[],"_links":{"self":[{"href":"https:\/\/agora.xtec.cat\/ceip-esjep\/wp-json\/wp\/v2\/pages\/1522","targetHints":{"allow":["GET"]}}],"collection":[{"href":"https:\/\/agora.xtec.cat\/ceip-esjep\/wp-json\/wp\/v2\/pages"}],"about":[{"href":"https:\/\/agora.xtec.cat\/ceip-esjep\/wp-json\/wp\/v2\/types\/page"}],"author":[{"embeddable":true,"href":"https:\/\/agora.xtec.cat\/ceip-esjep\/wp-json\/wp\/v2\/users\/1"}],"replies":[{"embeddable":true,"href":"https:\/\/agora.xtec.cat\/ceip-esjep\/wp-json\/wp\/v2\/comments?post=1522"}],"version-history":[{"count":4,"href":"https:\/\/agora.xtec.cat\/ceip-esjep\/wp-json\/wp\/v2\/pages\/1522\/revisions"}],"predecessor-version":[{"id":2567,"href":"https:\/\/agora.xtec.cat\/ceip-esjep\/wp-json\/wp\/v2\/pages\/1522\/revisions\/2567"}],"up":[{"embeddable":true,"href":"https:\/\/agora.xtec.cat\/ceip-esjep\/wp-json\/wp\/v2\/pages\/22"}],"wp:attachment":[{"href":"https:\/\/agora.xtec.cat\/ceip-esjep\/wp-json\/wp\/v2\/media?parent=1522"}],"curies":[{"name":"wp","href":"https:\/\/api.w.org\/{rel}","templated":true}]}}