{"id":1519,"date":"2012-11-13T11:45:26","date_gmt":"2012-11-13T11:45:26","guid":{"rendered":"http:\/\/esjep.cat\/wp\/2012\/11\/13\/horaris\/"},"modified":"2024-10-14T10:41:38","modified_gmt":"2024-10-14T08:41:38","slug":"horaris","status":"publish","type":"page","link":"https:\/\/agora.xtec.cat\/ceip-esjep\/lescola\/horaris\/","title":{"rendered":"Horaris"},"content":{"rendered":"<h4>Horaris de classe<\/h4>\n<p><strong>Mat\u00ed:<\/strong> de 9:00h a 12:30h &#8211;\u00a0<strong>Tarda:<\/strong> de 15:00h a 16:30h<\/p>\n<p>Nota: Les classes comencen el dia 14 de setembre (juntament amb el servei d&#8217;acollida i de menjador).<\/p>\n<p>El dia 20 de desembre hi ha jornada intensiva de 9:00 a 13:00h. Tamb\u00e9 hi ha jornada intensiva els darrers dies de curs, del 10 al 20\u00a0 de juny.<\/p>\n<p>Els nens i les nenes de P3 tenen un horari especial d\u2019adaptaci\u00f3 durant la primera setmana.<\/p>\n<hr \/>\n<h4>Torns de pati<\/h4>\n<p><span style=\"font-family: helvetica, arial, sans-serif; color: #333333;\"><strong>1r torn de pati:<\/strong> de 10:30h a 11h, Educaci\u00f3 Infantil<\/span><\/p>\n<p><span style=\"font-family: helvetica, arial, sans-serif; color: #333333;\"><strong>2n torn de pati:<\/strong> de 11h a 11:30 , Educaci\u00f3 Prim\u00e0ria\u00a0<\/span><\/p>\n<hr \/>\n<h4>Direcci\u00f3 ( amb cita pr\u00e8via)<\/h4>\n<p>Dilluns de 9h a 10h<\/p>\n<p><span style=\"font-family: helvetica, arial, sans-serif; color: #333333;\">Dimecres de 15:30 h a 16:30h<\/span><\/p>\n<h4>Cap d&#8217;Estudis (amb cita pr\u00e8via)<\/h4>\n<p><span style=\"font-family: helvetica, arial, sans-serif; color: #333333;\">Dimarts i dijous: de 9:30h a 10:30h<\/span><\/p>\n<h4>Secretaria<\/h4>\n<p><span style=\"font-family: helvetica, arial, sans-serif; color: #333333;\">Dilluns i dimecres de 9 a 10h\u00a0<\/span><\/p>\n<h4>Administraci\u00f3<\/h4>\n<p><span style=\"font-family: helvetica, arial, sans-serif; color: #333333;\">Dilluns i dijous de 9 a 10:30h\u00a0<\/span><\/p>\n<p>Tardes a partir de l&#8217;octubre<\/p>\n<p>&nbsp;<\/p>\n<p>&nbsp;<\/p>\n<hr \/>\n<p>&nbsp;<\/p>\n<h4>Menjador<\/h4>\n<p><span style=\"font-family: helvetica, arial, sans-serif; color: #333333;\">De 12:30h a 15:00h. El servei s&#8217;inicia el dia 9 de setembre.<\/span><\/p>\n<hr \/>\n<h4>Acollida<\/h4>\n<p><span style=\"font-family: helvetica, arial, sans-serif; color: #333333;\">Mat\u00ed (SAM): de 8:00h a 9:00h\u00a0<\/span><\/p>\n<p><span style=\"font-family: helvetica, arial, sans-serif; color: #333333;\">Nota: El servei s&#8217;inicia el 9 de setembre.<\/span><\/p>\n<hr \/>\n<h4>Pr\u00e9stec Biblioteca<\/h4>\n<p><span style=\"color: #333333; font-family: helvetica, arial, sans-serif;\">Cada divendres, de 16,30 a 17h, la biblioteca de l&#8217;escola estar\u00e0 oberta a alumnes i fam\u00edlies per poder realitzar pr\u00e8stec de llibres de lectura.<\/span><\/p>\n<p>&nbsp;<\/p>\n","protected":false},"excerpt":{"rendered":"<p>Horaris de classe<br \/>\nMat\u00ed: de 9:00h a 12:30h &#8211;\u00a0Tarda: de 15:00h a 16:30h<br \/>\nNota: Les classes comencen el dia 14 de setembre (juntament amb el servei d&#8217;acollida i de menjador).<br \/>\nEl dia 20 de desembre hi ha jornada intensiva de 9:00 a 13:00h. Tamb\u00e9 hi ha jornada intensiva&hellip;  <a href=\"https:\/\/agora.xtec.cat\/ceip-esjep\/lescola\/horaris\/\" title=\"Read Horaris\">Llegeix m\u00e9s\u00bb<\/a><\/p>\n","protected":false},"author":1,"featured_media":0,"parent":22,"menu_order":1,"comment_status":"closed","ping_status":"open","template":"page-templates\/side-menu.php","meta":{"_bbp_topic_count":0,"_bbp_reply_count":0,"_bbp_total_topic_count":0,"_bbp_total_reply_count":0,"_bbp_voice_count":0,"_bbp_anonymous_reply_count":0,"_bbp_topic_count_hidden":0,"_bbp_reply_count_hidden":0,"_bbp_forum_subforum_count":0,"footnotes":""},"class_list":["post-1519","page","type-page","status-publish","hentry"],"post_mailing_queue_ids":[],"_links":{"self":[{"href":"https:\/\/agora.xtec.cat\/ceip-esjep\/wp-json\/wp\/v2\/pages\/1519","targetHints":{"allow":["GET"]}}],"collection":[{"href":"https:\/\/agora.xtec.cat\/ceip-esjep\/wp-json\/wp\/v2\/pages"}],"about":[{"href":"https:\/\/agora.xtec.cat\/ceip-esjep\/wp-json\/wp\/v2\/types\/page"}],"author":[{"embeddable":true,"href":"https:\/\/agora.xtec.cat\/ceip-esjep\/wp-json\/wp\/v2\/users\/1"}],"replies":[{"embeddable":true,"href":"https:\/\/agora.xtec.cat\/ceip-esjep\/wp-json\/wp\/v2\/comments?post=1519"}],"version-history":[{"count":5,"href":"https:\/\/agora.xtec.cat\/ceip-esjep\/wp-json\/wp\/v2\/pages\/1519\/revisions"}],"predecessor-version":[{"id":4639,"href":"https:\/\/agora.xtec.cat\/ceip-esjep\/wp-json\/wp\/v2\/pages\/1519\/revisions\/4639"}],"up":[{"embeddable":true,"href":"https:\/\/agora.xtec.cat\/ceip-esjep\/wp-json\/wp\/v2\/pages\/22"}],"wp:attachment":[{"href":"https:\/\/agora.xtec.cat\/ceip-esjep\/wp-json\/wp\/v2\/media?parent=1519"}],"curies":[{"name":"wp","href":"https:\/\/api.w.org\/{rel}","templated":true}]}}