{"id":12339,"date":"2020-12-21T00:31:20","date_gmt":"2020-12-20T23:31:20","guid":{"rendered":"https:\/\/agora.xtec.cat\/ceip-escoladelmar\/?page_id=12339"},"modified":"2023-09-05T11:59:59","modified_gmt":"2023-09-05T09:59:59","slug":"servei-de-menjador","status":"publish","type":"page","link":"https:\/\/agora.xtec.cat\/ceip-escoladelmar\/departaments\/servei-de-menjador\/","title":{"rendered":"Menjador"},"content":{"rendered":"<div style=\"text-align: center;\">\n<ul>\n<li style=\"text-align: left;\">L\u2019escola disposa d\u2019un servei de menjador, gestionat per l\u2019<a href=\"http:\/\/www.amipa-escoladelmar.cat\/\">AFA<\/a>.<\/li>\n<li style=\"text-align: left;\">Tamb\u00e9 disposa de <strong>cuina pr\u00f2pia,\u00a0<\/strong>gestionada per <a href=\"http:\/\/www.saned.net\/\">SANED<\/a>.<\/li>\n<li style=\"text-align: left;\">Hi ha una Comissi\u00f3 de menjador, depenent del Consell Escolar, que vetlla que el menjar sigui de <strong><em>qualitat<\/em><\/strong>, que sigui de <strong><em>proximitat<\/em><\/strong>, que nom\u00e9s es faci un \u00fas espor\u00e0dic dels congelats i que s\u2019utilitzin, sempre que sigui possible, <strong><em>productes ecol\u00f2gics<\/em><\/strong>.<\/li>\n<\/ul>\n<\/div>\n","protected":false},"excerpt":{"rendered":"<ul>\n<li style=\"text-align: left;\">L\u2019escola disposa d\u2019un servei de menjador, gestionat per l\u2019<a href=\"http:\/\/www.amipa-escoladelmar.cat\/\">AFA<\/a>.<\/li>\n<li style=\"text-align: left;\">Tamb\u00e9 disposa de cuina pr\u00f2pia,\u00a0gestionada per <a href=\"http:\/\/www.saned.net\/\">SANED<\/a>.<\/li>\n<li style=\"text-align: left;\">Hi ha una Comissi\u00f3 de menjador, depenent del Consell Escolar, que vetlla que el menjar sigui de qualitat, que sigui de proximitat, que&hellip;  <a href=\"https:\/\/agora.xtec.cat\/ceip-escoladelmar\/departaments\/servei-de-menjador\/\" title=\"Read Menjador\">Llegeix m\u00e9s\u00bb<\/a><br \/>\n","protected":false},"author":1,"featured_media":0,"parent":66,"menu_order":6,"comment_status":"closed","ping_status":"closed","template":"page-templates\/side-menu.php","meta":{"_bbp_topic_count":0,"_bbp_reply_count":0,"_bbp_total_topic_count":0,"_bbp_total_reply_count":0,"_bbp_voice_count":0,"_bbp_anonymous_reply_count":0,"_bbp_topic_count_hidden":0,"_bbp_reply_count_hidden":0,"_bbp_forum_subforum_count":0,"footnotes":""},"class_list":["post-12339","page","type-page","status-publish","hentry"],"post_mailing_queue_ids":[],"_links":{"self":[{"href":"https:\/\/agora.xtec.cat\/ceip-escoladelmar\/wp-json\/wp\/v2\/pages\/12339","targetHints":{"allow":["GET"]}}],"collection":[{"href":"https:\/\/agora.xtec.cat\/ceip-escoladelmar\/wp-json\/wp\/v2\/pages"}],"about":[{"href":"https:\/\/agora.xtec.cat\/ceip-escoladelmar\/wp-json\/wp\/v2\/types\/page"}],"author":[{"embeddable":true,"href":"https:\/\/agora.xtec.cat\/ceip-escoladelmar\/wp-json\/wp\/v2\/users\/1"}],"replies":[{"embeddable":true,"href":"https:\/\/agora.xtec.cat\/ceip-escoladelmar\/wp-json\/wp\/v2\/comments?post=12339"}],"version-history":[{"count":3,"href":"https:\/\/agora.xtec.cat\/ceip-escoladelmar\/wp-json\/wp\/v2\/pages\/12339\/revisions"}],"predecessor-version":[{"id":17957,"href":"https:\/\/agora.xtec.cat\/ceip-escoladelmar\/wp-json\/wp\/v2\/pages\/12339\/revisions\/17957"}],"up":[{"embeddable":true,"href":"https:\/\/agora.xtec.cat\/ceip-escoladelmar\/wp-json\/wp\/v2\/pages\/66"}],"wp:attachment":[{"href":"https:\/\/agora.xtec.cat\/ceip-escoladelmar\/wp-json\/wp\/v2\/media?parent=12339"}],"curies":[{"name":"wp","href":"https:\/\/api.w.org\/{rel}","templated":true}]}}