{"id":891,"date":"2019-04-09T03:21:49","date_gmt":"2019-04-09T01:21:49","guid":{"rendered":"http:\/\/agora.xtec.cat\/ceip-escola-montsant-reus\/?page_id=891"},"modified":"2021-04-11T12:58:54","modified_gmt":"2021-04-11T10:58:54","slug":"suport-vital-basic","status":"publish","type":"page","link":"https:\/\/agora.xtec.cat\/ceip-escola-montsant-reus\/projectes-2\/suport-vital-basic\/","title":{"rendered":"Salut i Esport. Suport Vital B\u00e0sic"},"content":{"rendered":"<p><a href=\"https:\/\/agora.xtec.cat\/ceip-escola-montsant-reus\/wp-content\/uploads\/usu1887\/2019\/04\/1605-logo-ccr.jpg\"><img loading=\"lazy\" decoding=\"async\" class=\"wp-image-892 aligncenter\" src=\"https:\/\/agora.xtec.cat\/ceip-escola-montsant-reus\/wp-content\/uploads\/usu1887\/2019\/04\/1605-logo-ccr.jpg\" alt=\"\" width=\"510\" height=\"286\" srcset=\"https:\/\/agora.xtec.cat\/ceip-escola-montsant-reus\/wp-content\/uploads\/usu1887\/2019\/04\/1605-logo-ccr.jpg 1000w, https:\/\/agora.xtec.cat\/ceip-escola-montsant-reus\/wp-content\/uploads\/usu1887\/2019\/04\/1605-logo-ccr-300x168.jpg 300w, https:\/\/agora.xtec.cat\/ceip-escola-montsant-reus\/wp-content\/uploads\/usu1887\/2019\/04\/1605-logo-ccr-768x430.jpg 768w\" sizes=\"auto, (max-width: 510px) 100vw, 510px\" \/><\/a><\/p>\n<p>Durant el curs 18-19, l\u2019alumnat d&#8217;infantil i de prim\u00e0ria del centre va iniciar el programa educatiu de \u201cSuport Vital B\u00e0sic als Centres Educatius\u201d, que compta amb el suport\u00a0 i coordinaci\u00f3 del Departament d\u2019Educaci\u00f3 i del Consell Catal\u00e0 de Ressuscitaci\u00f3.<\/p>\n<p>L\u2019objectiu principal de l\u2019activitat \u00e9s que l&#8217;alumnat aprengui coneixements b\u00e0sics gradualment (te\u00f2rics i pr\u00e0ctics), adaptats a cada edat, relacionats amb <strong>qu\u00e8 \u00e9s, qu\u00e8 cal fer i com podem actuar davant d\u2019una situaci\u00f3 d\u2019emerg\u00e8ncia vital<\/strong>.<\/p>\n<p>La formaci\u00f3 s\u2019inicia en l\u2019alumnat d\u2019infantil i prim\u00e0ria amb un contingut b\u00e0sic, cada any, de forma progressiva, i es van afegint nous continguts i objectius (a trav\u00e9s de diverses activitats adaptades a l\u2019edat del nen\/a) per aconseguir que a cada etapa formativa es realitzi una acci\u00f3 m\u00e9s davant l\u2019aturada cardiorespirat\u00f2ria (ACR), concepte que s\u2019introdueix a cicle mitj\u00e0 i superior.<\/p>\n<p>Seria molt recomanable que els vostres fills\/es poguessin compartir amb vosaltres els seus aprenentatges i, doncs, fer-vos part\u00edcips d\u2019aquesta innovadora experi\u00e8ncia.<\/p>\n<p>L\u2019activitat estar\u00e0 dirigida pel professorat que ha adquirit la formaci\u00f3 en Suport Vital B\u00e0sic als centres educatius pel Consell Catal\u00e0 de Ressuscitaci\u00f3, que des de 2008 ha iniciat un pla pilot a les Terres de l\u2019Ebre i Tarragona, i actualment est\u00e0 introduint el programa a tot el territori catal\u00e0 amb l\u2019acceptaci\u00f3 i suport del Departament d&#8217;Educaci\u00f3. Tamb\u00e9 hi participen altres docents de l\u2019escola.<\/p>\n<p>Al finalitzar els estudis tindrem uns ciutadans conscienciats sobre la import\u00e0ncia d\u2019intervenir de forma r\u00e0pida davant d\u2019una aturada cardiorespirat\u00f2ria i, el que \u00e9s m\u00e9s important, sabran com actuar.<\/p>\n<p>A continuaci\u00f3 podeu veure els v\u00eddeos de conscienciaci\u00f3 que s&#8217;han anat fent a partir del treball amb l&#8217;alumnat de l&#8217;escola.<\/p>\n<p>&nbsp;<\/p>\n<p><iframe loading=\"lazy\" title=\"Conscienciaci\u00f3 aturada card\u00edaca. ESCOLA MONTSANT de REUS\" width=\"500\" height=\"375\" src=\"https:\/\/www.youtube.com\/embed\/FM0oFbRgpP8?feature=oembed\" frameborder=\"0\" allow=\"accelerometer; autoplay; clipboard-write; encrypted-media; gyroscope; picture-in-picture; web-share\" referrerpolicy=\"strict-origin-when-cross-origin\" allowfullscreen><\/iframe><\/p>\n<p>Les mesures COVID-19 han fet canviar la cadena de superviv\u00e8ncia del Suport Vital B\u00e0sic. Aix\u00ed l&#8217;hem treballat a l&#8217;escola. (<strong><span style=\"color: #ff0000;\">NOU V\u00cdDEO<\/span><\/strong>)<\/p>\n<p><iframe loading=\"lazy\" title=\"Suport Vital B\u00e0sic 2021\" width=\"500\" height=\"281\" src=\"https:\/\/www.youtube.com\/embed\/tp4NA5YLP5I?feature=oembed\" frameborder=\"0\" allow=\"accelerometer; autoplay; clipboard-write; encrypted-media; gyroscope; picture-in-picture; web-share\" referrerpolicy=\"strict-origin-when-cross-origin\" allowfullscreen><\/iframe><\/p>\n<p>&nbsp;<\/p>\n","protected":false},"excerpt":{"rendered":"<p><a href=\"https:\/\/agora.xtec.cat\/ceip-escola-montsant-reus\/wp-content\/uploads\/usu1887\/2019\/04\/1605-logo-ccr.jpg\"><\/a><br \/>\nDurant el curs 18-19, l\u2019alumnat d&#8217;infantil i de prim\u00e0ria del centre va iniciar el programa educatiu de \u201cSuport Vital B\u00e0sic als Centres Educatius\u201d, que compta amb el suport\u00a0 i coordinaci\u00f3 del Departament d\u2019Educaci\u00f3 i del Consell Catal\u00e0 de Ressuscitaci\u00f3.<br \/>\nL\u2019objectiu principal de l\u2019activitat \u00e9s que&hellip;  <a href=\"https:\/\/agora.xtec.cat\/ceip-escola-montsant-reus\/projectes-2\/suport-vital-basic\/\" title=\"Read Salut i Esport. Suport Vital B\u00e0sic\">Llegeix m\u00e9s\u00bb<\/a><\/p>\n","protected":false},"author":1,"featured_media":0,"parent":64,"menu_order":62,"comment_status":"closed","ping_status":"closed","template":"page-templates\/side-menu.php","meta":{"_bbp_topic_count":0,"_bbp_reply_count":0,"_bbp_total_topic_count":0,"_bbp_total_reply_count":0,"_bbp_voice_count":0,"_bbp_anonymous_reply_count":0,"_bbp_topic_count_hidden":0,"_bbp_reply_count_hidden":0,"_bbp_forum_subforum_count":0,"footnotes":""},"class_list":["post-891","page","type-page","status-publish","hentry"],"post_mailing_queue_ids":[],"_links":{"self":[{"href":"https:\/\/agora.xtec.cat\/ceip-escola-montsant-reus\/wp-json\/wp\/v2\/pages\/891","targetHints":{"allow":["GET"]}}],"collection":[{"href":"https:\/\/agora.xtec.cat\/ceip-escola-montsant-reus\/wp-json\/wp\/v2\/pages"}],"about":[{"href":"https:\/\/agora.xtec.cat\/ceip-escola-montsant-reus\/wp-json\/wp\/v2\/types\/page"}],"author":[{"embeddable":true,"href":"https:\/\/agora.xtec.cat\/ceip-escola-montsant-reus\/wp-json\/wp\/v2\/users\/1"}],"replies":[{"embeddable":true,"href":"https:\/\/agora.xtec.cat\/ceip-escola-montsant-reus\/wp-json\/wp\/v2\/comments?post=891"}],"version-history":[{"count":3,"href":"https:\/\/agora.xtec.cat\/ceip-escola-montsant-reus\/wp-json\/wp\/v2\/pages\/891\/revisions"}],"predecessor-version":[{"id":2718,"href":"https:\/\/agora.xtec.cat\/ceip-escola-montsant-reus\/wp-json\/wp\/v2\/pages\/891\/revisions\/2718"}],"up":[{"embeddable":true,"href":"https:\/\/agora.xtec.cat\/ceip-escola-montsant-reus\/wp-json\/wp\/v2\/pages\/64"}],"wp:attachment":[{"href":"https:\/\/agora.xtec.cat\/ceip-escola-montsant-reus\/wp-json\/wp\/v2\/media?parent=891"}],"curies":[{"name":"wp","href":"https:\/\/api.w.org\/{rel}","templated":true}]}}