{"id":84,"date":"2014-09-18T14:11:31","date_gmt":"2014-09-18T13:11:31","guid":{"rendered":"http:\/\/agora.xtec.cat\/ceip-escola-montsant-reus\/?page_id=84"},"modified":"2025-10-05T19:57:40","modified_gmt":"2025-10-05T17:57:40","slug":"activitats-extraescolars","status":"publish","type":"page","link":"https:\/\/agora.xtec.cat\/ceip-escola-montsant-reus\/ampa\/serveis-ampa\/activitats-extraescolars\/","title":{"rendered":"Activitats extraescolars"},"content":{"rendered":"<p><span style=\"font-weight: 400;\">Des de l\u2019AFA Montsant us donem les gr\u00e0cies per la vostra confian\u00e7a! Ens fa molta il\u00b7lusi\u00f3 compartir tantes tardes plenes d\u2019aprenentatges, creativitat i moviment, amb activitats pensades per acompanyar el creixement i les passions dels nostres infants.<\/span><\/p>\n<p><span style=\"font-weight: 400;\">Aquesta proposta d\u2019activitats extraescolars ha estat dissenyada tenint en compte els diferents interessos i necessitats dels nens i nenes de l\u2019escola. Podeu consultar les <\/span><b>activitats, horaris i preus <\/b><span style=\"font-weight: 400;\">clicant a la seg\u00fcent imatge:<\/span><\/p>\n<p><a href=\"https:\/\/drive.google.com\/file\/d\/10ghmzW0fYmh26bf9ZUhL9-32VjEutZmZ\/view?usp=sharing\"><img loading=\"lazy\" decoding=\"async\" class=\"aligncenter size-full wp-image-3564\" src=\"https:\/\/agora.xtec.cat\/ceip-escola-montsant-reus\/wp-content\/uploads\/usu1887\/2025\/07\/descripcio_click.gif\" alt=\"\" width=\"500\" height=\"500\" \/><\/a><\/p>\n<p><span style=\"font-weight: 400;\">Si ja heu realitzat la inscripci\u00f3, si us plau descarregueu i ompliu el formulari<\/span> <span style=\"font-weight: 400;\">de <\/span><b>drets d\u2019imatge<\/b><span style=\"font-weight: 400;\">. Recordeu tamb\u00e9 que cal avisar amb anticipaci\u00f3 i amb la documentaci\u00f3 corresponent si el vostre fill o la vostra filla de cinqu\u00e8 o sis\u00e8 tenen <\/span><b>perm\u00eds per sortir sols o soles<\/b><span style=\"font-weight: 400;\"> aix\u00ed com si <\/span><b>alg\u00fa els ve a recollir.<\/b><\/p>\n<p><span style=\"font-weight: 400;\">Trobareu en el seg\u00fcent enlla\u00e7 tota la documentaci\u00f3 necess\u00e0ria tant per <\/span><b>permisos <\/b><span style=\"font-weight: 400;\">com <\/span><b>drets d\u2019imatge<\/b><span style=\"font-weight: 400;\"> i ens la podeu fer arribar <\/span><b>telem\u00e0ticament o presencialment<\/b><span style=\"font-weight: 400;\">:<\/span><\/p>\n<p style=\"text-align: center;\"><a href=\"https:\/\/drive.google.com\/drive\/folders\/1_-9Q_IbcDNujw07kQ4noh89htvZd1M_-?usp=sharing\"><b><i>PERMISOS FAM\u00cdLIES EXTRAESCOLARS<\/i><\/b><\/a><\/p>\n<p><span style=\"font-weight: 400;\">Per a <\/span><b>matr\u00edcules fora de termini<\/b><span style=\"font-weight: 400;\">, poseu-vos en contacte amb nosaltres al correu electr\u00f2nic <\/span><b><i>ampamontsant@gmail.com<\/i><\/b><span style=\"font-weight: 400;\"> o presencialment en el seg\u00fcent horari d\u2019atenci\u00f3:<\/span><span style=\"font-weight: 400;\"><br \/>\n<\/span><\/p>\n<ul>\n<li style=\"font-weight: 400;\" aria-level=\"1\"><b>Dilluns<\/b><span style=\"font-weight: 400;\"> de 14:00 a 16:30 h<\/span><span style=\"font-weight: 400;\">\n<p><\/span><\/li>\n<li style=\"font-weight: 400;\" aria-level=\"1\"><b>Dimarts<\/b><span style=\"font-weight: 400;\"> de 8:30 a 13:30 h<\/span><span style=\"font-weight: 400;\">\n<p><\/span><\/li>\n<li style=\"font-weight: 400;\" aria-level=\"1\"><b>Dijous<\/b><span style=\"font-weight: 400;\"> de 14:00 a 16:30 h<\/span><span style=\"font-weight: 400;\"><br \/>\n<\/span><\/li>\n<\/ul>\n<p><span style=\"font-weight: 400;\">Com sempre, restem a la vostra disposici\u00f3 per a qualsevol dubte, proposta o suggeriment.<\/span><span style=\"font-weight: 400;\"><br \/>\n<\/span><\/p>\n<p><span style=\"font-weight: 400;\">Gr\u00e0cies per formar part d\u2019aquesta comunitat!<\/span><\/p>\n<p><b>AFA Escola Montsant<\/b><\/p>\n<p>&nbsp;<\/p>\n<p>&nbsp;<\/p>\n<p>&nbsp;<\/p>\n<p>&nbsp;<\/p>\n<p>&nbsp;<\/p>\n","protected":false},"excerpt":{"rendered":"<p>Des de l\u2019AFA Montsant us donem les gr\u00e0cies per la vostra confian\u00e7a! Ens fa molta il\u00b7lusi\u00f3 compartir tantes tardes plenes d\u2019aprenentatges, creativitat i moviment, amb activitats pensades per acompanyar el creixement i les passions dels nostres infants.<br \/>\nAquesta proposta d\u2019activitats extraescolars ha estat dissenyada tenint en&hellip;  <a href=\"https:\/\/agora.xtec.cat\/ceip-escola-montsant-reus\/ampa\/serveis-ampa\/activitats-extraescolars\/\" title=\"Read Activitats extraescolars\">Llegeix m\u00e9s\u00bb<\/a><\/p>\n","protected":false},"author":1,"featured_media":0,"parent":2185,"menu_order":60,"comment_status":"closed","ping_status":"closed","template":"page-templates\/side-menu.php","meta":{"_bbp_topic_count":0,"_bbp_reply_count":0,"_bbp_total_topic_count":0,"_bbp_total_reply_count":0,"_bbp_voice_count":0,"_bbp_anonymous_reply_count":0,"_bbp_topic_count_hidden":0,"_bbp_reply_count_hidden":0,"_bbp_forum_subforum_count":0,"footnotes":""},"class_list":["post-84","page","type-page","status-publish","hentry"],"post_mailing_queue_ids":[],"_links":{"self":[{"href":"https:\/\/agora.xtec.cat\/ceip-escola-montsant-reus\/wp-json\/wp\/v2\/pages\/84","targetHints":{"allow":["GET"]}}],"collection":[{"href":"https:\/\/agora.xtec.cat\/ceip-escola-montsant-reus\/wp-json\/wp\/v2\/pages"}],"about":[{"href":"https:\/\/agora.xtec.cat\/ceip-escola-montsant-reus\/wp-json\/wp\/v2\/types\/page"}],"author":[{"embeddable":true,"href":"https:\/\/agora.xtec.cat\/ceip-escola-montsant-reus\/wp-json\/wp\/v2\/users\/1"}],"replies":[{"embeddable":true,"href":"https:\/\/agora.xtec.cat\/ceip-escola-montsant-reus\/wp-json\/wp\/v2\/comments?post=84"}],"version-history":[{"count":6,"href":"https:\/\/agora.xtec.cat\/ceip-escola-montsant-reus\/wp-json\/wp\/v2\/pages\/84\/revisions"}],"predecessor-version":[{"id":3605,"href":"https:\/\/agora.xtec.cat\/ceip-escola-montsant-reus\/wp-json\/wp\/v2\/pages\/84\/revisions\/3605"}],"up":[{"embeddable":true,"href":"https:\/\/agora.xtec.cat\/ceip-escola-montsant-reus\/wp-json\/wp\/v2\/pages\/2185"}],"wp:attachment":[{"href":"https:\/\/agora.xtec.cat\/ceip-escola-montsant-reus\/wp-json\/wp\/v2\/media?parent=84"}],"curies":[{"name":"wp","href":"https:\/\/api.w.org\/{rel}","templated":true}]}}