{"id":703,"date":"2019-01-19T00:06:08","date_gmt":"2019-01-18T23:06:08","guid":{"rendered":"http:\/\/agora.xtec.cat\/ceip-escola-montsant-reus\/?page_id=703"},"modified":"2021-04-11T13:07:13","modified_gmt":"2021-04-11T11:07:13","slug":"apadrinem-el-nostre-patrimoni","status":"publish","type":"page","link":"https:\/\/agora.xtec.cat\/ceip-escola-montsant-reus\/projectes-2\/apadrinem-el-nostre-patrimoni\/","title":{"rendered":"Comunitat. Apadrinem el nostre patrimoni"},"content":{"rendered":"<p>&nbsp;<\/p>\n<p style=\"text-align: center;\"><a href=\"https:\/\/agora.xtec.cat\/ceip-escola-montsant-reus\/wp-content\/uploads\/usu1887\/2020\/07\/apadrinem.png\"><img loading=\"lazy\" decoding=\"async\" class=\" wp-image-2205 alignleft\" src=\"https:\/\/agora.xtec.cat\/ceip-escola-montsant-reus\/wp-content\/uploads\/usu1887\/2020\/07\/apadrinem.png\" alt=\"\" width=\"403\" height=\"228\" \/><\/a><a href=\"https:\/\/agora.xtec.cat\/ceip-escola-montsant-reus\/wp-content\/uploads\/usu1887\/2019\/04\/\u00edndice.png\"><img loading=\"lazy\" decoding=\"async\" class=\"size-full wp-image-848 aligncenter\" src=\"https:\/\/agora.xtec.cat\/ceip-escola-montsant-reus\/wp-content\/uploads\/usu1887\/2019\/04\/\u00edndice.png\" alt=\"\" width=\"215\" height=\"235\" \/><\/a><\/p>\n<p>Des del curs 2016-17 l&#8217;Escola Montsant, apadrina <em>La Pla\u00e7a del Mercadal<\/em>. Aquest projecte que es duu a terme a 6\u00e8 de prim\u00e0ria.<\/p>\n<p>El Programa es basa en la idea de l\u2019apadrinament d\u2019un element patrimonial per part del centre educatiu, la qual cosa comporta donar-li valor i aprofundir en el seu coneixement des del punt de vista cultural i, alhora, fer que aquest coneixement sigui socialment rellevant, \u00e9s a dir, que arribi a la pr\u00f2pia comunitat i a l\u2019entorn de l\u2019escola.<\/p>\n<p>Els projectes d\u2019apadrinament\u00a0<strong>promouen la dimensi\u00f3 significativa, comunicativa, d\u2019acci\u00f3 i de projecci\u00f3 de l\u2019aprenentatge<\/strong>. Aquestes quatre dimensions<strong>\u00a0permeten situar l\u2019alumne com a subjecte actiu del seu aprenentatge<\/strong>, promovent la seva implicaci\u00f3 en el territori i la societat a trav\u00e9s d\u2019un concepte de ciutadania cr\u00edtica i responsable.<\/p>\n<p>Els\u00a0<strong>objectius<\/strong>\u00a0del Programa d\u2019Apadrinem el nostre patrimoni s\u00f3n els seg\u00fcents:<\/p>\n<ul>\n<li>Afavorir la implicaci\u00f3 de l\u2019alumnat a partir d\u2019una proposta did\u00e0ctica dissenyada amb els criteris de significativitat, comunicaci\u00f3, acci\u00f3 i projecci\u00f3 del model competencial orientador.<\/li>\n<li>Promoure el coneixement del patrimoni m\u00e9s proper al centre educatiu.<\/li>\n<li>Projectar el coneixement adquirit per l\u2019alumnat sobre l\u2019element patrimonial a la pr\u00f2pia comunitat i a l\u2019entorn<\/li>\n<\/ul>\n<p>Durant el<b> curs 2018-19, <\/b>l&#8217;escola passa a formar part de la Xarxa de Compet\u00e8ncies B\u00e0siques XCBT_12 \u00a0i presenta part del projecte a la p\u00e0gina web que es converteix en el diari docent dels Projectes de la ZER, les escoles, els instituts i el CFA de l&#8217;Alt Camp, Baix Camp, Baix Pened\u00e8s, Conca de Barber\u00e0, i Tarragon\u00e8s que pertanyen a la Xarxa Cb12- Curs 2018-19.<\/p>\n<p><a href=\"https:\/\/blocs.xtec.cat\/xcbprojecte327\/category\/centres-docents\/escola-montsant\/\">https:\/\/blocs.xtec.cat\/xcbprojecte327\/category\/centres-docents\/escola-montsant\/<\/a><\/p>\n<p><a href=\"https:\/\/agora.xtec.cat\/ceip-escola-montsant-reus\/wp-content\/uploads\/usu1887\/2021\/04\/xcb.png\"><img loading=\"lazy\" decoding=\"async\" class=\" wp-image-2679 aligncenter\" src=\"https:\/\/agora.xtec.cat\/ceip-escola-montsant-reus\/wp-content\/uploads\/usu1887\/2021\/04\/xcb.png\" alt=\"\" width=\"741\" height=\"485\" srcset=\"https:\/\/agora.xtec.cat\/ceip-escola-montsant-reus\/wp-content\/uploads\/usu1887\/2021\/04\/xcb.png 1002w, https:\/\/agora.xtec.cat\/ceip-escola-montsant-reus\/wp-content\/uploads\/usu1887\/2021\/04\/xcb-300x196.png 300w, https:\/\/agora.xtec.cat\/ceip-escola-montsant-reus\/wp-content\/uploads\/usu1887\/2021\/04\/xcb-768x503.png 768w\" sizes=\"auto, (max-width: 741px) 100vw, 741px\" \/><\/a><\/p>\n<p>Una part engrescadora del projecte va ser la creaci\u00f3 d&#8217;un joc de pistes en la Plataforma Mobile History Maps:<\/p>\n<p>Voleu participar en un joc d&#8217;observaci\u00f3? Podr\u00e0s descobrir tots els racons i secrets de la nostra estimada pla\u00e7a del Mercadal!<\/p>\n<p><a href=\"https:\/\/mhm.mobileworldcapital.com\/ca_ES\/escenari\/386\/showedit\">https:\/\/mhm.mobileworldcapital.com\/ca_ES\/escenari\/386\/showedit<\/a><\/p>\n<p><a href=\"https:\/\/agora.xtec.cat\/ceip-escola-montsant-reus\/wp-content\/uploads\/usu1887\/2021\/04\/mhm2.png\"><img loading=\"lazy\" decoding=\"async\" class=\" wp-image-2678 aligncenter\" src=\"https:\/\/agora.xtec.cat\/ceip-escola-montsant-reus\/wp-content\/uploads\/usu1887\/2021\/04\/mhm2.png\" alt=\"\" width=\"241\" height=\"291\" \/><\/a><\/p>\n<p>Tamb\u00e9 aquest curs v\u00e0rem participar en la creaci\u00f3 del logotip del nostre projecte. El podeu veure la p\u00e0gina web de la Generalitat de Catalunya:<\/p>\n<p><a href=\"https:\/\/odissea.xtec.cat\/mod\/book\/view.php?id=636744&amp;chapterid=59116\">https:\/\/odissea.xtec.cat\/mod\/book\/view.php?id=636744&amp;chapterid=59116<\/a><\/p>\n<p><a href=\"https:\/\/agora.xtec.cat\/ceip-escola-montsant-reus\/wp-content\/uploads\/usu1887\/2021\/04\/43007105_escolamontsant_reus.png\"><img loading=\"lazy\" decoding=\"async\" class=\" wp-image-2677 aligncenter\" src=\"https:\/\/agora.xtec.cat\/ceip-escola-montsant-reus\/wp-content\/uploads\/usu1887\/2021\/04\/43007105_escolamontsant_reus.png\" alt=\"\" width=\"332\" height=\"299\" srcset=\"https:\/\/agora.xtec.cat\/ceip-escola-montsant-reus\/wp-content\/uploads\/usu1887\/2021\/04\/43007105_escolamontsant_reus.png 553w, https:\/\/agora.xtec.cat\/ceip-escola-montsant-reus\/wp-content\/uploads\/usu1887\/2021\/04\/43007105_escolamontsant_reus-300x270.png 300w\" sizes=\"auto, (max-width: 332px) 100vw, 332px\" \/><\/a><\/p>\n<p>El <strong>curs 2017-18<\/strong> vam apadrinar la Festa Major de Sant Pere a la Pla\u00e7a del Mercadal. En la jornada Compartim vam dur a terme una petita representaci\u00f3 per tal d&#8217;il\u00b7lustrar el que hav\u00edem apr\u00e8s. Aqu\u00ed en teniu el gui\u00f3:<\/p>\n<p><a href=\"https:\/\/agora.xtec.cat\/ceip-escola-montsant-reus\/wp-content\/uploads\/usu1887\/2021\/04\/LEscola-Montsant-apadrina-la-Festa-Major-de-Sant-Pere-a-la-Pla\u00e7a-del-Mercadal.pdf\">L&#8217;Escola Montsant apadrina la Festa Major de Sant Pere a la Pla\u00e7a del Mercadal\u00a0<\/a><\/p>\n<p><a href=\"https:\/\/agora.xtec.cat\/ceip-escola-montsant-reus\/wp-content\/uploads\/usu1887\/2021\/04\/34457585_2536150129944006_4329552661884960768_o.jpg\"><img loading=\"lazy\" decoding=\"async\" class=\"wp-image-2674 aligncenter\" src=\"https:\/\/agora.xtec.cat\/ceip-escola-montsant-reus\/wp-content\/uploads\/usu1887\/2021\/04\/34457585_2536150129944006_4329552661884960768_o-1024x1024.jpg\" alt=\"\" width=\"591\" height=\"591\" srcset=\"https:\/\/agora.xtec.cat\/ceip-escola-montsant-reus\/wp-content\/uploads\/usu1887\/2021\/04\/34457585_2536150129944006_4329552661884960768_o-1024x1024.jpg 1024w, https:\/\/agora.xtec.cat\/ceip-escola-montsant-reus\/wp-content\/uploads\/usu1887\/2021\/04\/34457585_2536150129944006_4329552661884960768_o-150x150.jpg 150w, https:\/\/agora.xtec.cat\/ceip-escola-montsant-reus\/wp-content\/uploads\/usu1887\/2021\/04\/34457585_2536150129944006_4329552661884960768_o-300x300.jpg 300w, https:\/\/agora.xtec.cat\/ceip-escola-montsant-reus\/wp-content\/uploads\/usu1887\/2021\/04\/34457585_2536150129944006_4329552661884960768_o-768x768.jpg 768w, https:\/\/agora.xtec.cat\/ceip-escola-montsant-reus\/wp-content\/uploads\/usu1887\/2021\/04\/34457585_2536150129944006_4329552661884960768_o.jpg 1440w\" sizes=\"auto, (max-width: 591px) 100vw, 591px\" \/><\/a><\/p>\n<p>El <strong>curs 2016-17<\/strong> es va iniciar un bloc amb algunes de les propostes, tota la informaci\u00f3 va ser penjada a la web de l&#8217;escola. Al passar al nodes, part de la informaci\u00f3 es va perdre, estem treballant per tal de recuperar-la:<\/p>\n<p><iframe loading=\"lazy\" class=\"wp-embedded-content\" sandbox=\"allow-scripts\" security=\"restricted\" title=\"Connectats al Territori 2017\" src=\"\/\/v.calameo.com\/?bkcode=005173033ab173f2eaed5#?secret=8H4fTHJo4S\" data-secret=\"8H4fTHJo4S\" width=\"2120\" height=\"750\" frameborder=\"0\" scrolling=\"no\"><\/iframe><\/p>\n<blockquote class=\"wp-embedded-content\" data-secret=\"YEe7MFPuzH\"><p><a href=\"https:\/\/serveiseducatius.xtec.cat\/baixcamp\/connectats-al-territori\/connectats-al-territori\/\">Connectats al Territori<\/a><\/p><\/blockquote>\n<p><iframe loading=\"lazy\" class=\"wp-embedded-content\" sandbox=\"allow-scripts\" security=\"restricted\" style=\"position: absolute; clip: rect(1px, 1px, 1px, 1px);\" title=\"&#8220;Connectats al Territori&#8221; &#8212; Servei Educatiu del Baix Camp\" src=\"https:\/\/serveiseducatius.xtec.cat\/baixcamp\/connectats-al-territori\/connectats-al-territori\/embed\/#?secret=VapQ6RwAMG#?secret=YEe7MFPuzH\" data-secret=\"YEe7MFPuzH\" width=\"500\" height=\"282\" frameborder=\"0\" marginwidth=\"0\" marginheight=\"0\" scrolling=\"no\"><\/iframe><\/p>\n<p>&nbsp;<\/p>\n<p><iframe loading=\"lazy\" title=\"Mercadal curs 2016-17\" width=\"500\" height=\"281\" src=\"https:\/\/www.youtube.com\/embed\/Q8MJWmDHWQo?feature=oembed\" frameborder=\"0\" allow=\"accelerometer; autoplay; clipboard-write; encrypted-media; gyroscope; picture-in-picture; web-share\" referrerpolicy=\"strict-origin-when-cross-origin\" allowfullscreen><\/iframe><\/p>\n<p><a href=\"https:\/\/blocs.xtec.cat\/blocs_formacio\/mercadal\/\">https:\/\/blocs.xtec.cat\/blocs_formacio\/mercadal\/\u00a0<\/a><\/p>\n<p><a href=\"https:\/\/docs.google.com\/presentation\/d\/1sbrQ7-c6wC6ol0TWU5PnGnOayipnCLlWA9RIrKn4XA8\/edit#slide=id.g12f85bdd6e_2_142\">https:\/\/docs.google.com\/presentation\/d\/1sbrQ7-c6wC6ol0TWU5PnGnOayipnCLlWA9RIrKn4XA8\/edit#slide=id.g12f85bdd6e_2_142<\/a><\/p>\n<!--[if lt IE 9]><script>document.createElement('audio');<\/script><![endif]-->\n<audio class=\"wp-audio-shortcode\" id=\"audio-703-1\" preload=\"none\" style=\"width: 100%;\" controls=\"controls\"><source type=\"audio\/mpeg\" src=\"https:\/\/agora.xtec.cat\/ceip-escola-montsant-reus\/wp-content\/uploads\/usu1887\/2021\/04\/Apadrina-la-pla\u00e7a-Mercadal.mp3?_=1\" \/><a href=\"https:\/\/agora.xtec.cat\/ceip-escola-montsant-reus\/wp-content\/uploads\/usu1887\/2021\/04\/Apadrina-la-pla\u00e7a-Mercadal.mp3\">https:\/\/agora.xtec.cat\/ceip-escola-montsant-reus\/wp-content\/uploads\/usu1887\/2021\/04\/Apadrina-la-pla\u00e7a-Mercadal.mp3<\/a><\/audio>\n<blockquote class=\"wp-embedded-content\" data-secret=\"SMm9KjVMi5\"><p><a href=\"https:\/\/blocs.xtec.cat\/blocs_formacio\/mercadal\/2017\/02\/27\/el-mercat-antic\/\">El mercat antic<\/a><\/p><\/blockquote>\n<p><iframe loading=\"lazy\" class=\"wp-embedded-content\" sandbox=\"allow-scripts\" security=\"restricted\" style=\"position: absolute; clip: rect(1px, 1px, 1px, 1px);\" title=\"&#8220;El mercat antic&#8221; &#8212; Pla\u00e7a del Mercadal de Reus\" src=\"https:\/\/blocs.xtec.cat\/blocs_formacio\/mercadal\/2017\/02\/27\/el-mercat-antic\/embed\/#?secret=SMm9KjVMi5\" data-secret=\"SMm9KjVMi5\" width=\"500\" height=\"282\" frameborder=\"0\" marginwidth=\"0\" marginheight=\"0\" scrolling=\"no\"><\/iframe><\/p>\n","protected":false},"excerpt":{"rendered":"<p>&nbsp;<br \/>\n<a href=\"https:\/\/agora.xtec.cat\/ceip-escola-montsant-reus\/wp-content\/uploads\/usu1887\/2020\/07\/apadrinem.png\"><\/a><a href=\"https:\/\/agora.xtec.cat\/ceip-escola-montsant-reus\/wp-content\/uploads\/usu1887\/2019\/04\/\u00edndice.png\"><\/a><br \/>\nDes del curs 2016-17 l&#8217;Escola Montsant, apadrina La Pla\u00e7a del Mercadal. Aquest projecte que es duu a terme a 6\u00e8 de prim\u00e0ria.<br \/>\nEl Programa es basa en la idea de l\u2019apadrinament d\u2019un element patrimonial per part del centre educatiu, la qual cosa comporta donar-li&hellip;  <a href=\"https:\/\/agora.xtec.cat\/ceip-escola-montsant-reus\/projectes-2\/apadrinem-el-nostre-patrimoni\/\" title=\"Read Comunitat. Apadrinem el nostre patrimoni\">Llegeix m\u00e9s\u00bb<\/a><\/p>\n","protected":false},"author":1,"featured_media":0,"parent":64,"menu_order":54,"comment_status":"closed","ping_status":"closed","template":"page-templates\/side-menu.php","meta":{"_bbp_topic_count":0,"_bbp_reply_count":0,"_bbp_total_topic_count":0,"_bbp_total_reply_count":0,"_bbp_voice_count":0,"_bbp_anonymous_reply_count":0,"_bbp_topic_count_hidden":0,"_bbp_reply_count_hidden":0,"_bbp_forum_subforum_count":0,"footnotes":""},"class_list":["post-703","page","type-page","status-publish","hentry"],"post_mailing_queue_ids":[],"_links":{"self":[{"href":"https:\/\/agora.xtec.cat\/ceip-escola-montsant-reus\/wp-json\/wp\/v2\/pages\/703","targetHints":{"allow":["GET"]}}],"collection":[{"href":"https:\/\/agora.xtec.cat\/ceip-escola-montsant-reus\/wp-json\/wp\/v2\/pages"}],"about":[{"href":"https:\/\/agora.xtec.cat\/ceip-escola-montsant-reus\/wp-json\/wp\/v2\/types\/page"}],"author":[{"embeddable":true,"href":"https:\/\/agora.xtec.cat\/ceip-escola-montsant-reus\/wp-json\/wp\/v2\/users\/1"}],"replies":[{"embeddable":true,"href":"https:\/\/agora.xtec.cat\/ceip-escola-montsant-reus\/wp-json\/wp\/v2\/comments?post=703"}],"version-history":[{"count":4,"href":"https:\/\/agora.xtec.cat\/ceip-escola-montsant-reus\/wp-json\/wp\/v2\/pages\/703\/revisions"}],"predecessor-version":[{"id":2713,"href":"https:\/\/agora.xtec.cat\/ceip-escola-montsant-reus\/wp-json\/wp\/v2\/pages\/703\/revisions\/2713"}],"up":[{"embeddable":true,"href":"https:\/\/agora.xtec.cat\/ceip-escola-montsant-reus\/wp-json\/wp\/v2\/pages\/64"}],"wp:attachment":[{"href":"https:\/\/agora.xtec.cat\/ceip-escola-montsant-reus\/wp-json\/wp\/v2\/media?parent=703"}],"curies":[{"name":"wp","href":"https:\/\/api.w.org\/{rel}","templated":true}]}}