{"id":600,"date":"2018-09-26T14:36:51","date_gmt":"2018-09-26T12:36:51","guid":{"rendered":"http:\/\/agora.xtec.cat\/ceip-escola-montsant-reus\/?page_id=600"},"modified":"2018-09-26T14:36:51","modified_gmt":"2018-09-26T12:36:51","slug":"fundacio-escola-montsant","status":"publish","type":"page","link":"https:\/\/agora.xtec.cat\/ceip-escola-montsant-reus\/fundacio-escola-montsant\/","title":{"rendered":"Fundaci\u00f3 Escola Montsant"},"content":{"rendered":"<p>&nbsp;<\/p>\n<p><a href=\"http:\/\/agora.xtec.cat\/ceip-escola-montsant-reus\/wp-content\/uploads\/usu1887\/2018\/09\/Fundaci\u00f3-Escola-Montsant.jpg\"><img loading=\"lazy\" decoding=\"async\" class=\"wp-image-601 aligncenter\" src=\"http:\/\/agora.xtec.cat\/ceip-escola-montsant-reus\/wp-content\/uploads\/usu1887\/2018\/09\/Fundaci\u00f3-Escola-Montsant.jpg\" alt=\"\" width=\"247\" height=\"132\" srcset=\"https:\/\/agora.xtec.cat\/ceip-escola-montsant-reus\/wp-content\/uploads\/usu1887\/2018\/09\/Fundaci\u00f3-Escola-Montsant.jpg 470w, https:\/\/agora.xtec.cat\/ceip-escola-montsant-reus\/wp-content\/uploads\/usu1887\/2018\/09\/Fundaci\u00f3-Escola-Montsant-300x160.jpg 300w\" sizes=\"auto, (max-width: 247px) 100vw, 247px\" \/><\/a><\/p>\n<p>La Fundaci\u00f3 Privada ESCOLA MONTSANT es va constituir l\u2019any 1997 amb els recursos econ\u00f2mics generats pel trasp\u00e0s i venda, primer, del CEIP Escola Montsant a la xarxa p\u00fablica de la Generalitat de Catalunya, i despr\u00e9s , de la Llar d\u2019Infants Escola Montsant (actualment Escola Bressol Montsant) a xarxa p\u00fablica de l\u2019Ajuntament de Reus.<\/p>\n<p>Aquests recursos procedien de les aportacions econ\u00f2miques que, des de l\u2019origen de l\u2019Escola Montsant l\u2019any 1967, havien anat fent les fam\u00edlies i els\/les mestres a trav\u00e9s d\u2019Escola Montsant SA, la qual, en no tenir cap activitat, es va dissoldre; en aquest moment la immensa majoria dels seus socis van cedir de manera altruista els seus drets econ\u00f2mics a la Fundaci\u00f3 Privada ESCOLA MONTSANT.<\/p>\n<p>Segons els seus Estatuts, la Fundaci\u00f3 est\u00e0 \u201csubjecta a la legislaci\u00f3 de la Generalitat de Catalunya, de car\u00e0cter permanent, sense \u00e0nim de lucre\u201d, amb una finalitat: \u201cla consecuci\u00f3 del fi d\u2019inter\u00e8s general consistent en el foment de l\u2019educaci\u00f3 infantil i juvenil, catalana, arrelada al pa\u00eds que fomenti com a valor principal el desenvolupament de la personalitat dels infants i dels joves\u201d.<\/p>\n<p>Les seves activitats preferents s\u00f3n \u201ccol\u00b7laborar econ\u00f2micament en activitats escolars, docents i materials de l\u2019Escola Montsant de Reus\u201d,&#8230; \u201cde la Llar d\u2019Infants Montsant de Reus\u201d,&#8230; \u201camb entitats que ofereixin activitats d\u2019aprenentatge, activitats educatives, socials, esportives, culturals, docents, etc., dirigides a la poblaci\u00f3 escolar dels nivells infantil, primari i secundari\u201d&#8230; \u201cde Reus i de la seva \u00e0rea d\u2019\u00ecnflu\u00e8ncia\u201d.<\/p>\n","protected":false},"excerpt":{"rendered":"<p>&nbsp;<br \/>\n<a href=\"http:\/\/agora.xtec.cat\/ceip-escola-montsant-reus\/wp-content\/uploads\/usu1887\/2018\/09\/Fundaci\u00f3-Escola-Montsant.jpg\"><\/a><br \/>\nLa Fundaci\u00f3 Privada ESCOLA MONTSANT es va constituir l\u2019any 1997 amb els recursos econ\u00f2mics generats pel trasp\u00e0s i venda, primer, del CEIP Escola Montsant a la xarxa p\u00fablica de la Generalitat de Catalunya, i despr\u00e9s , de la Llar d\u2019Infants Escola Montsant (actualment Escola&hellip;  <a href=\"https:\/\/agora.xtec.cat\/ceip-escola-montsant-reus\/fundacio-escola-montsant\/\" title=\"Read Fundaci\u00f3 Escola Montsant\">Llegeix m\u00e9s\u00bb<\/a><\/p>\n","protected":false},"author":1,"featured_media":0,"parent":0,"menu_order":0,"comment_status":"closed","ping_status":"closed","template":"","meta":{"_bbp_topic_count":0,"_bbp_reply_count":0,"_bbp_total_topic_count":0,"_bbp_total_reply_count":0,"_bbp_voice_count":0,"_bbp_anonymous_reply_count":0,"_bbp_topic_count_hidden":0,"_bbp_reply_count_hidden":0,"_bbp_forum_subforum_count":0,"footnotes":""},"class_list":["post-600","page","type-page","status-publish","hentry"],"post_mailing_queue_ids":[],"_links":{"self":[{"href":"https:\/\/agora.xtec.cat\/ceip-escola-montsant-reus\/wp-json\/wp\/v2\/pages\/600","targetHints":{"allow":["GET"]}}],"collection":[{"href":"https:\/\/agora.xtec.cat\/ceip-escola-montsant-reus\/wp-json\/wp\/v2\/pages"}],"about":[{"href":"https:\/\/agora.xtec.cat\/ceip-escola-montsant-reus\/wp-json\/wp\/v2\/types\/page"}],"author":[{"embeddable":true,"href":"https:\/\/agora.xtec.cat\/ceip-escola-montsant-reus\/wp-json\/wp\/v2\/users\/1"}],"replies":[{"embeddable":true,"href":"https:\/\/agora.xtec.cat\/ceip-escola-montsant-reus\/wp-json\/wp\/v2\/comments?post=600"}],"version-history":[{"count":1,"href":"https:\/\/agora.xtec.cat\/ceip-escola-montsant-reus\/wp-json\/wp\/v2\/pages\/600\/revisions"}],"predecessor-version":[{"id":602,"href":"https:\/\/agora.xtec.cat\/ceip-escola-montsant-reus\/wp-json\/wp\/v2\/pages\/600\/revisions\/602"}],"wp:attachment":[{"href":"https:\/\/agora.xtec.cat\/ceip-escola-montsant-reus\/wp-json\/wp\/v2\/media?parent=600"}],"curies":[{"name":"wp","href":"https:\/\/api.w.org\/{rel}","templated":true}]}}

Fundació Escola Montsant

<p>&nbsp;</p>
<p><a href="http://agora.xtec.cat/ceip-escola-montsant-reus/wp-content/uploads/usu1887/2018/09/Fundació-Escola-Montsant.jpg"><img loading="lazy" decoding="async" class="wp-image-601 aligncenter" src="http://agora.xtec.cat/ceip-escola-montsant-reus/wp-content/uploads/usu1887/2018/09/Fundació-Escola-Montsant.jpg" alt="" width="247" height="132" srcset="https://agora.xtec.cat/ceip-escola-montsant-reus/wp-content/uploads/usu1887/2018/09/Fundació-Escola-Montsant.jpg 470w, https://agora.xtec.cat/ceip-escola-montsant-reus/wp-content/uploads/usu1887/2018/09/Fundació-Escola-Montsant-300x160.jpg 300w" sizes="auto, (max-width: 247px) 100vw, 247px" /></a></p>
<p>La Fundació Privada ESCOLA MONTSANT es va constituir l’any 1997 amb els recursos econòmics generats pel traspàs i venda, primer, del CEIP Escola Montsant a la xarxa pública de la Generalitat de Catalunya, i després , de la Llar d’Infants Escola Montsant (actualment Escola Bressol Montsant) a xarxa pública de l’Ajuntament de Reus.</p>
<p>Aquests recursos procedien de les aportacions econòmiques que, des de l’origen de l’Escola Montsant l’any 1967, havien anat fent les famílies i els/les mestres a través d’Escola Montsant SA, la qual, en no tenir cap activitat, es va dissoldre; en aquest moment la immensa majoria dels seus socis van cedir de manera altruista els seus drets econòmics a la Fundació Privada ESCOLA MONTSANT.</p>
<p>Segons els seus Estatuts, la Fundació està “subjecta a la legislació de la Generalitat de Catalunya, de caràcter permanent, sense ànim de lucre”, amb una finalitat: “la consecució del fi d’interès general consistent en el foment de l’educació infantil i juvenil, catalana, arrelada al país que fomenti com a valor principal el desenvolupament de la personalitat dels infants i dels joves”.</p>
<p>Les seves activitats preferents són “col·laborar econòmicament en activitats escolars, docents i materials de l’Escola Montsant de Reus”,&#8230; “de la Llar d’Infants Montsant de Reus”,&#8230; “amb entitats que ofereixin activitats d’aprenentatge, activitats educatives, socials, esportives, culturals, docents, etc., dirigides a la població escolar dels nivells infantil, primari i secundari”&#8230; “de Reus i de la seva àrea d’ìnfluència”.</p>

<p>&nbsp;<br />
<a href="http://agora.xtec.cat/ceip-escola-montsant-reus/wp-content/uploads/usu1887/2018/09/Fundació-Escola-Montsant.jpg"></a><br />
La Fundació Privada ESCOLA MONTSANT es va constituir l’any 1997 amb els recursos econòmics generats pel traspàs i venda, primer, del CEIP Escola Montsant a la xarxa pública de la Generalitat de Catalunya, i després , de la Llar d’Infants Escola Montsant (actualment Escola&hellip;  <a href="https://agora.xtec.cat/ceip-escola-montsant-reus/fundacio-escola-montsant/" title="Read Fundació Escola Montsant">Llegeix més»</a></p>
