{"id":589,"date":"2018-09-26T11:28:28","date_gmt":"2018-09-26T09:28:28","guid":{"rendered":"http:\/\/agora.xtec.cat\/ceip-escola-montsant-reus\/?page_id=589"},"modified":"2025-11-16T12:29:41","modified_gmt":"2025-11-16T11:29:41","slug":"la-nostra-comunitat-educativa-25-26","status":"publish","type":"page","link":"https:\/\/agora.xtec.cat\/ceip-escola-montsant-reus\/lescola\/comunitat-educativa\/la-nostra-comunitat-educativa-25-26\/","title":{"rendered":"La nostra comunitat educativa 25-26"},"content":{"rendered":"<p>L\u2019Escola Montsant \u00e9s un centre educatiu d\u2019una sola l\u00ednia.<\/p>\n<p>Oferim estudis de:<\/p>\n<ul>\n<li>Ed.Infantil: P3, P4 i P5<\/li>\n<li>Ed.Prim\u00e0ria: 1r, 2n, 3r, 4t, 5\u00e8 i 6\u00e8<\/li>\n<\/ul>\n<p>La comunitat educativa de l&#8217;Escola Montsant, el curs 25-26 est\u00e0 formada per:<\/p>\n<ul>\n<li style=\"text-align: left;\">\u00a0209 alumnes.<\/li>\n<li style=\"text-align: left;\">\u00a0160 fam\u00edlies.<\/li>\n<li>\u00a016 mestres (19 reals, comptant els ter\u00e7os de jornada).<\/li>\n<li>\u00a01 t\u00e8cnic d&#8217;educaci\u00f3 infantil.<\/li>\n<li>\u00a01 educadora d&#8217;ed.especial.<\/li>\n<li>\u00a01 auxiliar ed.especial.<\/li>\n<li>\u00a01 conserge.<\/li>\n<li>\u00a01 membre del CREDV.<\/li>\n<li>1 logopeda del CREDA.<\/li>\n<li>1 psicopedagoga de l&#8217;EAP.<\/li>\n<li>1 treballadora social de l&#8217;EAP.<\/li>\n<li>2 membres personal cuina i neteja menjador.<\/li>\n<li>2 personal neteja escola Ajuntament.<\/li>\n<li>7 monitores de menjador.<\/li>\n<li>12 monitors extraescolars de tarda.<\/li>\n<li>10 monitors d&#8217;activitats de 12 a 1.<\/li>\n<\/ul>\n<p>&nbsp;<\/p>\n","protected":false},"excerpt":{"rendered":"<p>L\u2019Escola Montsant \u00e9s un centre educatiu d\u2019una sola l\u00ednia.<br \/>\nOferim estudis de:<\/p>\n<ul>\n<li>Ed.Infantil: P3, P4 i P5<\/li>\n<li>Ed.Prim\u00e0ria: 1r, 2n, 3r, 4t, 5\u00e8 i 6\u00e8<\/li>\n<\/ul>\n<p>La comunitat educativa de l&#8217;Escola Montsant, el curs 25-26 est\u00e0 formada per:<\/p>\n<ul>\n<li style=\"text-align: left;\">\u00a0209 alumnes.<\/li>\n<li style=\"text-align: left;\">\u00a0160 fam\u00edlies.<\/li>\n<li>\u00a016 mestres (19 reals, comptant els ter\u00e7os&hellip;  <a href=\"https:\/\/agora.xtec.cat\/ceip-escola-montsant-reus\/lescola\/comunitat-educativa\/la-nostra-comunitat-educativa-25-26\/\" title=\"Read La nostra comunitat educativa 25-26\">Llegeix m\u00e9s\u00bb<\/a><br \/>\n","protected":false},"author":1,"featured_media":0,"parent":2178,"menu_order":0,"comment_status":"closed","ping_status":"closed","template":"page-templates\/side-menu.php","meta":{"_bbp_topic_count":0,"_bbp_reply_count":0,"_bbp_total_topic_count":0,"_bbp_total_reply_count":0,"_bbp_voice_count":0,"_bbp_anonymous_reply_count":0,"_bbp_topic_count_hidden":0,"_bbp_reply_count_hidden":0,"_bbp_forum_subforum_count":0,"footnotes":""},"class_list":["post-589","page","type-page","status-publish","hentry"],"post_mailing_queue_ids":[],"_links":{"self":[{"href":"https:\/\/agora.xtec.cat\/ceip-escola-montsant-reus\/wp-json\/wp\/v2\/pages\/589","targetHints":{"allow":["GET"]}}],"collection":[{"href":"https:\/\/agora.xtec.cat\/ceip-escola-montsant-reus\/wp-json\/wp\/v2\/pages"}],"about":[{"href":"https:\/\/agora.xtec.cat\/ceip-escola-montsant-reus\/wp-json\/wp\/v2\/types\/page"}],"author":[{"embeddable":true,"href":"https:\/\/agora.xtec.cat\/ceip-escola-montsant-reus\/wp-json\/wp\/v2\/users\/1"}],"replies":[{"embeddable":true,"href":"https:\/\/agora.xtec.cat\/ceip-escola-montsant-reus\/wp-json\/wp\/v2\/comments?post=589"}],"version-history":[{"count":6,"href":"https:\/\/agora.xtec.cat\/ceip-escola-montsant-reus\/wp-json\/wp\/v2\/pages\/589\/revisions"}],"predecessor-version":[{"id":3626,"href":"https:\/\/agora.xtec.cat\/ceip-escola-montsant-reus\/wp-json\/wp\/v2\/pages\/589\/revisions\/3626"}],"up":[{"embeddable":true,"href":"https:\/\/agora.xtec.cat\/ceip-escola-montsant-reus\/wp-json\/wp\/v2\/pages\/2178"}],"wp:attachment":[{"href":"https:\/\/agora.xtec.cat\/ceip-escola-montsant-reus\/wp-json\/wp\/v2\/media?parent=589"}],"curies":[{"name":"wp","href":"https:\/\/api.w.org\/{rel}","templated":true}]}}

<p>L’Escola Montsant és un centre educatiu d’una sola línia.</p>
<p>Oferim estudis de:</p>
<ul>
<li>Ed.Infantil: P3, P4 i P5</li>
<li>Ed.Primària: 1r, 2n, 3r, 4t, 5è i 6è</li>
</ul>
<p>La comunitat educativa de l&#8217;Escola Montsant, el curs 25-26 està formada per:</p>
<ul>
<li style="text-align: left;"> 209 alumnes.</li>
<li style="text-align: left;"> 160 famílies.</li>
<li> 16 mestres (19 reals, comptant els terços de jornada).</li>
<li> 1 tècnic d&#8217;educació infantil.</li>
<li> 1 educadora d&#8217;ed.especial.</li>
<li> 1 auxiliar ed.especial.</li>
<li> 1 conserge.</li>
<li> 1 membre del CREDV.</li>
<li>1 logopeda del CREDA.</li>
<li>1 psicopedagoga de l&#8217;EAP.</li>
<li>1 treballadora social de l&#8217;EAP.</li>
<li>2 membres personal cuina i neteja menjador.</li>
<li>2 personal neteja escola Ajuntament.</li>
<li>7 monitores de menjador.</li>
<li>12 monitors extraescolars de tarda.</li>
<li>10 monitors d&#8217;activitats de 12 a 1.</li>
</ul>
<p>&nbsp;</p>

<p>L’Escola Montsant és un centre educatiu d’una sola línia.<br />
Oferim estudis de:</p>
<ul>
<li>Ed.Infantil: P3, P4 i P5</li>
<li>Ed.Primària: 1r, 2n, 3r, 4t, 5è i 6è</li>
</ul>
<p>La comunitat educativa de l&#8217;Escola Montsant, el curs 25-26 està formada per:</p>
<ul>
<li style="text-align: left;"> 209 alumnes.</li>
<li style="text-align: left;"> 160 famílies.</li>
<li> 16 mestres (19 reals, comptant els terços&hellip;  <a href="https://agora.xtec.cat/ceip-escola-montsant-reus/lescola/comunitat-educativa/la-nostra-comunitat-educativa-25-26/" title="Read La nostra comunitat educativa 25-26">Llegeix més»</a><br />
