{"id":558,"date":"2018-09-26T05:46:56","date_gmt":"2018-09-26T03:46:56","guid":{"rendered":"http:\/\/agora.xtec.cat\/ceip-escola-montsant-reus\/?page_id=558"},"modified":"2021-10-07T11:40:18","modified_gmt":"2021-10-07T09:40:18","slug":"quota-dampa","status":"publish","type":"page","link":"https:\/\/agora.xtec.cat\/ceip-escola-montsant-reus\/ampa\/quota-dampa\/","title":{"rendered":"Qui som"},"content":{"rendered":"<h3 style=\"text-align: center;\"><span style=\"color: #800000;\"><strong>Sobre l\u2019AFA<\/strong><\/span><\/h3>\n<h4 style=\"text-align: justify;\"><span style=\"color: #000080;\"><strong>L\u2019AFA SOM TOTS<\/strong><\/span><\/h4>\n<p style=\"text-align: justify;\"><span style=\"font-weight: 400;\">Som un grup de mares i pares conven\u00e7uts que la relaci\u00f3 fam\u00edlia-escola \u00e9s fonamental per a l\u2019educaci\u00f3 dels nostres infants. Alguns de nosaltres portem anys a l\u2019escola, d\u2019altres hi acabem d\u2019arribar; uns hem treballat activament en diferents comissions, d\u2019altres ens afegim per primera vegada en aquest projecte. Ara, amb una determinaci\u00f3 compartida, ens posem a treballar per a renovar un actiu tan important per a la comunitat educativa com \u00e9s l\u2019AFA.<\/span><\/p>\n<h4 style=\"text-align: justify;\"><strong><span style=\"color: #000080;\">QU\u00c8 \u00c9S L\u2019AFA?<\/span><\/strong><\/h4>\n<p style=\"text-align: justify;\"><span style=\"font-weight: 400;\">L\u2019AFA \u00e9s un espai de benvinguda, un espai de trobada, un espai de conviv\u00e8ncia, un espai viu i obert que s\u2019anir\u00e0 construint dia a dia entre tota l\u2019escola. L\u2019AFA tamb\u00e9 \u00e9s participaci\u00f3: som moltes persones i en volem ser m\u00e9s per a, aix\u00ed, poder treballar per a les fam\u00edlies, l\u2019escola i el barri, i la seva interacci\u00f3.<\/span><\/p>\n<p style=\"text-align: justify;\"><span style=\"font-weight: 400;\">Volem contribuir a la millora de la qualitat de l\u2019ensenyament que reben els nostres fills i filles.<\/span><\/p>\n<p style=\"text-align: justify;\"><span style=\"font-weight: 400;\">Totes les fam\u00edlies, totes les propostes, totes les aportacions, totes les il\u00b7lusions, totes les idees, totes les traject\u00f2ries, totes les implicacions, totes les col\u00b7laboracions, totes les discrep\u00e0ncies, totes\u2026 SOM AFA.<\/span><\/p>\n<h4 style=\"text-align: justify;\"><span style=\"color: #000080;\"><strong>COM ENS ORGANITZEM?<\/strong><\/span><\/h4>\n<p style=\"text-align: justify;\"><span style=\"font-weight: 400;\">Estem organitzats en diferents comissions.<\/span><\/p>\n<h4 style=\"text-align: justify;\"><span style=\"color: #000080;\"><strong>COM S\u2019HI POT PARTICIPAR?<\/strong><\/span><\/h4>\n<ul style=\"list-style-type: disc;\">\n<li><span style=\"font-weight: 400;\">Fent-vos socis.<\/span><\/li>\n<li><span style=\"font-family: inherit; font-size: 1em; text-align: justify;\">Assistint als actes i reunions.<\/span><\/li>\n<li><span style=\"font-family: inherit; font-size: 1em; text-align: justify;\">Participant espor\u00e0dicament en les activitats organitzades.<\/span><\/li>\n<li><span style=\"font-family: inherit; font-size: 1em; text-align: justify;\">Formant part de les diferents comissions<\/span><\/li>\n<li><span style=\"font-family: inherit; font-size: 1em; text-align: justify;\">Opinant i suggerint.<\/span><\/li>\n<\/ul>\n<h4 style=\"text-align: justify;\"><strong><span style=\"color: #000080;\">ON ENS PODEU TROBAR?<\/span><\/strong><\/h4>\n<p style=\"text-align: justify;\"><span style=\"font-weight: 400;\">L\u2019AFA es reuneix peri\u00f2dicament. Les reunions s\u00f3n obertes a totes les fam\u00edlies s\u00f2cies. En aquestes reunions les diferents comissions exposen els treballs duts a terme, s\u2019informa de les reunions del Consell Escolar, s\u2019aporten noves idees i es responen dubtes que puguin sorgir a les fam\u00edlies de l\u2019Escola.<\/span><\/p>\n<p style=\"text-align: justify;\"><span style=\"font-weight: 400;\">Per qualsevol dubte o suggeriment, ens podeu escriure a: <a href=\"mailto:ampamontsant@gmail.com\">ampamontsant@gmail.com<\/a><\/span><\/p>\n","protected":false},"excerpt":{"rendered":"<p>Sobre l\u2019AFA<br \/>\nL\u2019AFA SOM TOTS<br \/>\nSom un grup de mares i pares conven\u00e7uts que la relaci\u00f3 fam\u00edlia-escola \u00e9s fonamental per a l\u2019educaci\u00f3 dels nostres infants. Alguns de nosaltres portem anys a l\u2019escola, d\u2019altres hi acabem d\u2019arribar; uns hem treballat activament en diferents comissions, d\u2019altres ens afegim per&hellip;  <a href=\"https:\/\/agora.xtec.cat\/ceip-escola-montsant-reus\/ampa\/quota-dampa\/\" title=\"Read Qui som\">Llegeix m\u00e9s\u00bb<\/a><\/p>\n","protected":false},"author":1,"featured_media":0,"parent":1353,"menu_order":0,"comment_status":"closed","ping_status":"closed","template":"page-templates\/side-menu.php","meta":{"_bbp_topic_count":0,"_bbp_reply_count":0,"_bbp_total_topic_count":0,"_bbp_total_reply_count":0,"_bbp_voice_count":0,"_bbp_anonymous_reply_count":0,"_bbp_topic_count_hidden":0,"_bbp_reply_count_hidden":0,"_bbp_forum_subforum_count":0,"footnotes":""},"class_list":["post-558","page","type-page","status-publish","hentry"],"post_mailing_queue_ids":[],"_links":{"self":[{"href":"https:\/\/agora.xtec.cat\/ceip-escola-montsant-reus\/wp-json\/wp\/v2\/pages\/558","targetHints":{"allow":["GET"]}}],"collection":[{"href":"https:\/\/agora.xtec.cat\/ceip-escola-montsant-reus\/wp-json\/wp\/v2\/pages"}],"about":[{"href":"https:\/\/agora.xtec.cat\/ceip-escola-montsant-reus\/wp-json\/wp\/v2\/types\/page"}],"author":[{"embeddable":true,"href":"https:\/\/agora.xtec.cat\/ceip-escola-montsant-reus\/wp-json\/wp\/v2\/users\/1"}],"replies":[{"embeddable":true,"href":"https:\/\/agora.xtec.cat\/ceip-escola-montsant-reus\/wp-json\/wp\/v2\/comments?post=558"}],"version-history":[{"count":3,"href":"https:\/\/agora.xtec.cat\/ceip-escola-montsant-reus\/wp-json\/wp\/v2\/pages\/558\/revisions"}],"predecessor-version":[{"id":2960,"href":"https:\/\/agora.xtec.cat\/ceip-escola-montsant-reus\/wp-json\/wp\/v2\/pages\/558\/revisions\/2960"}],"up":[{"embeddable":true,"href":"https:\/\/agora.xtec.cat\/ceip-escola-montsant-reus\/wp-json\/wp\/v2\/pages\/1353"}],"wp:attachment":[{"href":"https:\/\/agora.xtec.cat\/ceip-escola-montsant-reus\/wp-json\/wp\/v2\/media?parent=558"}],"curies":[{"name":"wp","href":"https:\/\/api.w.org\/{rel}","templated":true}]}}

<h3 style="text-align: center;"><span style="color: #800000;"><strong>Sobre l’AFA</strong></span></h3>
<h4 style="text-align: justify;"><span style="color: #000080;"><strong>L’AFA SOM TOTS</strong></span></h4>
<p style="text-align: justify;"><span style="font-weight: 400;">Som un grup de mares i pares convençuts que la relació família-escola és fonamental per a l’educació dels nostres infants. Alguns de nosaltres portem anys a l’escola, d’altres hi acabem d’arribar; uns hem treballat activament en diferents comissions, d’altres ens afegim per primera vegada en aquest projecte. Ara, amb una determinació compartida, ens posem a treballar per a renovar un actiu tan important per a la comunitat educativa com és l’AFA.</span></p>
<h4 style="text-align: justify;"><strong><span style="color: #000080;">QUÈ ÉS L’AFA?</span></strong></h4>
<p style="text-align: justify;"><span style="font-weight: 400;">L’AFA és un espai de benvinguda, un espai de trobada, un espai de convivència, un espai viu i obert que s’anirà construint dia a dia entre tota l’escola. L’AFA també és participació: som moltes persones i en volem ser més per a, així, poder treballar per a les famílies, l’escola i el barri, i la seva interacció.</span></p>
<p style="text-align: justify;"><span style="font-weight: 400;">Volem contribuir a la millora de la qualitat de l’ensenyament que reben els nostres fills i filles.</span></p>
<p style="text-align: justify;"><span style="font-weight: 400;">Totes les famílies, totes les propostes, totes les aportacions, totes les il·lusions, totes les idees, totes les trajectòries, totes les implicacions, totes les col·laboracions, totes les discrepàncies, totes… SOM AFA.</span></p>
<h4 style="text-align: justify;"><span style="color: #000080;"><strong>COM ENS ORGANITZEM?</strong></span></h4>
<p style="text-align: justify;"><span style="font-weight: 400;">Estem organitzats en diferents comissions.</span></p>
<h4 style="text-align: justify;"><span style="color: #000080;"><strong>COM S’HI POT PARTICIPAR?</strong></span></h4>
<ul style="list-style-type: disc;">
<li><span style="font-weight: 400;">Fent-vos socis.</span></li>
<li><span style="font-family: inherit; font-size: 1em; text-align: justify;">Assistint als actes i reunions.</span></li>
<li><span style="font-family: inherit; font-size: 1em; text-align: justify;">Participant esporàdicament en les activitats organitzades.</span></li>
<li><span style="font-family: inherit; font-size: 1em; text-align: justify;">Formant part de les diferents comissions</span></li>
<li><span style="font-family: inherit; font-size: 1em; text-align: justify;">Opinant i suggerint.</span></li>
</ul>
<h4 style="text-align: justify;"><strong><span style="color: #000080;">ON ENS PODEU TROBAR?</span></strong></h4>
<p style="text-align: justify;"><span style="font-weight: 400;">L’AFA es reuneix periòdicament. Les reunions són obertes a totes les famílies sòcies. En aquestes reunions les diferents comissions exposen els treballs duts a terme, s’informa de les reunions del Consell Escolar, s’aporten noves idees i es responen dubtes que puguin sorgir a les famílies de l’Escola.</span></p>
<p style="text-align: justify;"><span style="font-weight: 400;">Per qualsevol dubte o suggeriment, ens podeu escriure a: <a href="mailto:ampamontsant@gmail.com">ampamontsant@gmail.com</a></span></p>

<p>Sobre l’AFA<br />
L’AFA SOM TOTS<br />
Som un grup de mares i pares convençuts que la relació família-escola és fonamental per a l’educació dels nostres infants. Alguns de nosaltres portem anys a l’escola, d’altres hi acabem d’arribar; uns hem treballat activament en diferents comissions, d’altres ens afegim per&hellip;  <a href="https://agora.xtec.cat/ceip-escola-montsant-reus/ampa/quota-dampa/" title="Read Qui som">Llegeix més»</a></p>
