{"id":3009,"date":"2022-01-11T12:46:16","date_gmt":"2022-01-11T11:46:16","guid":{"rendered":"https:\/\/agora.xtec.cat\/ceip-escola-montsant-reus\/?page_id=3009"},"modified":"2022-01-11T12:51:49","modified_gmt":"2022-01-11T11:51:49","slug":"montsant-reus-challenge-i-catalunya-clean-up-challenge","status":"publish","type":"page","link":"https:\/\/agora.xtec.cat\/ceip-escola-montsant-reus\/projectes-2\/escola-verda\/montsant-reus-challenge-i-catalunya-clean-up-challenge\/","title":{"rendered":"MONTSANT REUS CHALLENGE I CATALUNYA CLEAN UP CHALLENGE"},"content":{"rendered":"<p style=\"text-align: center;\"><iframe loading=\"lazy\" src=\"https:\/\/www.ccma.cat\/video\/embed\/6102415\/\" width=\"500px\" height=\"281px\" frameborder=\"0\" scrolling=\"no\" allowfullscreen=\"allowfullscreen\"><\/iframe><\/p>\n<div>\n<div class=\"\" dir=\"auto\">\n<div id=\"jsc_c_11u\" class=\"ecm0bbzt hv4rvrfc ihqw7lf3 dati1w0a\" data-ad-comet-preview=\"message\" data-ad-preview=\"message\">\n<div class=\"j83agx80 cbu4d94t ew0dbk1b irj2b8pg\">\n<div class=\"qzhwtbm6 knvmm38d\">\n<div class=\"kvgmc6g5 cxmmr5t8 oygrvhab hcukyx3x c1et5uql ii04i59q\">\n<div dir=\"auto\"><\/div>\n<div dir=\"auto\">REPTE ACONSEGUIT<span class=\"pq6dq46d tbxw36s4 knj5qynh kvgmc6g5 ditlmg2l oygrvhab nvdbi5me sf5mxxl7 gl3lb2sf hhz5lgdu\"><img loading=\"lazy\" decoding=\"async\" src=\"https:\/\/www.facebook.com\/images\/emoji.php\/v9\/tfe\/1.5\/16\/203c.png\" alt=\"\u203c\" width=\"16\" height=\"16\" \/><\/span>10.000 peces de deixalles amb l&#8217;aplicaci\u00f3 Literatti <span class=\"pq6dq46d tbxw36s4 knj5qynh kvgmc6g5 ditlmg2l oygrvhab nvdbi5me sf5mxxl7 gl3lb2sf hhz5lgdu\"><img loading=\"lazy\" decoding=\"async\" src=\"https:\/\/www.facebook.com\/images\/emoji.php\/v9\/tb0\/1.5\/16\/1f4f1.png\" alt=\"\ud83d\udcf1\" width=\"16\" height=\"16\" \/><\/span>i el MONTSANT REUS CHALLENGE<span class=\"pq6dq46d tbxw36s4 knj5qynh kvgmc6g5 ditlmg2l oygrvhab nvdbi5me sf5mxxl7 gl3lb2sf hhz5lgdu\"><img loading=\"lazy\" decoding=\"async\" src=\"https:\/\/www.facebook.com\/images\/emoji.php\/v9\/tc5\/1.5\/16\/1f4aa.png\" alt=\"\ud83d\udcaa\" width=\"16\" height=\"16\" \/><\/span> Mil gr\u00e0cies a totes les fam\u00edlies que han participat! <span class=\"pq6dq46d tbxw36s4 knj5qynh kvgmc6g5 ditlmg2l oygrvhab nvdbi5me sf5mxxl7 gl3lb2sf hhz5lgdu\"><img loading=\"lazy\" decoding=\"async\" src=\"https:\/\/www.facebook.com\/images\/emoji.php\/v9\/t56\/1.5\/16\/1f64c.png\" alt=\"\ud83d\ude4c\" width=\"16\" height=\"16\" \/><\/span><span class=\"pq6dq46d tbxw36s4 knj5qynh kvgmc6g5 ditlmg2l oygrvhab nvdbi5me sf5mxxl7 gl3lb2sf hhz5lgdu\"><img loading=\"lazy\" decoding=\"async\" src=\"https:\/\/www.facebook.com\/images\/emoji.php\/v9\/t56\/1.5\/16\/1f64c.png\" alt=\"\ud83d\ude4c\" width=\"16\" height=\"16\" \/><\/span><span class=\"pq6dq46d tbxw36s4 knj5qynh kvgmc6g5 ditlmg2l oygrvhab nvdbi5me sf5mxxl7 gl3lb2sf hhz5lgdu\"><img loading=\"lazy\" decoding=\"async\" src=\"https:\/\/www.facebook.com\/images\/emoji.php\/v9\/t56\/1.5\/16\/1f64c.png\" alt=\"\ud83d\ude4c\" width=\"16\" height=\"16\" \/><\/span><\/div>\n<\/div>\n<div class=\"cxmmr5t8 oygrvhab hcukyx3x c1et5uql o9v6fnle ii04i59q\">\n<div dir=\"auto\">L&#8217;alumnat de 5\u00e8 hem participat en l&#8217;edici\u00f3 d&#8217;aquest any del LET&#8217;S CLEAN UP EUROPE <span class=\"pq6dq46d tbxw36s4 knj5qynh kvgmc6g5 ditlmg2l oygrvhab nvdbi5me sf5mxxl7 gl3lb2sf hhz5lgdu\"><img loading=\"lazy\" decoding=\"async\" src=\"https:\/\/www.facebook.com\/images\/emoji.php\/v9\/t7f\/1.5\/16\/267b.png\" alt=\"\u267b\ufe0f\" width=\"16\" height=\"16\" \/><\/span> aquest divendres dia 7 de maig i, conjuntament, utilitzant l&#8217;aplicaci\u00f3 de Litterati.<\/div>\n<div dir=\"auto\">Hem recollit 14,5 kg de deixalles en 1h:<\/div>\n<div dir=\"auto\">&#8211; 9 kg de rebuig <span class=\"pq6dq46d tbxw36s4 knj5qynh kvgmc6g5 ditlmg2l oygrvhab nvdbi5me sf5mxxl7 gl3lb2sf hhz5lgdu\"><img loading=\"lazy\" decoding=\"async\" src=\"https:\/\/www.facebook.com\/images\/emoji.php\/v9\/t72\/1.5\/16\/2b1c.png\" alt=\"\u2b1c\" width=\"16\" height=\"16\" \/><\/span><\/div>\n<div dir=\"auto\">&#8211; 4,5kg de pl\u00e0stics i envasos <span class=\"pq6dq46d tbxw36s4 knj5qynh kvgmc6g5 ditlmg2l oygrvhab nvdbi5me sf5mxxl7 gl3lb2sf hhz5lgdu\"><img loading=\"lazy\" decoding=\"async\" src=\"https:\/\/www.facebook.com\/images\/emoji.php\/v9\/t5b\/1.5\/16\/1f7e8.png\" alt=\"\ud83d\udfe8\" width=\"16\" height=\"16\" \/><\/span><\/div>\n<div dir=\"auto\">&#8211; 1kg de paper i cartr\u00f3. <span class=\"pq6dq46d tbxw36s4 knj5qynh kvgmc6g5 ditlmg2l oygrvhab nvdbi5me sf5mxxl7 gl3lb2sf hhz5lgdu\"><img loading=\"lazy\" decoding=\"async\" src=\"https:\/\/www.facebook.com\/images\/emoji.php\/v9\/t59\/1.5\/16\/1f7e6.png\" alt=\"\ud83d\udfe6\" width=\"16\" height=\"16\" \/><\/span><\/div>\n<\/div>\n<div class=\"cxmmr5t8 oygrvhab hcukyx3x c1et5uql o9v6fnle ii04i59q\">\n<div dir=\"auto\">Ara toca posar-nos en contacte amb l&#8217;Ajuntament de Reus per buscar solucions correctives i preventives per seguir mantenint neta<span class=\"pq6dq46d tbxw36s4 knj5qynh kvgmc6g5 ditlmg2l oygrvhab nvdbi5me sf5mxxl7 gl3lb2sf hhz5lgdu\"><img loading=\"lazy\" decoding=\"async\" src=\"https:\/\/www.facebook.com\/images\/emoji.php\/v9\/tc2\/1.5\/16\/1f331.png\" alt=\"\ud83c\udf31\" width=\"16\" height=\"16\" \/><\/span> la zona i sensibilitzant la poblaci\u00f3 <span class=\"pq6dq46d tbxw36s4 knj5qynh kvgmc6g5 ditlmg2l oygrvhab nvdbi5me sf5mxxl7 gl3lb2sf hhz5lgdu\"><img loading=\"lazy\" decoding=\"async\" src=\"https:\/\/www.facebook.com\/images\/emoji.php\/v9\/t54\/1.5\/16\/1f5e3.png\" alt=\"\ud83d\udde3\" width=\"16\" height=\"16\" \/><\/span><\/div>\n<\/div>\n<div class=\"cxmmr5t8 oygrvhab hcukyx3x c1et5uql o9v6fnle ii04i59q\">\n<div dir=\"auto\"><a class=\"oajrlxb2 g5ia77u1 qu0x051f esr5mh6w e9989ue4 r7d6kgcz rq0escxv nhd2j8a9 nc684nl6 p7hjln8o kvgmc6g5 cxmmr5t8 oygrvhab hcukyx3x jb3vyjys rz4wbd8a qt6c0cv9 a8nywdso i1ao9s8h esuyzwwr f1sip0of lzcic4wl gpro0wi8 q66pz984 b1v8xokw\" tabindex=\"0\" role=\"link\" href=\"https:\/\/www.facebook.com\/hashtag\/escolamontsantreus?__eep__=6&amp;__cft__[0]=AZWc7usT1mgjo_fyuUAmuQxViGktqZ7oLD9rtcqo_RucezQmMamnPMqRDSSSuHuHJIcAUCyhJTDUl-L29i7cHiq_-5HOQQdUvnV3ACb6GOevky5PNozzZw47Ejsj8JyVv0prVJOsmBGwstljWYyCIu_9OjWSI-MN6lU2-mdnls1zoXU9ngM08aqV2XjprNCGLJY&amp;__tn__=*NK-R\">#escolamontsantreus<\/a><\/div>\n<div dir=\"auto\"><a class=\"oajrlxb2 g5ia77u1 qu0x051f esr5mh6w e9989ue4 r7d6kgcz rq0escxv nhd2j8a9 nc684nl6 p7hjln8o kvgmc6g5 cxmmr5t8 oygrvhab hcukyx3x jb3vyjys rz4wbd8a qt6c0cv9 a8nywdso i1ao9s8h esuyzwwr f1sip0of lzcic4wl gpro0wi8 q66pz984 b1v8xokw\" tabindex=\"0\" role=\"link\" href=\"https:\/\/www.facebook.com\/hashtag\/letscleanupcat?__eep__=6&amp;__cft__[0]=AZWc7usT1mgjo_fyuUAmuQxViGktqZ7oLD9rtcqo_RucezQmMamnPMqRDSSSuHuHJIcAUCyhJTDUl-L29i7cHiq_-5HOQQdUvnV3ACb6GOevky5PNozzZw47Ejsj8JyVv0prVJOsmBGwstljWYyCIu_9OjWSI-MN6lU2-mdnls1zoXU9ngM08aqV2XjprNCGLJY&amp;__tn__=*NK-R\">#letscleanupcat<\/a><\/div>\n<div dir=\"auto\"><a class=\"oajrlxb2 g5ia77u1 qu0x051f esr5mh6w e9989ue4 r7d6kgcz rq0escxv nhd2j8a9 nc684nl6 p7hjln8o kvgmc6g5 cxmmr5t8 oygrvhab hcukyx3x jb3vyjys rz4wbd8a qt6c0cv9 a8nywdso i1ao9s8h esuyzwwr f1sip0of lzcic4wl gpro0wi8 q66pz984 b1v8xokw\" tabindex=\"0\" role=\"link\" href=\"https:\/\/www.facebook.com\/hashtag\/cleanupeurope?__eep__=6&amp;__cft__[0]=AZWc7usT1mgjo_fyuUAmuQxViGktqZ7oLD9rtcqo_RucezQmMamnPMqRDSSSuHuHJIcAUCyhJTDUl-L29i7cHiq_-5HOQQdUvnV3ACb6GOevky5PNozzZw47Ejsj8JyVv0prVJOsmBGwstljWYyCIu_9OjWSI-MN6lU2-mdnls1zoXU9ngM08aqV2XjprNCGLJY&amp;__tn__=*NK-R\">#cleanupeurope<\/a><\/div>\n<div dir=\"auto\"><a class=\"oajrlxb2 g5ia77u1 qu0x051f esr5mh6w e9989ue4 r7d6kgcz rq0escxv nhd2j8a9 nc684nl6 p7hjln8o kvgmc6g5 cxmmr5t8 oygrvhab hcukyx3x jb3vyjys rz4wbd8a qt6c0cv9 a8nywdso i1ao9s8h esuyzwwr f1sip0of lzcic4wl gpro0wi8 q66pz984 b1v8xokw\" tabindex=\"0\" role=\"link\" href=\"https:\/\/www.facebook.com\/hashtag\/litterati?__eep__=6&amp;__cft__[0]=AZWc7usT1mgjo_fyuUAmuQxViGktqZ7oLD9rtcqo_RucezQmMamnPMqRDSSSuHuHJIcAUCyhJTDUl-L29i7cHiq_-5HOQQdUvnV3ACb6GOevky5PNozzZw47Ejsj8JyVv0prVJOsmBGwstljWYyCIu_9OjWSI-MN6lU2-mdnls1zoXU9ngM08aqV2XjprNCGLJY&amp;__tn__=*NK-R\">#litterati<\/a><\/div>\n<div dir=\"auto\"><a class=\"oajrlxb2 g5ia77u1 qu0x051f esr5mh6w e9989ue4 r7d6kgcz rq0escxv nhd2j8a9 nc684nl6 p7hjln8o kvgmc6g5 cxmmr5t8 oygrvhab hcukyx3x jb3vyjys rz4wbd8a qt6c0cv9 a8nywdso i1ao9s8h esuyzwwr f1sip0of lzcic4wl gpro0wi8 q66pz984 b1v8xokw\" tabindex=\"0\" role=\"link\" href=\"https:\/\/www.facebook.com\/hashtag\/catalunyacleanupchallenge?__eep__=6&amp;__cft__[0]=AZWc7usT1mgjo_fyuUAmuQxViGktqZ7oLD9rtcqo_RucezQmMamnPMqRDSSSuHuHJIcAUCyhJTDUl-L29i7cHiq_-5HOQQdUvnV3ACb6GOevky5PNozzZw47Ejsj8JyVv0prVJOsmBGwstljWYyCIu_9OjWSI-MN6lU2-mdnls1zoXU9ngM08aqV2XjprNCGLJY&amp;__tn__=*NK-R\">#catalunyacleanupchallenge<\/a><\/div>\n<div dir=\"auto\"><a class=\"oajrlxb2 g5ia77u1 qu0x051f esr5mh6w e9989ue4 r7d6kgcz rq0escxv nhd2j8a9 nc684nl6 p7hjln8o kvgmc6g5 cxmmr5t8 oygrvhab hcukyx3x jb3vyjys rz4wbd8a qt6c0cv9 a8nywdso i1ao9s8h esuyzwwr f1sip0of lzcic4wl gpro0wi8 q66pz984 b1v8xokw\" tabindex=\"0\" role=\"link\" href=\"https:\/\/www.facebook.com\/hashtag\/xepr?__eep__=6&amp;__cft__[0]=AZWc7usT1mgjo_fyuUAmuQxViGktqZ7oLD9rtcqo_RucezQmMamnPMqRDSSSuHuHJIcAUCyhJTDUl-L29i7cHiq_-5HOQQdUvnV3ACb6GOevky5PNozzZw47Ejsj8JyVv0prVJOsmBGwstljWYyCIu_9OjWSI-MN6lU2-mdnls1zoXU9ngM08aqV2XjprNCGLJY&amp;__tn__=*NK-R\">#XEPR<\/a><\/div>\n<div dir=\"auto\"><a class=\"oajrlxb2 g5ia77u1 qu0x051f esr5mh6w e9989ue4 r7d6kgcz rq0escxv nhd2j8a9 nc684nl6 p7hjln8o kvgmc6g5 cxmmr5t8 oygrvhab hcukyx3x jb3vyjys rz4wbd8a qt6c0cv9 a8nywdso i1ao9s8h esuyzwwr f1sip0of lzcic4wl gpro0wi8 q66pz984 b1v8xokw\" tabindex=\"0\" role=\"link\" href=\"https:\/\/www.facebook.com\/hashtag\/viulap%C3%BAblica?__eep__=6&amp;__cft__[0]=AZWc7usT1mgjo_fyuUAmuQxViGktqZ7oLD9rtcqo_RucezQmMamnPMqRDSSSuHuHJIcAUCyhJTDUl-L29i7cHiq_-5HOQQdUvnV3ACb6GOevky5PNozzZw47Ejsj8JyVv0prVJOsmBGwstljWYyCIu_9OjWSI-MN6lU2-mdnls1zoXU9ngM08aqV2XjprNCGLJY&amp;__tn__=*NK-R\">#viulap\u00fablica<\/a><\/div>\n<\/div>\n<\/div>\n<\/div>\n<\/div>\n<\/div>\n<div id=\"jsc_c_11v\" class=\"l9j0dhe7\">\n<div class=\"l9j0dhe7\">\n<div>\n<div class=\"bp9cbjyn cwj9ozl2 j83agx80 cbu4d94t ni8dbmo4 stjgntxs l9j0dhe7 k4urcfbm\">\n<div>\n<div class=\"do00u71z ni8dbmo4 stjgntxs l9j0dhe7\">\n<div class=\"pmk7jnqg kr520xx4\"><img loading=\"lazy\" decoding=\"async\" class=\"i09qtzwb n7fi1qx3 datstx6m pmk7jnqg j9ispegn kr520xx4 k4urcfbm bixrwtb6\" src=\"https:\/\/scontent-cdg2-1.xx.fbcdn.net\/v\/t1.6435-9\/p843x403\/183367225_3608704082688600_5552350114544978113_n.jpg?_nc_cat=107&amp;ccb=1-5&amp;_nc_sid=8bfeb9&amp;_nc_ohc=6CXtfmbkAcAAX8CMWqK&amp;_nc_ht=scontent-cdg2-1.xx&amp;oh=00_AT_BHYCgqcs7FNrA_uPQXfQGLoqIcK1tcBffMAWLuThkaw&amp;oe=6202E569\" alt=\"May be an image of una o diverses persones, people standing, a l'exterior i text que diu 'EUROPE En aquesta acci\u00f3 hem recollit: 1415....K kg de residus ESCOL Entitat: 15kg kg ... Gr\u00e0cies als .............. 26 participants! ECOVIDRIO Diputaci\u00f3 Barcelona'\" width=\"843\" height=\"843\" \/><\/div>\n<\/div>\n<\/div>\n<\/div>\n<div class=\"linmgsc8 opwvks06 i09qtzwb n7fi1qx3 hzruof5a pmk7jnqg j9ispegn kr520xx4\"><\/div>\n<\/div>\n<div class=\"n00je7tq arfg74bv qs9ysxi8 k77z8yql i09qtzwb n7fi1qx3 b5wmifdl hzruof5a pmk7jnqg j9ispegn kr520xx4 c5ndavph art1omkt ot9fgl3s\" data-visualcompletion=\"ignore\"><\/div>\n<\/div>\n<div class=\"stjgntxs ni8dbmo4\">\n<ol>\n<li><strong><u>Qu\u00e8 \u00e9s el Catalunya CleanUp Challenge?<\/u><\/strong><\/li>\n<\/ol>\n<p>El\u00a0<strong>Catalunya CleanUp Challenge\u00a0<\/strong>\u00e9s una iniciativa de neteja col\u00b7lectiva que introdueix l\u2019\u00fas de la tecnologia (App Litterati, present en m\u00e9s de 160 pa\u00efsos) per fer-ho m\u00e9s divertit (ideal per fer-ho amb nens) per\u00f2 tamb\u00e9 per facilitar que es puguin prendre accions a partir de l\u2019an\u00e0lisi de les dades.<\/p>\n<p>El concepte \u00e9s molt senzill: es tracta de fer una fotografia de cada pe\u00e7a de brossa abans de recollir-la. L\u2019App autom\u00e0ticament la geolocalitza i despr\u00e9s, un cop pujada al n\u00favol, simplement cal etiquetar cada imatge (\u00e9s a dir, dir-li quin tipus d\u2019objecte \u00e9s, el material i quan tingui sentit, la marca).<\/p>\n<p>Descarregar-se l\u2019App i participar \u00e9s completament gratu\u00eft.\u00a0Es pot participar de forma an\u00f2nima (sense registrar-se) o registrant-se (simplement amb nom, cognom i un email). Registrar-se t\u00e9 alguns avantages per\u00f2 aix\u00f2 s\u00f3n detalls dels que podem parlar m\u00e9s endavant en cas de que tingueu inter\u00e8s.<\/p>\n<p><a href=\"https:\/\/agora.xtec.cat\/ceip-escola-montsant-reus\/wp-content\/uploads\/usu1887\/2020\/12\/Litterati_OB_Catalunya-Bilingual-ENG-CAT-1-1.pdf\">Descarrega\u2019t\u00a0 el tutorial de l\u2019 App: Litterati_OB_Catalunya Bilingual ENG-CAT (1) (1)<\/a><\/p>\n<p>Els impulsors s\u00f3n particulars\u00a0\u00a0que actuen sense cap mena d\u2019inter\u00e8s econ\u00f2mic, comercial o pol\u00edtic.\u00a0\u00a0Aix\u00f2 ho hem verificat perqu\u00e8 un d\u2019ells \u00e9s pare de la nostra escola!!!<\/p>\n<p>Per on seguir el projecte:<\/p>\n<p><strong>Facebook:\u00a0<\/strong><a href=\"https:\/\/www.facebook.com\/groups\/2856707021241464\" data-saferedirecturl=\"https:\/\/www.google.com\/url?q=https:\/\/www.facebook.com\/groups\/2856707021241464&amp;source=gmail&amp;ust=1608117865221000&amp;usg=AFQjCNHp6oGYDg8VKLX1QYD2lZWD-sZXHw\">https:\/\/www.facebook.com\/groups\/2856707021241464<\/a><\/p>\n<p><strong>Instagram:\u00a0<\/strong><a href=\"https:\/\/www.instagram.com\/catalunyacleanupchallenge\/\" data-saferedirecturl=\"https:\/\/www.google.com\/url?q=https:\/\/www.instagram.com\/catalunyacleanupchallenge\/&amp;source=gmail&amp;ust=1608117865221000&amp;usg=AFQjCNEfI4G6-jbP_ze5sq4MuQ5vMv8Maw\">https:\/\/www.instagram.com\/catalunyacleanupchallenge\/<\/a><\/p>\n<p><strong>LinkedIn:\u00a0<\/strong><a href=\"http:\/\/linkedin.com\/in\/robertgarciapano\" data-saferedirecturl=\"https:\/\/www.google.com\/url?q=http:\/\/linkedin.com\/in\/robertgarciapano&amp;source=gmail&amp;ust=1608117865221000&amp;usg=AFQjCNH864oXNn3FZKvVg6wcUQda7iHbTg\">linkedin.com\/in\/robertgarciapano<\/a><strong>\u00a0<\/strong><\/p>\n<p><a href=\"https:\/\/agora.xtec.cat\/ceip-escola-montsant-reus\/wp-content\/uploads\/usu1887\/2020\/12\/LA-MONTSANT-T%C3%89-CURA-DE-LA-TERRA_page-0001.jpg\"><img loading=\"lazy\" decoding=\"async\" class=\"size-large wp-image-2484 aligncenter\" src=\"https:\/\/agora.xtec.cat\/ceip-escola-montsant-reus\/wp-content\/uploads\/usu1887\/2020\/12\/LA-MONTSANT-T%C3%89-CURA-DE-LA-TERRA_page-0001-724x1024.jpg\" sizes=\"auto, (max-width: 724px) 100vw, 724px\" srcset=\"https:\/\/agora.xtec.cat\/ceip-escola-montsant-reus\/wp-content\/uploads\/usu1887\/2020\/12\/LA-MONTSANT-T\u00c9-CURA-DE-LA-TERRA_page-0001-724x1024.jpg 724w, https:\/\/agora.xtec.cat\/ceip-escola-montsant-reus\/wp-content\/uploads\/usu1887\/2020\/12\/LA-MONTSANT-T\u00c9-CURA-DE-LA-TERRA_page-0001-212x300.jpg 212w, https:\/\/agora.xtec.cat\/ceip-escola-montsant-reus\/wp-content\/uploads\/usu1887\/2020\/12\/LA-MONTSANT-T\u00c9-CURA-DE-LA-TERRA_page-0001-768x1086.jpg 768w, https:\/\/agora.xtec.cat\/ceip-escola-montsant-reus\/wp-content\/uploads\/usu1887\/2020\/12\/LA-MONTSANT-T\u00c9-CURA-DE-LA-TERRA_page-0001.jpg 800w\" alt=\"\" width=\"724\" height=\"1024\" \/><\/a><\/p>\n<\/div>\n<\/div>\n<\/div>\n<div>\n<div class=\"stjgntxs ni8dbmo4 l82x9zwi uo3d90p7 h905i5nu monazrh9\" data-visualcompletion=\"ignore-dynamic\">\n<div>\n<div>\n<div>\n<div class=\"l9j0dhe7\">\n<div class=\"bp9cbjyn m9osqain j83agx80 jq4qci2q bkfpd7mw a3bd9o3v kvgmc6g5 wkznzc2l oygrvhab dhix69tm jktsbyx5 rz4wbd8a osnr6wyh a8nywdso s1tcr66n\">\n<div class=\"bp9cbjyn j83agx80 buofh1pr ni8dbmo4 stjgntxs\">\n<div class=\"oajrlxb2 gs1a9yip g5ia77u1 mtkw9kbi tlpljxtp qensuy8j ppp5ayq2 goun2846 ccm00jje s44p3ltw mk2mc5f4 rt8b4zig n8ej3o3l agehan2d sk4xxmp2 rq0escxv nhd2j8a9 mg4g778l pfnyh3mw p7hjln8o kvgmc6g5 cxmmr5t8 oygrvhab hcukyx3x tgvbjcpo hpfvmrgz jb3vyjys rz4wbd8a qt6c0cv9 a8nywdso l9j0dhe7 i1ao9s8h esuyzwwr f1sip0of du4w35lb n00je7tq arfg74bv qs9ysxi8 k77z8yql pq6dq46d btwxx1t3 abiwlrkh p8dawk7l lzcic4wl\" tabindex=\"0\" role=\"button\" aria-label=\"M'agrada: 16 persones\"><img class=\"j1lvzwm4\" role=\"presentation\" width=\"18\" height=\"18\" \/><\/div>\n<\/div>\n<\/div>\n<\/div>\n<\/div>\n<\/div>\n<\/div>\n<\/div>\n<\/div>\n","protected":false},"excerpt":{"rendered":"<p>REPTE ACONSEGUIT10.000 peces de deixalles amb l&#8217;aplicaci\u00f3 Literatti i el MONTSANT REUS CHALLENGE Mil gr\u00e0cies a totes les fam\u00edlies que han participat! <\/p>\n<p>L&#8217;alumnat de 5\u00e8 hem participat en l&#8217;edici\u00f3 d&#8217;aquest any del LET&#8217;S CLEAN UP EUROPE  aquest divendres dia 7 de maig i, conjuntament,&hellip;  <a href=\"https:\/\/agora.xtec.cat\/ceip-escola-montsant-reus\/projectes-2\/escola-verda\/montsant-reus-challenge-i-catalunya-clean-up-challenge\/\" title=\"Read MONTSANT REUS CHALLENGE I CATALUNYA CLEAN UP CHALLENGE\">Llegeix m\u00e9s\u00bb<\/a><\/p>\n","protected":false},"author":1,"featured_media":0,"parent":1415,"menu_order":0,"comment_status":"closed","ping_status":"closed","template":"","meta":{"_bbp_topic_count":0,"_bbp_reply_count":0,"_bbp_total_topic_count":0,"_bbp_total_reply_count":0,"_bbp_voice_count":0,"_bbp_anonymous_reply_count":0,"_bbp_topic_count_hidden":0,"_bbp_reply_count_hidden":0,"_bbp_forum_subforum_count":0,"footnotes":""},"class_list":["post-3009","page","type-page","status-publish","hentry"],"post_mailing_queue_ids":[],"_links":{"self":[{"href":"https:\/\/agora.xtec.cat\/ceip-escola-montsant-reus\/wp-json\/wp\/v2\/pages\/3009","targetHints":{"allow":["GET"]}}],"collection":[{"href":"https:\/\/agora.xtec.cat\/ceip-escola-montsant-reus\/wp-json\/wp\/v2\/pages"}],"about":[{"href":"https:\/\/agora.xtec.cat\/ceip-escola-montsant-reus\/wp-json\/wp\/v2\/types\/page"}],"author":[{"embeddable":true,"href":"https:\/\/agora.xtec.cat\/ceip-escola-montsant-reus\/wp-json\/wp\/v2\/users\/1"}],"replies":[{"embeddable":true,"href":"https:\/\/agora.xtec.cat\/ceip-escola-montsant-reus\/wp-json\/wp\/v2\/comments?post=3009"}],"version-history":[{"count":3,"href":"https:\/\/agora.xtec.cat\/ceip-escola-montsant-reus\/wp-json\/wp\/v2\/pages\/3009\/revisions"}],"predecessor-version":[{"id":3012,"href":"https:\/\/agora.xtec.cat\/ceip-escola-montsant-reus\/wp-json\/wp\/v2\/pages\/3009\/revisions\/3012"}],"up":[{"embeddable":true,"href":"https:\/\/agora.xtec.cat\/ceip-escola-montsant-reus\/wp-json\/wp\/v2\/pages\/1415"}],"wp:attachment":[{"href":"https:\/\/agora.xtec.cat\/ceip-escola-montsant-reus\/wp-json\/wp\/v2\/media?parent=3009"}],"curies":[{"name":"wp","href":"https:\/\/api.w.org\/{rel}","templated":true}]}}