{"id":30,"date":"2014-09-18T12:30:23","date_gmt":"2014-09-18T11:30:23","guid":{"rendered":"http:\/\/agora.xtec.cat\/ceip-escola-montsant-reus\/?page_id=30"},"modified":"2021-04-11T18:28:43","modified_gmt":"2021-04-11T16:28:43","slug":"instal%c2%b7lacions","status":"publish","type":"page","link":"https:\/\/agora.xtec.cat\/ceip-escola-montsant-reus\/lescola\/qui-som\/instal%c2%b7lacions\/","title":{"rendered":"Vols veure la nostra escola?"},"content":{"rendered":"<p>Vols veure una mica la nostra escola? Aqu\u00ed tens un v\u00eddeo del curs 2020-2021 amb un resum del projecte i un altre v\u00eddeo amb un lipdub que vam fer el curs 2013-2014 amb la can\u00e7\u00f3 de la nostra escola. No te&#8217;ls perdis!<\/p>\n<p>Projecte de la nostra escola. Curs 2020-2021<\/p>\n<p><iframe loading=\"lazy\" title=\"Projecte Escola Montsant\" width=\"500\" height=\"281\" src=\"https:\/\/www.youtube.com\/embed\/wyUDQQVa61M?start=1&#038;feature=oembed\" frameborder=\"0\" allow=\"accelerometer; autoplay; clipboard-write; encrypted-media; gyroscope; picture-in-picture; web-share\" referrerpolicy=\"strict-origin-when-cross-origin\" allowfullscreen><\/iframe><\/p>\n<p>L&#8217;alumnat del curs 2013-2014 et mostra l&#8217;escola i t&#8217;explica qu\u00e8 hi pots trobar. Gaudeix el Lipdub i escolta b\u00e9 la can\u00e7\u00f3&#8230; \u00e9s la nostra!<\/p>\n<p><iframe loading=\"lazy\" src=\"\/\/player.vimeo.com\/video\/109920242\" width=\"500\" height=\"281\" frameborder=\"0\"><\/iframe> from <a href=\"http:\/\/vimeo.com\/user33387356\">Escola Montsant<\/a> on <a href=\"https:\/\/vimeo.com\">Vimeo<\/a>.<\/p>\n","protected":false},"excerpt":{"rendered":"<p>Vols veure una mica la nostra escola? Aqu\u00ed tens un v\u00eddeo del curs 2020-2021 amb un resum del projecte i un altre v\u00eddeo amb un lipdub que vam fer el curs 2013-2014 amb la can\u00e7\u00f3 de la nostra escola. No te&#8217;ls perdis!<br \/>\nProjecte de la nostra&hellip;  <a href=\"https:\/\/agora.xtec.cat\/ceip-escola-montsant-reus\/lescola\/qui-som\/instal%c2%b7lacions\/\" title=\"Read Vols veure la nostra escola?\">Llegeix m\u00e9s\u00bb<\/a><\/p>\n","protected":false},"author":1,"featured_media":0,"parent":2169,"menu_order":40,"comment_status":"closed","ping_status":"closed","template":"page-templates\/side-menu.php","meta":{"_bbp_topic_count":0,"_bbp_reply_count":0,"_bbp_total_topic_count":0,"_bbp_total_reply_count":0,"_bbp_voice_count":0,"_bbp_anonymous_reply_count":0,"_bbp_topic_count_hidden":0,"_bbp_reply_count_hidden":0,"_bbp_forum_subforum_count":0,"footnotes":""},"class_list":["post-30","page","type-page","status-publish","hentry"],"post_mailing_queue_ids":[],"_links":{"self":[{"href":"https:\/\/agora.xtec.cat\/ceip-escola-montsant-reus\/wp-json\/wp\/v2\/pages\/30","targetHints":{"allow":["GET"]}}],"collection":[{"href":"https:\/\/agora.xtec.cat\/ceip-escola-montsant-reus\/wp-json\/wp\/v2\/pages"}],"about":[{"href":"https:\/\/agora.xtec.cat\/ceip-escola-montsant-reus\/wp-json\/wp\/v2\/types\/page"}],"author":[{"embeddable":true,"href":"https:\/\/agora.xtec.cat\/ceip-escola-montsant-reus\/wp-json\/wp\/v2\/users\/1"}],"replies":[{"embeddable":true,"href":"https:\/\/agora.xtec.cat\/ceip-escola-montsant-reus\/wp-json\/wp\/v2\/comments?post=30"}],"version-history":[{"count":4,"href":"https:\/\/agora.xtec.cat\/ceip-escola-montsant-reus\/wp-json\/wp\/v2\/pages\/30\/revisions"}],"predecessor-version":[{"id":2763,"href":"https:\/\/agora.xtec.cat\/ceip-escola-montsant-reus\/wp-json\/wp\/v2\/pages\/30\/revisions\/2763"}],"up":[{"embeddable":true,"href":"https:\/\/agora.xtec.cat\/ceip-escola-montsant-reus\/wp-json\/wp\/v2\/pages\/2169"}],"wp:attachment":[{"href":"https:\/\/agora.xtec.cat\/ceip-escola-montsant-reus\/wp-json\/wp\/v2\/media?parent=30"}],"curies":[{"name":"wp","href":"https:\/\/api.w.org\/{rel}","templated":true}]}}

<p>Vols veure una mica la nostra escola? Aquí tens un vídeo del curs 2020-2021 amb un resum del projecte i un altre vídeo amb un lipdub que vam fer el curs 2013-2014 amb la cançó de la nostra escola. No te&#8217;ls perdis!</p>
<p>Projecte de la nostra escola. Curs 2020-2021</p>
<p><iframe loading="lazy" title="Projecte Escola Montsant" width="500" height="281" src="https://www.youtube.com/embed/wyUDQQVa61M?start=1&#038;feature=oembed" frameborder="0" allow="accelerometer; autoplay; clipboard-write; encrypted-media; gyroscope; picture-in-picture; web-share" referrerpolicy="strict-origin-when-cross-origin" allowfullscreen></iframe></p>
<p>L&#8217;alumnat del curs 2013-2014 et mostra l&#8217;escola i t&#8217;explica què hi pots trobar. Gaudeix el Lipdub i escolta bé la cançó&#8230; és la nostra!</p>
<p><iframe loading="lazy" src="//player.vimeo.com/video/109920242" width="500" height="281" frameborder="0"></iframe> from <a href="http://vimeo.com/user33387356">Escola Montsant</a> on <a href="https://vimeo.com">Vimeo</a>.</p>

<p>Vols veure una mica la nostra escola? Aquí tens un vídeo del curs 2020-2021 amb un resum del projecte i un altre vídeo amb un lipdub que vam fer el curs 2013-2014 amb la cançó de la nostra escola. No te&#8217;ls perdis!<br />
Projecte de la nostra&hellip;  <a href="https://agora.xtec.cat/ceip-escola-montsant-reus/lescola/qui-som/instal%c2%b7lacions/" title="Read Vols veure la nostra escola?">Llegeix més»</a></p>
