{"id":28,"date":"2014-09-18T12:29:35","date_gmt":"2014-09-18T11:29:35","guid":{"rendered":"http:\/\/agora.xtec.cat\/ceip-escola-montsant-reus\/?page_id=28"},"modified":"2026-04-22T15:14:26","modified_gmt":"2026-04-22T13:14:26","slug":"consell-escolar","status":"publish","type":"page","link":"https:\/\/agora.xtec.cat\/ceip-escola-montsant-reus\/lescola\/comunitat-educativa\/consell-escolar\/","title":{"rendered":"Consell escolar"},"content":{"rendered":"<h4><span style=\"color: #000080;\">MEMBRES DEL CONSELL ESCOLAR<\/span><\/h4>\n<p>Presidenta\u00a0 \u00a0 \u00a0 \u00a0 \u00a0 \u00a0 \u00a0 \u00a0 \u00a0 \u00a0 \u00a0 \u00a0 \u00a0 \u00a0 \u00a0 \u00a0 \u00a0 \u00a0 \u00a0 Laura Tricaz Moragas<br \/>\nCap d&#8217;estudis\u00a0 \u00a0 \u00a0 \u00a0 \u00a0 \u00a0 \u00a0 \u00a0 \u00a0 \u00a0 \u00a0 \u00a0 \u00a0 \u00a0 \u00a0 \u00a0 \u00a0Fernando Ortega Just\u00edcia<br \/>\nSecretari\/\u00e0ria\u00a0 \u00a0 \u00a0 \u00a0 \u00a0 \u00a0 \u00a0 \u00a0 \u00a0 \u00a0 \u00a0 \u00a0 \u00a0 \u00a0 \u00a0 \u00a0 \u00a0 Marina Bertran Ibarz<\/p>\n<p>Representant de l&#8217;Ajuntament\u00a0 \u00a0 \u00a0 \u00a0 Alba Galocha Garcia<\/p>\n<p>Representant de l&#8217;AMPA\u00a0 \u00a0 \u00a0 \u00a0 \u00a0 \u00a0 \u00a0 \u00a0 \u00a0Marta Serra Le\u00f3n<\/p>\n<p>Representant de pares i mares\u00a0 \u00a0 \u00a0 Jordi Bages-Querol Blanco<br \/>\nRepresentant de pares i mares\u00a0 \u00a0 \u00a0 M. Cruz Gallardo Ruiz<br \/>\nRepresentant de pares i mares\u00a0 \u00a0 \u00a0 Jordi Grifoll Lomas<br \/>\nRepresentant de pares i mares\u00a0 \u00a0 \u00a0 Olga San Felipe Palau<\/p>\n<p>Representant del PAS\/PAE\u00a0 \u00a0 \u00a0 \u00a0 \u00a0 \u00a0 \u00a0 \u00a0 \u00a0 \u00a0 \u00a0M. Montserrat Balsells Alari<\/p>\n<p>Representant del professorat\u00a0 \u00a0 \u00a0 \u00a0 \u00a0 Anna Bala\u00f1\u00e0 Prats<br \/>\nRepresentant del professorat\u00a0 \u00a0 \u00a0 \u00a0 \u00a0 Carmen Estivill Garcia<br \/>\nRepresentant del professorat\u00a0 \u00a0 \u00a0 \u00a0 \u00a0 Montserrat Gin\u00e9 Anguera<\/p>\n<p>Representant del professorat\u00a0 \u00a0 \u00a0 \u00a0 \u00a0 Robert Giron\u00e8s Fargas<br \/>\nRepresentant del professorat\u00a0 \u00a0 \u00a0 \u00a0 \u00a0 Anna Mateo Campoy<br \/>\n<strong>La funci\u00f3 principal del consell escolar \u00e9s participar en la presa de decisions en relaci\u00f3 amb aquells temes importants per al funcionament i l&#8217;organitzaci\u00f3 del centre.<\/strong><\/p>\n<p><a href=\"http:\/\/ensenyament.gencat.cat\/ca\/arees-actuacio\/centres-serveis-educatius\/centres\/consells-escolars-centres\/centres-publics\/\">http:\/\/ensenyament.gencat.cat\/ca\/arees-actuacio\/centres-serveis-educatius\/centres\/consells-escolars-centres\/centres-publics\/<\/a><\/p>\n<h4><span style=\"color: #000080;\">ACORDS CURS 2025-2026<\/span><\/h4>\n<ul>\n<li><a href=\"https:\/\/agora.xtec.cat\/ceip-escola-montsant-reus\/wp-content\/uploads\/usu1887\/2026\/04\/CERTFICAT-ACORDS-CONSELL-0.pdf\">20251008 Acords Consell Escolar<\/a><\/li>\n<li><a href=\"https:\/\/agora.xtec.cat\/ceip-escola-montsant-reus\/wp-content\/uploads\/usu1887\/2025\/12\/CERTFICAT-ACORDS-CONSELL-2-25-26.pdf\">20251203 Acords Consell Escolar\u00a0<\/a><\/li>\n<li><a href=\"https:\/\/agora.xtec.cat\/ceip-escola-montsant-reus\/wp-content\/uploads\/usu1887\/2026\/04\/20260202_CERTFICAT_ACORDS_CONSELL_3.pdf\">20260128 Acords Consell Escolar<\/a><\/li>\n<\/ul>\n<h4><span style=\"color: #000080;\">CONTRACTES MENORS CURS 2025-2026<\/span><\/h4>\n<p><a href=\"https:\/\/agora.xtec.cat\/ceip-escola-montsant-reus\/wp-content\/uploads\/usu1887\/2025\/07\/Contracte-Menor-ds-Teresa-i-Jose-Plana-EMPRESA-PLANA-S.L.-pdf.pdf-IMPORT-ARREGLAT.pdf\">Contracte Menor EMPRESA PLANA <\/a><\/p>\n<p><a href=\"https:\/\/agora.xtec.cat\/ceip-escola-montsant-reus\/wp-content\/uploads\/usu1887\/2025\/07\/Contracte-Menor-CR4-.pdf-Comercial-Reus-4atre-pdf.pdf-IMPORT-ARREGLAT.pdf\">Contracte Menor Comercial Reus 4atre <\/a><\/p>\n<p><a href=\"https:\/\/agora.xtec.cat\/ceip-escola-montsant-reus\/wp-content\/uploads\/usu1887\/2025\/07\/Contracte-Menor-GS.pdf\">Contracte Menor GS<\/a><\/p>\n<p><a href=\"https:\/\/agora.xtec.cat\/ceip-escola-montsant-reus\/wp-content\/uploads\/usu1887\/2025\/07\/Contracte-Menor-.pdf-Montserrat-Carrion-Pedrol-.pdf\">Contracte Menor 4 Potes Montserrat Carri\u00f3n Pedrol<\/a><\/p>\n<h4><span style=\"color: #000080;\">ACORDS CURS 2024-2025<\/span><\/h4>\n<ul>\n<li><a href=\"https:\/\/agora.xtec.cat\/ceip-escola-montsant-reus\/wp-content\/uploads\/usu1887\/2024\/10\/20241007-CERTFICAT-ACORDS-CONSELL-1.pdf\">Acords Consell escolar 13-10-2024<\/a><\/li>\n<li><a href=\"https:\/\/agora.xtec.cat\/ceip-escola-montsant-reus\/wp-content\/uploads\/usu1887\/2025\/06\/Acords-Consell-Escolar-27-01-2025.pdf\">Acords Consell Escolar 27-01-2025<\/a><\/li>\n<li><a href=\"https:\/\/agora.xtec.cat\/ceip-escola-montsant-reus\/wp-content\/uploads\/usu1887\/2025\/06\/Acords-Consell-Escolar-06-06-2025.pdf\">Acords Consell Escolar 06-06-2025<\/a><\/li>\n<\/ul>\n<h4><span style=\"color: #000080;\">CONTRACTES MENORS CURS 2024-2025<\/span><\/h4>\n<p><a href=\"https:\/\/agora.xtec.cat\/ceip-escola-montsant-reus\/wp-content\/uploads\/usu1887\/2025\/07\/Contracte-Menor-ds-Teresa-i-Jose-Plana-EMPRESA-PLANA-S.L.-pdf.pdf-IMPORT-ARREGLAT.pdf\">Contracte Menor EMPRESA PLANA <\/a><\/p>\n<p><a href=\"https:\/\/agora.xtec.cat\/ceip-escola-montsant-reus\/wp-content\/uploads\/usu1887\/2025\/07\/Contracte-Menor-CR4-.pdf-Comercial-Reus-4atre-pdf.pdf-IMPORT-ARREGLAT.pdf\">Contracte Menor Comercial Reus 4atre <\/a><\/p>\n<p><a href=\"https:\/\/agora.xtec.cat\/ceip-escola-montsant-reus\/wp-content\/uploads\/usu1887\/2025\/07\/Contracte-Menor-GS.pdf\">Contracte Menor GS<\/a><\/p>\n<p><a href=\"https:\/\/agora.xtec.cat\/ceip-escola-montsant-reus\/wp-content\/uploads\/usu1887\/2025\/07\/Contracte-Menor-.pdf-Montserrat-Carrion-Pedrol-.pdf\">Contracte Menor 4 Potes Montserrat Carri\u00f3n Pedrol<\/a><\/p>\n<h4><span style=\"color: #000080;\">ACORDS CURS 2023-2024<\/span><\/h4>\n<ul>\n<li><a href=\"https:\/\/agora.xtec.cat\/ceip-escola-montsant-reus\/wp-content\/uploads\/usu1887\/2024\/10\/CERTFICAT-ACORDS-CONSELL-1-Documents-de-Google-1.pdf\">Acords Consell escolar 26-10-2023\u00a0<\/a><\/li>\n<li><a href=\"https:\/\/agora.xtec.cat\/ceip-escola-montsant-reus\/wp-content\/uploads\/usu1887\/2024\/10\/CERTFICAT-ACORDS-CONSELL-2-Documents-de-Google-1.pdf\">Acords Consell escolar 4-12-2023<\/a><\/li>\n<li><a href=\"https:\/\/agora.xtec.cat\/ceip-escola-montsant-reus\/wp-content\/uploads\/usu1887\/2024\/10\/CERTFICAT-ACORDS-CONSELL-3-Documents-de-Google-1.pdf\">Acords Consell escolar 29-01-2024\u00a0<\/a><\/li>\n<li><a href=\"https:\/\/agora.xtec.cat\/ceip-escola-montsant-reus\/wp-content\/uploads\/usu1887\/2024\/10\/CERTFICAT-ACORDS-CONSELL-4.pdf\">Acords Consell escolar 17-06-2024\u00a0<\/a><\/li>\n<\/ul>\n<h4><span style=\"color: #000080;\">ACORDS CURS 2022-2023<\/span><\/h4>\n<ul>\n<li><a href=\"https:\/\/agora.xtec.cat\/ceip-escola-montsant-reus\/wp-content\/uploads\/usu1887\/2023\/02\/CERTFICAT-ACORDS-CONSELL-1-Documents-de-Google.pdf\">Acords Consell Escolar 28-09-2022<\/a><\/li>\n<li><a href=\"https:\/\/agora.xtec.cat\/ceip-escola-montsant-reus\/wp-content\/uploads\/usu1887\/2023\/02\/CERTFICAT-ACORDS-CONSELL-2-Documents-de-Google.pdf\">Acords Consell Escolar 23-01-2023<\/a><\/li>\n<li><a href=\"https:\/\/agora.xtec.cat\/ceip-escola-montsant-reus\/wp-content\/uploads\/usu1887\/2023\/02\/Liquidacio-del-pressupost-2022.pdf\">Liquidaci\u00f3 del pressupost 2022<\/a><\/li>\n<li><a href=\"https:\/\/agora.xtec.cat\/ceip-escola-montsant-reus\/wp-content\/uploads\/usu1887\/2023\/02\/Dades-del-pressupost-2023.pdf\">Dades del pressupost 2023<\/a><\/li>\n<li><a href=\"https:\/\/agora.xtec.cat\/ceip-escola-montsant-reus\/wp-content\/uploads\/usu1887\/2023\/04\/CERTFICAT-ACORDS-CONSELL-3-Documents-de-Google.pdf\">Acords Consell Escolar 18-04-2023<\/a><\/li>\n<\/ul>\n<h4><span style=\"color: #000080;\">ACORDS CURS 2021-2022<\/span><\/h4>\n<ul style=\"list-style-type: disc;\">\n<li><a href=\"https:\/\/agora.xtec.cat\/ceip-escola-montsant-reus\/wp-content\/uploads\/usu1887\/2021\/10\/CERTFICAT-ACORDS-CONSELL-1.pdf\">Acords Consell Escolar &#8211; 28-09-2021<\/a><\/li>\n<li><a href=\"https:\/\/agora.xtec.cat\/ceip-escola-montsant-reus\/wp-content\/uploads\/usu1887\/2022\/07\/CERTFICAT-ACORDS-CONSELL-2.pdf\">Acords Consell Escolar 13-12-2021<\/a><\/li>\n<li><a href=\"https:\/\/agora.xtec.cat\/ceip-escola-montsant-reus\/wp-content\/uploads\/usu1887\/2022\/07\/CERTFICAT-ACORDS-CONSELL-3.pdf\">Acords consell escolar 18-01-2022<\/a><\/li>\n<li><a href=\"https:\/\/agora.xtec.cat\/ceip-escola-montsant-reus\/wp-content\/uploads\/usu1887\/2022\/07\/CERTFICAT-ACORDS-CONSELL-4.docx-Documents-de-Google.pdf\">Acords Consell Escolar 17-06-2022<\/a><\/li>\n<li><a href=\"https:\/\/agora.xtec.cat\/ceip-escola-montsant-reus\/wp-content\/uploads\/usu1887\/2022\/07\/CERTFICAT-ACORDS-CONSELL-5.docx-Documents-de-Google.pdf\">Acords Consell Escolar 21-06-2022<\/a><\/li>\n<li><a href=\"https:\/\/agora.xtec.cat\/ceip-escola-montsant-reus\/wp-content\/uploads\/usu1887\/2022\/07\/CERTFICAT-ACORDS-CONSELL-6.docx-Documents-de-Google.pdf\">Acords Consell Escolar 07-07-2022<\/a><\/li>\n<\/ul>\n<h4><span style=\"color: #000080;\">ACORDS CURS 2020-2021<\/span><\/h4>\n<ul>\n<li><a href=\"https:\/\/agora.xtec.cat\/ceip-escola-montsant-reus\/wp-content\/uploads\/usu1887\/2021\/03\/Liquidaci\u00f3-del-pressupost_2020.pdf\">Liquidaci\u00f3 del pressupost_2020<\/a><\/li>\n<li><a href=\"https:\/\/agora.xtec.cat\/ceip-escola-montsant-reus\/wp-content\/uploads\/usu1887\/2021\/03\/Dades-del-pressupost_2021.pdf\">Dades del pressupost_2021<\/a><\/li>\n<li><a href=\"https:\/\/agora.xtec.cat\/ceip-escola-montsant-reus\/wp-content\/uploads\/usu1887\/2021\/03\/CERTFICAT-ACORDS-CONSELL-4.pdf\">Acord Consell Escolar &#8211; 05.02.2021<\/a><\/li>\n<li><a href=\"https:\/\/agora.xtec.cat\/ceip-escola-montsant-reus\/wp-content\/uploads\/usu1887\/2021\/04\/Acords-Consell-Escolar-17-03-2021.pdf\">Acords Consell Escolar 17-03-2021<\/a><\/li>\n<li><a href=\"https:\/\/agora.xtec.cat\/ceip-escola-montsant-reus\/wp-content\/uploads\/usu1887\/2021\/09\/Acords-Consell-Escolar-22-06-21.pdf\">Acords Consell Escolar 22-06-21<\/a><\/li>\n<\/ul>\n<h4><span style=\"color: #000080;\">ACORDS CURS 2019-2020<\/span><\/h4>\n<ul>\n<li><a href=\"https:\/\/agora.xtec.cat\/ceip-escola-montsant-reus\/wp-content\/uploads\/usu1887\/2020\/06\/CERTFICAT-ACORDS-CONSELL-1.pdf\">Acords Consell Escolar &#8211; 01.10.2019<\/a><\/li>\n<li><a href=\"https:\/\/agora.xtec.cat\/ceip-escola-montsant-reus\/wp-content\/uploads\/usu1887\/2020\/06\/CERTIFICAT-ACORDS-CONSELL-2.pdf\">Acords Consell Escolar &#8211; 27.10.2019<\/a><\/li>\n<li><a href=\"https:\/\/agora.xtec.cat\/ceip-escola-montsant-reus\/wp-content\/uploads\/usu1887\/2020\/06\/CERTFICAT-ACORDS-CONSELL-3.pdf\">Acords Consell Escolar &#8211; 14.11.2019<\/a><\/li>\n<li><a href=\"https:\/\/agora.xtec.cat\/ceip-escola-montsant-reus\/wp-content\/uploads\/usu1887\/2020\/06\/CERTFICAT-ACORDS-CONSELL-4.pdf\">Acords Consell Escolar &#8211; 23.01.2020<\/a><\/li>\n<li><a href=\"https:\/\/agora.xtec.cat\/ceip-escola-montsant-reus\/wp-content\/uploads\/usu1887\/2020\/06\/CERTFICAT-ACORDS-CONSELL-5.pdf\">Acords Consell Escolar &#8211; 29.05.2020<\/a><\/li>\n<li><span style=\"color: #000080;\"><a href=\"https:\/\/agora.xtec.cat\/ceip-escola-montsant-reus\/wp-content\/uploads\/usu1887\/2020\/07\/CERTFICAT-ACORDS-CONSELL-6.pdf\">Acords Consell Escolar &#8211; 25.06.2020<\/a><\/span><\/li>\n<li><a href=\"https:\/\/agora.xtec.cat\/ceip-escola-montsant-reus\/wp-content\/uploads\/usu1887\/2020\/07\/CERTIFICAT-ACORDS-CONSELL-6-1.pdf\">Acords Consell Escolar . 18.08.2020<\/a><\/li>\n<\/ul>\n","protected":false},"excerpt":{"rendered":"<p>MEMBRES DEL CONSELL ESCOLAR<br \/>\nPresidenta\u00a0 \u00a0 \u00a0 \u00a0 \u00a0 \u00a0 \u00a0 \u00a0 \u00a0 \u00a0 \u00a0 \u00a0 \u00a0 \u00a0 \u00a0 \u00a0 \u00a0 \u00a0 \u00a0 Laura Tricaz Moragas<br \/>\nCap d&#8217;estudis\u00a0 \u00a0 \u00a0 \u00a0 \u00a0 \u00a0 \u00a0 \u00a0 \u00a0 \u00a0 \u00a0 \u00a0 \u00a0 \u00a0 \u00a0 \u00a0 \u00a0Fernando Ortega Just\u00edcia<br \/>\nSecretari\/\u00e0ria\u00a0 \u00a0&hellip;  <a href=\"https:\/\/agora.xtec.cat\/ceip-escola-montsant-reus\/lescola\/comunitat-educativa\/consell-escolar\/\" title=\"Read Consell escolar\">Llegeix m\u00e9s\u00bb<\/a><\/p>\n","protected":false},"author":1,"featured_media":0,"parent":2178,"menu_order":30,"comment_status":"closed","ping_status":"closed","template":"page-templates\/side-menu.php","meta":{"_bbp_topic_count":0,"_bbp_reply_count":0,"_bbp_total_topic_count":0,"_bbp_total_reply_count":0,"_bbp_voice_count":0,"_bbp_anonymous_reply_count":0,"_bbp_topic_count_hidden":0,"_bbp_reply_count_hidden":0,"_bbp_forum_subforum_count":0,"footnotes":""},"class_list":["post-28","page","type-page","status-publish","hentry"],"post_mailing_queue_ids":[],"_links":{"self":[{"href":"https:\/\/agora.xtec.cat\/ceip-escola-montsant-reus\/wp-json\/wp\/v2\/pages\/28","targetHints":{"allow":["GET"]}}],"collection":[{"href":"https:\/\/agora.xtec.cat\/ceip-escola-montsant-reus\/wp-json\/wp\/v2\/pages"}],"about":[{"href":"https:\/\/agora.xtec.cat\/ceip-escola-montsant-reus\/wp-json\/wp\/v2\/types\/page"}],"author":[{"embeddable":true,"href":"https:\/\/agora.xtec.cat\/ceip-escola-montsant-reus\/wp-json\/wp\/v2\/users\/1"}],"replies":[{"embeddable":true,"href":"https:\/\/agora.xtec.cat\/ceip-escola-montsant-reus\/wp-json\/wp\/v2\/comments?post=28"}],"version-history":[{"count":6,"href":"https:\/\/agora.xtec.cat\/ceip-escola-montsant-reus\/wp-json\/wp\/v2\/pages\/28\/revisions"}],"predecessor-version":[{"id":3679,"href":"https:\/\/agora.xtec.cat\/ceip-escola-montsant-reus\/wp-json\/wp\/v2\/pages\/28\/revisions\/3679"}],"up":[{"embeddable":true,"href":"https:\/\/agora.xtec.cat\/ceip-escola-montsant-reus\/wp-json\/wp\/v2\/pages\/2178"}],"wp:attachment":[{"href":"https:\/\/agora.xtec.cat\/ceip-escola-montsant-reus\/wp-json\/wp\/v2\/media?parent=28"}],"curies":[{"name":"wp","href":"https:\/\/api.w.org\/{rel}","templated":true}]}}