{"id":2759,"date":"2021-04-11T18:21:44","date_gmt":"2021-04-11T16:21:44","guid":{"rendered":"http:\/\/agora.xtec.cat\/ceip-escola-montsant-reus\/?page_id=2759"},"modified":"2021-04-11T18:21:44","modified_gmt":"2021-04-11T16:21:44","slug":"polseres-joemcorono","status":"publish","type":"page","link":"https:\/\/agora.xtec.cat\/ceip-escola-montsant-reus\/projectes-2\/montsant-solidaria\/polseres-joemcorono\/","title":{"rendered":"Polseres #joemcorono"},"content":{"rendered":"<p>Una hist\u00f2ria molt bonica:<br \/>\nDurant el primer confinament, la Juna, de 4 anys, va fer una pe\u00e7a de fang del covid-19 per al seu avi, el metge Bonaventura Clotet. La seva interpretaci\u00f3 del coronavirus s\u2019ha convertit en un missatge d\u2019esperan\u00e7a. Grans i petits sumem esfor\u00e7os per v\u00e8ncer el virus.<\/p>\n<p>\u201cSom-hi\u201d (100% Reus \ud83d\ude09) se suma a la lluita amb aquestes polseres fetes a m\u00e0 i esmaltades una a una.<\/p>\n<p>El 100% dels beneficis es destinar\u00e0 a la iniciativa #JoEmCorono, en la seva lluita contra el coronavirus.<\/p>\n<p><a href=\"https:\/\/agora.xtec.cat\/ceip-escola-montsant-reus\/wp-content\/uploads\/usu1887\/2021\/03\/6f4b2e21-6f67-45e8-a04b-e2e558aec29a.jpg\"><img loading=\"lazy\" decoding=\"async\" class=\"wp-image-2605 aligncenter\" src=\"https:\/\/agora.xtec.cat\/ceip-escola-montsant-reus\/wp-content\/uploads\/usu1887\/2021\/03\/6f4b2e21-6f67-45e8-a04b-e2e558aec29a-1024x731.jpg\" alt=\"\" width=\"378\" height=\"270\" srcset=\"https:\/\/agora.xtec.cat\/ceip-escola-montsant-reus\/wp-content\/uploads\/usu1887\/2021\/03\/6f4b2e21-6f67-45e8-a04b-e2e558aec29a-1024x731.jpg 1024w, https:\/\/agora.xtec.cat\/ceip-escola-montsant-reus\/wp-content\/uploads\/usu1887\/2021\/03\/6f4b2e21-6f67-45e8-a04b-e2e558aec29a-300x214.jpg 300w, https:\/\/agora.xtec.cat\/ceip-escola-montsant-reus\/wp-content\/uploads\/usu1887\/2021\/03\/6f4b2e21-6f67-45e8-a04b-e2e558aec29a-768x549.jpg 768w, https:\/\/agora.xtec.cat\/ceip-escola-montsant-reus\/wp-content\/uploads\/usu1887\/2021\/03\/6f4b2e21-6f67-45e8-a04b-e2e558aec29a.jpg 1400w\" sizes=\"auto, (max-width: 378px) 100vw, 378px\" \/><\/a><\/p>\n","protected":false},"excerpt":{"rendered":"<p>Una hist\u00f2ria molt bonica:<br \/>\nDurant el primer confinament, la Juna, de 4 anys, va fer una pe\u00e7a de fang del covid-19 per al seu avi, el metge Bonaventura Clotet. La seva interpretaci\u00f3 del coronavirus s\u2019ha convertit en un missatge d\u2019esperan\u00e7a. Grans i petits sumem esfor\u00e7os per&hellip;  <a href=\"https:\/\/agora.xtec.cat\/ceip-escola-montsant-reus\/projectes-2\/montsant-solidaria\/polseres-joemcorono\/\" title=\"Read Polseres #joemcorono\">Llegeix m\u00e9s\u00bb<\/a><\/p>\n","protected":false},"author":1,"featured_media":0,"parent":1422,"menu_order":0,"comment_status":"closed","ping_status":"closed","template":"page-templates\/side-menu.php","meta":{"_bbp_topic_count":0,"_bbp_reply_count":0,"_bbp_total_topic_count":0,"_bbp_total_reply_count":0,"_bbp_voice_count":0,"_bbp_anonymous_reply_count":0,"_bbp_topic_count_hidden":0,"_bbp_reply_count_hidden":0,"_bbp_forum_subforum_count":0,"footnotes":""},"class_list":["post-2759","page","type-page","status-publish","hentry"],"post_mailing_queue_ids":[],"_links":{"self":[{"href":"https:\/\/agora.xtec.cat\/ceip-escola-montsant-reus\/wp-json\/wp\/v2\/pages\/2759","targetHints":{"allow":["GET"]}}],"collection":[{"href":"https:\/\/agora.xtec.cat\/ceip-escola-montsant-reus\/wp-json\/wp\/v2\/pages"}],"about":[{"href":"https:\/\/agora.xtec.cat\/ceip-escola-montsant-reus\/wp-json\/wp\/v2\/types\/page"}],"author":[{"embeddable":true,"href":"https:\/\/agora.xtec.cat\/ceip-escola-montsant-reus\/wp-json\/wp\/v2\/users\/1"}],"replies":[{"embeddable":true,"href":"https:\/\/agora.xtec.cat\/ceip-escola-montsant-reus\/wp-json\/wp\/v2\/comments?post=2759"}],"version-history":[{"count":1,"href":"https:\/\/agora.xtec.cat\/ceip-escola-montsant-reus\/wp-json\/wp\/v2\/pages\/2759\/revisions"}],"predecessor-version":[{"id":2760,"href":"https:\/\/agora.xtec.cat\/ceip-escola-montsant-reus\/wp-json\/wp\/v2\/pages\/2759\/revisions\/2760"}],"up":[{"embeddable":true,"href":"https:\/\/agora.xtec.cat\/ceip-escola-montsant-reus\/wp-json\/wp\/v2\/pages\/1422"}],"wp:attachment":[{"href":"https:\/\/agora.xtec.cat\/ceip-escola-montsant-reus\/wp-json\/wp\/v2\/media?parent=2759"}],"curies":[{"name":"wp","href":"https:\/\/api.w.org\/{rel}","templated":true}]}}

<p>Una història molt bonica:<br />
Durant el primer confinament, la Juna, de 4 anys, va fer una peça de fang del covid-19 per al seu avi, el metge Bonaventura Clotet. La seva interpretació del coronavirus s’ha convertit en un missatge d’esperança. Grans i petits sumem esforços per vèncer el virus.</p>
<p>“Som-hi” (100% Reus 😉) se suma a la lluita amb aquestes polseres fetes a mà i esmaltades una a una.</p>
<p>El 100% dels beneficis es destinarà a la iniciativa #JoEmCorono, en la seva lluita contra el coronavirus.</p>
<p><a href="https://agora.xtec.cat/ceip-escola-montsant-reus/wp-content/uploads/usu1887/2021/03/6f4b2e21-6f67-45e8-a04b-e2e558aec29a.jpg"><img loading="lazy" decoding="async" class="wp-image-2605 aligncenter" src="https://agora.xtec.cat/ceip-escola-montsant-reus/wp-content/uploads/usu1887/2021/03/6f4b2e21-6f67-45e8-a04b-e2e558aec29a-1024x731.jpg" alt="" width="378" height="270" srcset="https://agora.xtec.cat/ceip-escola-montsant-reus/wp-content/uploads/usu1887/2021/03/6f4b2e21-6f67-45e8-a04b-e2e558aec29a-1024x731.jpg 1024w, https://agora.xtec.cat/ceip-escola-montsant-reus/wp-content/uploads/usu1887/2021/03/6f4b2e21-6f67-45e8-a04b-e2e558aec29a-300x214.jpg 300w, https://agora.xtec.cat/ceip-escola-montsant-reus/wp-content/uploads/usu1887/2021/03/6f4b2e21-6f67-45e8-a04b-e2e558aec29a-768x549.jpg 768w, https://agora.xtec.cat/ceip-escola-montsant-reus/wp-content/uploads/usu1887/2021/03/6f4b2e21-6f67-45e8-a04b-e2e558aec29a.jpg 1400w" sizes="auto, (max-width: 378px) 100vw, 378px" /></a></p>

<p>Una història molt bonica:<br />
Durant el primer confinament, la Juna, de 4 anys, va fer una peça de fang del covid-19 per al seu avi, el metge Bonaventura Clotet. La seva interpretació del coronavirus s’ha convertit en un missatge d’esperança. Grans i petits sumem esforços per&hellip;  <a href="https://agora.xtec.cat/ceip-escola-montsant-reus/projectes-2/montsant-solidaria/polseres-joemcorono/" title="Read Polseres #joemcorono">Llegeix més»</a></p>
