{"id":26,"date":"2014-09-18T12:24:32","date_gmt":"2014-09-18T11:24:32","guid":{"rendered":"http:\/\/agora.xtec.cat\/ceip-escola-montsant-reus\/?page_id=26"},"modified":"2021-03-18T16:44:21","modified_gmt":"2021-03-18T15:44:21","slug":"historia","status":"publish","type":"page","link":"https:\/\/agora.xtec.cat\/ceip-escola-montsant-reus\/lescola\/qui-som\/historia\/","title":{"rendered":"Hist\u00f2ria"},"content":{"rendered":"<blockquote><p><a href=\"https:\/\/agora.xtec.cat\/ceip-escola-montsant-reus\/wp-content\/uploads\/usu1887\/2018\/09\/escola-amb-logo.jpg\"><img loading=\"lazy\" decoding=\"async\" class=\"wp-image-531 aligncenter\" src=\"https:\/\/agora.xtec.cat\/ceip-escola-montsant-reus\/wp-content\/uploads\/usu1887\/2018\/09\/escola-amb-logo-1024x768.jpg\" alt=\"\" width=\"465\" height=\"349\" srcset=\"https:\/\/agora.xtec.cat\/ceip-escola-montsant-reus\/wp-content\/uploads\/usu1887\/2018\/09\/escola-amb-logo-1024x768.jpg 1024w, https:\/\/agora.xtec.cat\/ceip-escola-montsant-reus\/wp-content\/uploads\/usu1887\/2018\/09\/escola-amb-logo-300x225.jpg 300w, https:\/\/agora.xtec.cat\/ceip-escola-montsant-reus\/wp-content\/uploads\/usu1887\/2018\/09\/escola-amb-logo-768x576.jpg 768w, https:\/\/agora.xtec.cat\/ceip-escola-montsant-reus\/wp-content\/uploads\/usu1887\/2018\/09\/escola-amb-logo-200x150.jpg 200w, https:\/\/agora.xtec.cat\/ceip-escola-montsant-reus\/wp-content\/uploads\/usu1887\/2018\/09\/escola-amb-logo.jpg 2048w\" sizes=\"auto, (max-width: 465px) 100vw, 465px\" \/><\/a><\/p>\n<p>&#8220;La filosofia que ens va moure era aconseguir una escola que fos: activa, democr\u00e0tica, plural, laica, catalana \u2013 ben arrelada al pa\u00eds \u2013 i que tingu\u00e9s com a finalitat el desenvolupament integral del nen&#8221;.<br \/>\nPEC Escola Montsant.<\/p><\/blockquote>\n<p>L\u2019<strong>Escola Montsant<\/strong> va n\u00e9ixer a comen\u00e7aments del 1967, gr\u00e0cies a la participaci\u00f3 i a l\u2019esfor\u00e7 d\u2019uns mestres i d\u2019unes fam\u00edlies que, veient les mancances escolars que presentava la Ciutat de Reus, es van animar a tirar endavant una escola que entronqu\u00e9s amb la tradici\u00f3 pedag\u00f2gica de l\u2019escola catalana. La filosofia que els va moure era la d\u2019aconseguir una escola que fos: <strong>activa, democr\u00e0tica, laica, plural, catalana \u2013 arrelada al pa\u00eds- i que tingu\u00e9s com a objectiu prioritari el desenvolupament integral dels nens i les nenes<\/strong>. Des dels seus inicis, l\u2019<strong>escola ha tingut nens amb Necessitats Educatives Especials en r\u00e8gim d\u2019integraci\u00f3 dins les classes<\/strong>. La primera ubicaci\u00f3 de l\u2019escola fou el Mas Vilella. El seu creixement en nombre d\u2019alumnes va fer necess\u00e0ria la construcci\u00f3 d\u2019un nou edifici que es va poder inaugurar el curs 1974-1975. Situats ja definitivament a l\u2019actual edifici del carrer de les Borges del Camp, es feu realitat el projecte educatiu i es va poder tenir nens des dels dos fins els catorze anys. La gesti\u00f3 i el finan\u00e7ament de l\u2019Escola va passar per diferents estadis: escola privada, escola concertada en un 50% i escola concertada al 100%. Durant la d\u00e8cada 60-70, juntament amb altres escoles de Catalunya, van formar <em>Coordinaci\u00f3 Escolar<\/em> dins del grup de mestres de Rosa Sensat. Aquest moviment pedag\u00f2gic es va constituir en un col\u00b7lectiu anomenat <em>CEPEPC<\/em> (Col\u00b7lectiu d\u2019 Escoles per a l\u2019 Escola P\u00fablica Catalana), que <strong>tenia com a objectiu la integraci\u00f3 d\u2019aquestes escoles a la xarxa p\u00fablica<\/strong>.<br \/>\nEl mar\u00e7 de 1988, l\u2019 Escola Montsant s\u2019integra a la xarxa d\u2019escoles p\u00fabliques amb voluntat de continuar lluitant per la millora i la qualitat de l\u2019escola del nostre pa\u00eds. Des d\u2019aquell moment, la titularitat de l\u2019 Escola Montsant \u00e9s del Departament d\u2019 Ensenyament de la Generalitat i es construeix la Llar d\u2019Infants Escola Montsant que, amb el temps, passa a ser de titularitat municipal, actualment \u00e9s nomenada Escola Bressol Municipal Montsant.<\/p>\n<p>El curs 17-18, l&#8217;Escola Montsant va celebrar 50 anys d&#8217;escola!<\/p>\n","protected":false},"excerpt":{"rendered":"<p><a href=\"https:\/\/agora.xtec.cat\/ceip-escola-montsant-reus\/wp-content\/uploads\/usu1887\/2018\/09\/escola-amb-logo.jpg\"><\/a><br \/>\n&#8220;La filosofia que ens va moure era aconseguir una escola que fos: activa, democr\u00e0tica, plural, laica, catalana \u2013 ben arrelada al pa\u00eds \u2013 i que tingu\u00e9s com a finalitat el desenvolupament integral del nen&#8221;.<br \/>\nPEC Escola Montsant.<br \/>\nL\u2019Escola Montsant va n\u00e9ixer a comen\u00e7aments del 1967, gr\u00e0cies&hellip;  <a href=\"https:\/\/agora.xtec.cat\/ceip-escola-montsant-reus\/lescola\/qui-som\/historia\/\" title=\"Read Hist\u00f2ria\">Llegeix m\u00e9s\u00bb<\/a><\/p>\n","protected":false},"author":1,"featured_media":0,"parent":2169,"menu_order":20,"comment_status":"closed","ping_status":"closed","template":"page-templates\/side-menu.php","meta":{"_bbp_topic_count":0,"_bbp_reply_count":0,"_bbp_total_topic_count":0,"_bbp_total_reply_count":0,"_bbp_voice_count":0,"_bbp_anonymous_reply_count":0,"_bbp_topic_count_hidden":0,"_bbp_reply_count_hidden":0,"_bbp_forum_subforum_count":0,"footnotes":""},"class_list":["post-26","page","type-page","status-publish","hentry"],"post_mailing_queue_ids":[],"_links":{"self":[{"href":"https:\/\/agora.xtec.cat\/ceip-escola-montsant-reus\/wp-json\/wp\/v2\/pages\/26","targetHints":{"allow":["GET"]}}],"collection":[{"href":"https:\/\/agora.xtec.cat\/ceip-escola-montsant-reus\/wp-json\/wp\/v2\/pages"}],"about":[{"href":"https:\/\/agora.xtec.cat\/ceip-escola-montsant-reus\/wp-json\/wp\/v2\/types\/page"}],"author":[{"embeddable":true,"href":"https:\/\/agora.xtec.cat\/ceip-escola-montsant-reus\/wp-json\/wp\/v2\/users\/1"}],"replies":[{"embeddable":true,"href":"https:\/\/agora.xtec.cat\/ceip-escola-montsant-reus\/wp-json\/wp\/v2\/comments?post=26"}],"version-history":[{"count":3,"href":"https:\/\/agora.xtec.cat\/ceip-escola-montsant-reus\/wp-json\/wp\/v2\/pages\/26\/revisions"}],"predecessor-version":[{"id":2612,"href":"https:\/\/agora.xtec.cat\/ceip-escola-montsant-reus\/wp-json\/wp\/v2\/pages\/26\/revisions\/2612"}],"up":[{"embeddable":true,"href":"https:\/\/agora.xtec.cat\/ceip-escola-montsant-reus\/wp-json\/wp\/v2\/pages\/2169"}],"wp:attachment":[{"href":"https:\/\/agora.xtec.cat\/ceip-escola-montsant-reus\/wp-json\/wp\/v2\/media?parent=26"}],"curies":[{"name":"wp","href":"https:\/\/api.w.org\/{rel}","templated":true}]}}

Història

<blockquote><p><a href="https://agora.xtec.cat/ceip-escola-montsant-reus/wp-content/uploads/usu1887/2018/09/escola-amb-logo.jpg"><img loading="lazy" decoding="async" class="wp-image-531 aligncenter" src="https://agora.xtec.cat/ceip-escola-montsant-reus/wp-content/uploads/usu1887/2018/09/escola-amb-logo-1024x768.jpg" alt="" width="465" height="349" srcset="https://agora.xtec.cat/ceip-escola-montsant-reus/wp-content/uploads/usu1887/2018/09/escola-amb-logo-1024x768.jpg 1024w, https://agora.xtec.cat/ceip-escola-montsant-reus/wp-content/uploads/usu1887/2018/09/escola-amb-logo-300x225.jpg 300w, https://agora.xtec.cat/ceip-escola-montsant-reus/wp-content/uploads/usu1887/2018/09/escola-amb-logo-768x576.jpg 768w, https://agora.xtec.cat/ceip-escola-montsant-reus/wp-content/uploads/usu1887/2018/09/escola-amb-logo-200x150.jpg 200w, https://agora.xtec.cat/ceip-escola-montsant-reus/wp-content/uploads/usu1887/2018/09/escola-amb-logo.jpg 2048w" sizes="auto, (max-width: 465px) 100vw, 465px" /></a></p>
<p>&#8220;La filosofia que ens va moure era aconseguir una escola que fos: activa, democràtica, plural, laica, catalana – ben arrelada al país – i que tingués com a finalitat el desenvolupament integral del nen&#8221;.<br />
PEC Escola Montsant.</p></blockquote>
<p>L’<strong>Escola Montsant</strong> va néixer a començaments del 1967, gràcies a la participació i a l’esforç d’uns mestres i d’unes famílies que, veient les mancances escolars que presentava la Ciutat de Reus, es van animar a tirar endavant una escola que entronqués amb la tradició pedagògica de l’escola catalana. La filosofia que els va moure era la d’aconseguir una escola que fos: <strong>activa, democràtica, laica, plural, catalana – arrelada al país- i que tingués com a objectiu prioritari el desenvolupament integral dels nens i les nenes</strong>. Des dels seus inicis, l’<strong>escola ha tingut nens amb Necessitats Educatives Especials en règim d’integració dins les classes</strong>. La primera ubicació de l’escola fou el Mas Vilella. El seu creixement en nombre d’alumnes va fer necessària la construcció d’un nou edifici que es va poder inaugurar el curs 1974-1975. Situats ja definitivament a l’actual edifici del carrer de les Borges del Camp, es feu realitat el projecte educatiu i es va poder tenir nens des dels dos fins els catorze anys. La gestió i el finançament de l’Escola va passar per diferents estadis: escola privada, escola concertada en un 50% i escola concertada al 100%. Durant la dècada 60-70, juntament amb altres escoles de Catalunya, van formar <em>Coordinació Escolar</em> dins del grup de mestres de Rosa Sensat. Aquest moviment pedagògic es va constituir en un col·lectiu anomenat <em>CEPEPC</em> (Col·lectiu d’ Escoles per a l’ Escola Pública Catalana), que <strong>tenia com a objectiu la integració d’aquestes escoles a la xarxa pública</strong>.<br />
El març de 1988, l’ Escola Montsant s’integra a la xarxa d’escoles públiques amb voluntat de continuar lluitant per la millora i la qualitat de l’escola del nostre país. Des d’aquell moment, la titularitat de l’ Escola Montsant és del Departament d’ Ensenyament de la Generalitat i es construeix la Llar d’Infants Escola Montsant que, amb el temps, passa a ser de titularitat municipal, actualment és nomenada Escola Bressol Municipal Montsant.</p>
<p>El curs 17-18, l&#8217;Escola Montsant va celebrar 50 anys d&#8217;escola!</p>

<p><a href="https://agora.xtec.cat/ceip-escola-montsant-reus/wp-content/uploads/usu1887/2018/09/escola-amb-logo.jpg"></a><br />
&#8220;La filosofia que ens va moure era aconseguir una escola que fos: activa, democràtica, plural, laica, catalana – ben arrelada al país – i que tingués com a finalitat el desenvolupament integral del nen&#8221;.<br />
PEC Escola Montsant.<br />
L’Escola Montsant va néixer a començaments del 1967, gràcies&hellip;  <a href="https://agora.xtec.cat/ceip-escola-montsant-reus/lescola/qui-som/historia/" title="Read Història">Llegeix més»</a></p>
