{"id":2320,"date":"2020-08-11T14:31:50","date_gmt":"2020-08-11T12:31:50","guid":{"rendered":"http:\/\/agora.xtec.cat\/ceip-escola-montsant-reus\/?page_id=2320"},"modified":"2021-04-11T11:22:44","modified_gmt":"2021-04-11T09:22:44","slug":"tardes-dart","status":"publish","type":"page","link":"https:\/\/agora.xtec.cat\/ceip-escola-montsant-reus\/projectes-2\/tardes-dart\/","title":{"rendered":"Art\u00edstic. Tardes d&#8217;Art Visual i Pl\u00e0stic"},"content":{"rendered":"<p>L&#8217;educaci\u00f3 contempla el desenvolupament integral de l&#8217;alumnat. Per aix\u00f2 creiem fermament en el treball de l&#8217;Educaci\u00f3 Art\u00edstica.<\/p>\n<p>La pand\u00e8mia no ens ha perm\u00e8s desenvolupar tal i com hav\u00edem somniat les tardes del dilluns, per\u00f2 ens ha donat l&#8217;oportunitat d&#8217;iniciar un treball de la m\u00fasica i de l&#8217;educaci\u00f3 visual i pl\u00e0stica amb el qu\u00e8 crearem els fonaments d&#8217;un gran projecte art\u00edstic que integrar\u00e0 el teatre, l&#8217;art, la m\u00fasica i la dansa.<\/p>\n<p>Seguim amb la idea de treballar de forma conjunta intercicles, per tal de generar situacions d&#8217;aprenentatge vinculades a les arts que afavoreixin l&#8217;aprenentatge de l&#8217;alumnat, tot atenent la diversitat i fomentant la inclusi\u00f3, aix\u00ed com fomentar el gust per les arts entre la comunitat educativa i aportar futur p\u00fablic per a les arts i la cultura alhora que es generen oportunitats per detectar i promoure el talent en l&#8217;\u00e0mbit de les arts tot atenent la diversitat.<\/p>\n<p><a href=\"https:\/\/agora.xtec.cat\/ceip-escola-montsant-reus\/wp-content\/uploads\/usu1887\/2021\/04\/WhatsApp-Image-2021-04-03-at-11.47.28.jpeg\"><img loading=\"lazy\" decoding=\"async\" class=\" wp-image-2629 aligncenter\" src=\"https:\/\/agora.xtec.cat\/ceip-escola-montsant-reus\/wp-content\/uploads\/usu1887\/2021\/04\/WhatsApp-Image-2021-04-03-at-11.47.28-1024x576.jpeg\" alt=\"\" width=\"638\" height=\"359\" srcset=\"https:\/\/agora.xtec.cat\/ceip-escola-montsant-reus\/wp-content\/uploads\/usu1887\/2021\/04\/WhatsApp-Image-2021-04-03-at-11.47.28-1024x576.jpeg 1024w, https:\/\/agora.xtec.cat\/ceip-escola-montsant-reus\/wp-content\/uploads\/usu1887\/2021\/04\/WhatsApp-Image-2021-04-03-at-11.47.28-300x169.jpeg 300w, https:\/\/agora.xtec.cat\/ceip-escola-montsant-reus\/wp-content\/uploads\/usu1887\/2021\/04\/WhatsApp-Image-2021-04-03-at-11.47.28-768x432.jpeg 768w, https:\/\/agora.xtec.cat\/ceip-escola-montsant-reus\/wp-content\/uploads\/usu1887\/2021\/04\/WhatsApp-Image-2021-04-03-at-11.47.28.jpeg 1504w\" sizes=\"auto, (max-width: 638px) 100vw, 638px\" \/><\/a><\/p>\n","protected":false},"excerpt":{"rendered":"<p>L&#8217;educaci\u00f3 contempla el desenvolupament integral de l&#8217;alumnat. Per aix\u00f2 creiem fermament en el treball de l&#8217;Educaci\u00f3 Art\u00edstica.<br \/>\nLa pand\u00e8mia no ens ha perm\u00e8s desenvolupar tal i com hav\u00edem somniat les tardes del dilluns, per\u00f2 ens ha donat l&#8217;oportunitat d&#8217;iniciar un treball de la m\u00fasica i de&hellip;  <a href=\"https:\/\/agora.xtec.cat\/ceip-escola-montsant-reus\/projectes-2\/tardes-dart\/\" title=\"Read Art\u00edstic. Tardes d&#8217;Art Visual i Pl\u00e0stic\">Llegeix m\u00e9s\u00bb<\/a><\/p>\n","protected":false},"author":1,"featured_media":0,"parent":64,"menu_order":0,"comment_status":"closed","ping_status":"closed","template":"page-templates\/side-menu.php","meta":{"_bbp_topic_count":0,"_bbp_reply_count":0,"_bbp_total_topic_count":0,"_bbp_total_reply_count":0,"_bbp_voice_count":0,"_bbp_anonymous_reply_count":0,"_bbp_topic_count_hidden":0,"_bbp_reply_count_hidden":0,"_bbp_forum_subforum_count":0,"footnotes":""},"class_list":["post-2320","page","type-page","status-publish","hentry"],"post_mailing_queue_ids":[],"_links":{"self":[{"href":"https:\/\/agora.xtec.cat\/ceip-escola-montsant-reus\/wp-json\/wp\/v2\/pages\/2320","targetHints":{"allow":["GET"]}}],"collection":[{"href":"https:\/\/agora.xtec.cat\/ceip-escola-montsant-reus\/wp-json\/wp\/v2\/pages"}],"about":[{"href":"https:\/\/agora.xtec.cat\/ceip-escola-montsant-reus\/wp-json\/wp\/v2\/types\/page"}],"author":[{"embeddable":true,"href":"https:\/\/agora.xtec.cat\/ceip-escola-montsant-reus\/wp-json\/wp\/v2\/users\/1"}],"replies":[{"embeddable":true,"href":"https:\/\/agora.xtec.cat\/ceip-escola-montsant-reus\/wp-json\/wp\/v2\/comments?post=2320"}],"version-history":[{"count":3,"href":"https:\/\/agora.xtec.cat\/ceip-escola-montsant-reus\/wp-json\/wp\/v2\/pages\/2320\/revisions"}],"predecessor-version":[{"id":2684,"href":"https:\/\/agora.xtec.cat\/ceip-escola-montsant-reus\/wp-json\/wp\/v2\/pages\/2320\/revisions\/2684"}],"up":[{"embeddable":true,"href":"https:\/\/agora.xtec.cat\/ceip-escola-montsant-reus\/wp-json\/wp\/v2\/pages\/64"}],"wp:attachment":[{"href":"https:\/\/agora.xtec.cat\/ceip-escola-montsant-reus\/wp-json\/wp\/v2\/media?parent=2320"}],"curies":[{"name":"wp","href":"https:\/\/api.w.org\/{rel}","templated":true}]}}

Artístic. Tardes d&#8217;Art Visual i Plàstic

<p>L&#8217;educació contempla el desenvolupament integral de l&#8217;alumnat. Per això creiem fermament en el treball de l&#8217;Educació Artística.</p>
<p>La pandèmia no ens ha permès desenvolupar tal i com havíem somniat les tardes del dilluns, però ens ha donat l&#8217;oportunitat d&#8217;iniciar un treball de la música i de l&#8217;educació visual i plàstica amb el què crearem els fonaments d&#8217;un gran projecte artístic que integrarà el teatre, l&#8217;art, la música i la dansa.</p>
<p>Seguim amb la idea de treballar de forma conjunta intercicles, per tal de generar situacions d&#8217;aprenentatge vinculades a les arts que afavoreixin l&#8217;aprenentatge de l&#8217;alumnat, tot atenent la diversitat i fomentant la inclusió, així com fomentar el gust per les arts entre la comunitat educativa i aportar futur públic per a les arts i la cultura alhora que es generen oportunitats per detectar i promoure el talent en l&#8217;àmbit de les arts tot atenent la diversitat.</p>
<p><a href="https://agora.xtec.cat/ceip-escola-montsant-reus/wp-content/uploads/usu1887/2021/04/WhatsApp-Image-2021-04-03-at-11.47.28.jpeg"><img loading="lazy" decoding="async" class=" wp-image-2629 aligncenter" src="https://agora.xtec.cat/ceip-escola-montsant-reus/wp-content/uploads/usu1887/2021/04/WhatsApp-Image-2021-04-03-at-11.47.28-1024x576.jpeg" alt="" width="638" height="359" srcset="https://agora.xtec.cat/ceip-escola-montsant-reus/wp-content/uploads/usu1887/2021/04/WhatsApp-Image-2021-04-03-at-11.47.28-1024x576.jpeg 1024w, https://agora.xtec.cat/ceip-escola-montsant-reus/wp-content/uploads/usu1887/2021/04/WhatsApp-Image-2021-04-03-at-11.47.28-300x169.jpeg 300w, https://agora.xtec.cat/ceip-escola-montsant-reus/wp-content/uploads/usu1887/2021/04/WhatsApp-Image-2021-04-03-at-11.47.28-768x432.jpeg 768w, https://agora.xtec.cat/ceip-escola-montsant-reus/wp-content/uploads/usu1887/2021/04/WhatsApp-Image-2021-04-03-at-11.47.28.jpeg 1504w" sizes="auto, (max-width: 638px) 100vw, 638px" /></a></p>

<p>L&#8217;educació contempla el desenvolupament integral de l&#8217;alumnat. Per això creiem fermament en el treball de l&#8217;Educació Artística.<br />
La pandèmia no ens ha permès desenvolupar tal i com havíem somniat les tardes del dilluns, però ens ha donat l&#8217;oportunitat d&#8217;iniciar un treball de la música i de&hellip;  <a href="https://agora.xtec.cat/ceip-escola-montsant-reus/projectes-2/tardes-dart/" title="Read Artístic. Tardes d&#8217;Art Visual i Plàstic">Llegeix més»</a></p>
