{"id":2313,"date":"2020-08-11T14:25:09","date_gmt":"2020-08-11T12:25:09","guid":{"rendered":"http:\/\/agora.xtec.cat\/ceip-escola-montsant-reus\/?page_id=2313"},"modified":"2021-04-11T13:13:13","modified_gmt":"2021-04-11T11:13:13","slug":"microespais-a-ed-infantil","status":"publish","type":"page","link":"https:\/\/agora.xtec.cat\/ceip-escola-montsant-reus\/projectes-2\/microespais-a-ed-infantil\/","title":{"rendered":"Ci\u00e8ncia i Medi. Microespais a Ed.Infantil"},"content":{"rendered":"<p>Des del curs 2016-17 hem iniciat el treball per ambients. Es duen a terme tres tardes a la setmana, una d&#8217;elles intercicle.<\/p>\n<p>Aquesta metodologia pret\u00e9n el desenvolupament global de l&#8217;infant a trav\u00e9s de l&#8217;observaci\u00f3, manipulaci\u00f3 i experimentaci\u00f3. Desenvolupant l&#8217;autonomia, l&#8217;autoestima i la creativitat.<\/p>\n<p>L&#8217;aula, els passadissos i el pati s&#8217;organitzen em racons on es plantegen activitats de les \u00e0rees de llenguatge verbal i escrit, llenguatge matem\u00e0tic, llenguatge pl\u00e0stic-art\u00edstic i coneixement del medi natural.<\/p>\n<p>Durant la sessi\u00f3 els infants poden decidir on anar lliurement, en quin ambient vol experimentar i el temps que hi vol dedicar.<\/p>\n<p>Aqu\u00ed en podeu veure una petita mostra:<\/p>\n<p><iframe loading=\"lazy\" title=\"Ambients d&#039;aprenentatge\" width=\"500\" height=\"281\" src=\"https:\/\/www.youtube.com\/embed\/CG1UFn_luvc?feature=oembed\" frameborder=\"0\" allow=\"accelerometer; autoplay; clipboard-write; encrypted-media; gyroscope; picture-in-picture; web-share\" referrerpolicy=\"strict-origin-when-cross-origin\" allowfullscreen><\/iframe><\/p>\n","protected":false},"excerpt":{"rendered":"<p>Des del curs 2016-17 hem iniciat el treball per ambients. Es duen a terme tres tardes a la setmana, una d&#8217;elles intercicle.<br \/>\nAquesta metodologia pret\u00e9n el desenvolupament global de l&#8217;infant a trav\u00e9s de l&#8217;observaci\u00f3, manipulaci\u00f3 i experimentaci\u00f3. Desenvolupant l&#8217;autonomia, l&#8217;autoestima i la creativitat.<br \/>\nL&#8217;aula, els passadissos i&hellip;  <a href=\"https:\/\/agora.xtec.cat\/ceip-escola-montsant-reus\/projectes-2\/microespais-a-ed-infantil\/\" title=\"Read Ci\u00e8ncia i Medi. Microespais a Ed.Infantil\">Llegeix m\u00e9s\u00bb<\/a><\/p>\n","protected":false},"author":1,"featured_media":0,"parent":64,"menu_order":51,"comment_status":"closed","ping_status":"closed","template":"page-templates\/side-menu.php","meta":{"_bbp_topic_count":0,"_bbp_reply_count":0,"_bbp_total_topic_count":0,"_bbp_total_reply_count":0,"_bbp_voice_count":0,"_bbp_anonymous_reply_count":0,"_bbp_topic_count_hidden":0,"_bbp_reply_count_hidden":0,"_bbp_forum_subforum_count":0,"footnotes":""},"class_list":["post-2313","page","type-page","status-publish","hentry"],"post_mailing_queue_ids":[],"_links":{"self":[{"href":"https:\/\/agora.xtec.cat\/ceip-escola-montsant-reus\/wp-json\/wp\/v2\/pages\/2313","targetHints":{"allow":["GET"]}}],"collection":[{"href":"https:\/\/agora.xtec.cat\/ceip-escola-montsant-reus\/wp-json\/wp\/v2\/pages"}],"about":[{"href":"https:\/\/agora.xtec.cat\/ceip-escola-montsant-reus\/wp-json\/wp\/v2\/types\/page"}],"author":[{"embeddable":true,"href":"https:\/\/agora.xtec.cat\/ceip-escola-montsant-reus\/wp-json\/wp\/v2\/users\/1"}],"replies":[{"embeddable":true,"href":"https:\/\/agora.xtec.cat\/ceip-escola-montsant-reus\/wp-json\/wp\/v2\/comments?post=2313"}],"version-history":[{"count":4,"href":"https:\/\/agora.xtec.cat\/ceip-escola-montsant-reus\/wp-json\/wp\/v2\/pages\/2313\/revisions"}],"predecessor-version":[{"id":2710,"href":"https:\/\/agora.xtec.cat\/ceip-escola-montsant-reus\/wp-json\/wp\/v2\/pages\/2313\/revisions\/2710"}],"up":[{"embeddable":true,"href":"https:\/\/agora.xtec.cat\/ceip-escola-montsant-reus\/wp-json\/wp\/v2\/pages\/64"}],"wp:attachment":[{"href":"https:\/\/agora.xtec.cat\/ceip-escola-montsant-reus\/wp-json\/wp\/v2\/media?parent=2313"}],"curies":[{"name":"wp","href":"https:\/\/api.w.org\/{rel}","templated":true}]}}

Ciència i Medi. Microespais a Ed.Infantil

<p>Des del curs 2016-17 hem iniciat el treball per ambients. Es duen a terme tres tardes a la setmana, una d&#8217;elles intercicle.</p>
<p>Aquesta metodologia pretén el desenvolupament global de l&#8217;infant a través de l&#8217;observació, manipulació i experimentació. Desenvolupant l&#8217;autonomia, l&#8217;autoestima i la creativitat.</p>
<p>L&#8217;aula, els passadissos i el pati s&#8217;organitzen em racons on es plantegen activitats de les àrees de llenguatge verbal i escrit, llenguatge matemàtic, llenguatge plàstic-artístic i coneixement del medi natural.</p>
<p>Durant la sessió els infants poden decidir on anar lliurement, en quin ambient vol experimentar i el temps que hi vol dedicar.</p>
<p>Aquí en podeu veure una petita mostra:</p>
<p><iframe loading="lazy" title="Ambients d&#039;aprenentatge" width="500" height="281" src="https://www.youtube.com/embed/CG1UFn_luvc?feature=oembed" frameborder="0" allow="accelerometer; autoplay; clipboard-write; encrypted-media; gyroscope; picture-in-picture; web-share" referrerpolicy="strict-origin-when-cross-origin" allowfullscreen></iframe></p>

<p>Des del curs 2016-17 hem iniciat el treball per ambients. Es duen a terme tres tardes a la setmana, una d&#8217;elles intercicle.<br />
Aquesta metodologia pretén el desenvolupament global de l&#8217;infant a través de l&#8217;observació, manipulació i experimentació. Desenvolupant l&#8217;autonomia, l&#8217;autoestima i la creativitat.<br />
L&#8217;aula, els passadissos i&hellip;  <a href="https://agora.xtec.cat/ceip-escola-montsant-reus/projectes-2/microespais-a-ed-infantil/" title="Read Ciència i Medi. Microespais a Ed.Infantil">Llegeix més»</a></p>
