{"id":2311,"date":"2020-08-11T14:23:23","date_gmt":"2020-08-11T12:23:23","guid":{"rendered":"http:\/\/agora.xtec.cat\/ceip-escola-montsant-reus\/?page_id=2311"},"modified":"2021-04-11T13:11:36","modified_gmt":"2021-04-11T11:11:36","slug":"tardes-dexperiments-i-jornada-ciencia","status":"publish","type":"page","link":"https:\/\/agora.xtec.cat\/ceip-escola-montsant-reus\/projectes-2\/tardes-dexperiments-i-jornada-ciencia\/","title":{"rendered":"Ci\u00e8ncia i Medi. Tardes d&#8217;experiments i Jornada ci\u00e8ncia"},"content":{"rendered":"<h3><span style=\"color: #33cccc;\"><strong>TARDES D&#8217;EXPERIMENTS:<\/strong><\/span><\/h3>\n<p>Durant el curs dediquem una tarda de cada mes a fer experiments seguint el m\u00e8tode cient\u00edfic. Es pret\u00e9n fomentar la curiositat per la ci\u00e8ncia d&#8217;una forma divertida i alhora rigorosa. Durant els tallers d&#8217;experiments potenciem el treball cooperatiu i es d\u00f3na valor a les vocacions cient\u00edfiques sense donar import\u00e0ncia al g\u00e8nere.<\/p>\n<h3><span style=\"color: #ff99cc;\">JORNADA DE LA CI\u00c8NCIA:<\/span><\/h3>\n<p>En les dates properes al 14 de febrer, <em>Dia Internacional de la Dona i la Nena a la Ci\u00e8ncia<\/em>, celebrem la Jornada de la Ci\u00e8ncia a l&#8217;escola. Durant tota la jornada es fan experiments dinamitzats per les fam\u00edlies i l&#8217;equip docent. \u00c9s una jornada l\u00fadica i de relaci\u00f3 aprofitant, com a motor, la ci\u00e8ncia.<\/p>\n<p><iframe loading=\"lazy\" title=\"Jornada ci\u00e8ncia 2020 Escola Montsant de Reus\" width=\"500\" height=\"375\" src=\"https:\/\/www.youtube.com\/embed\/ApA7fADkeWs?feature=oembed\" frameborder=\"0\" allow=\"accelerometer; autoplay; clipboard-write; encrypted-media; gyroscope; picture-in-picture; web-share\" referrerpolicy=\"strict-origin-when-cross-origin\" allowfullscreen><\/iframe><\/p>\n","protected":false},"excerpt":{"rendered":"<p>TARDES D&#8217;EXPERIMENTS:<br \/>\nDurant el curs dediquem una tarda de cada mes a fer experiments seguint el m\u00e8tode cient\u00edfic. Es pret\u00e9n fomentar la curiositat per la ci\u00e8ncia d&#8217;una forma divertida i alhora rigorosa. Durant els tallers d&#8217;experiments potenciem el treball cooperatiu i es d\u00f3na valor a les&hellip;  <a href=\"https:\/\/agora.xtec.cat\/ceip-escola-montsant-reus\/projectes-2\/tardes-dexperiments-i-jornada-ciencia\/\" title=\"Read Ci\u00e8ncia i Medi. Tardes d&#8217;experiments i Jornada ci\u00e8ncia\">Llegeix m\u00e9s\u00bb<\/a><\/p>\n","protected":false},"author":1,"featured_media":0,"parent":64,"menu_order":50,"comment_status":"closed","ping_status":"closed","template":"page-templates\/side-menu.php","meta":{"_bbp_topic_count":0,"_bbp_reply_count":0,"_bbp_total_topic_count":0,"_bbp_total_reply_count":0,"_bbp_voice_count":0,"_bbp_anonymous_reply_count":0,"_bbp_topic_count_hidden":0,"_bbp_reply_count_hidden":0,"_bbp_forum_subforum_count":0,"footnotes":""},"class_list":["post-2311","page","type-page","status-publish","hentry"],"post_mailing_queue_ids":[],"_links":{"self":[{"href":"https:\/\/agora.xtec.cat\/ceip-escola-montsant-reus\/wp-json\/wp\/v2\/pages\/2311","targetHints":{"allow":["GET"]}}],"collection":[{"href":"https:\/\/agora.xtec.cat\/ceip-escola-montsant-reus\/wp-json\/wp\/v2\/pages"}],"about":[{"href":"https:\/\/agora.xtec.cat\/ceip-escola-montsant-reus\/wp-json\/wp\/v2\/types\/page"}],"author":[{"embeddable":true,"href":"https:\/\/agora.xtec.cat\/ceip-escola-montsant-reus\/wp-json\/wp\/v2\/users\/1"}],"replies":[{"embeddable":true,"href":"https:\/\/agora.xtec.cat\/ceip-escola-montsant-reus\/wp-json\/wp\/v2\/comments?post=2311"}],"version-history":[{"count":4,"href":"https:\/\/agora.xtec.cat\/ceip-escola-montsant-reus\/wp-json\/wp\/v2\/pages\/2311\/revisions"}],"predecessor-version":[{"id":2709,"href":"https:\/\/agora.xtec.cat\/ceip-escola-montsant-reus\/wp-json\/wp\/v2\/pages\/2311\/revisions\/2709"}],"up":[{"embeddable":true,"href":"https:\/\/agora.xtec.cat\/ceip-escola-montsant-reus\/wp-json\/wp\/v2\/pages\/64"}],"wp:attachment":[{"href":"https:\/\/agora.xtec.cat\/ceip-escola-montsant-reus\/wp-json\/wp\/v2\/media?parent=2311"}],"curies":[{"name":"wp","href":"https:\/\/api.w.org\/{rel}","templated":true}]}}

Ciència i Medi. Tardes d&#8217;experiments i Jornada ciència

<h3><span style="color: #33cccc;"><strong>TARDES D&#8217;EXPERIMENTS:</strong></span></h3>
<p>Durant el curs dediquem una tarda de cada mes a fer experiments seguint el mètode científic. Es pretén fomentar la curiositat per la ciència d&#8217;una forma divertida i alhora rigorosa. Durant els tallers d&#8217;experiments potenciem el treball cooperatiu i es dóna valor a les vocacions científiques sense donar importància al gènere.</p>
<h3><span style="color: #ff99cc;">JORNADA DE LA CIÈNCIA:</span></h3>
<p>En les dates properes al 14 de febrer, <em>Dia Internacional de la Dona i la Nena a la Ciència</em>, celebrem la Jornada de la Ciència a l&#8217;escola. Durant tota la jornada es fan experiments dinamitzats per les famílies i l&#8217;equip docent. És una jornada lúdica i de relació aprofitant, com a motor, la ciència.</p>
<p><iframe loading="lazy" title="Jornada ciència 2020 Escola Montsant de Reus" width="500" height="375" src="https://www.youtube.com/embed/ApA7fADkeWs?feature=oembed" frameborder="0" allow="accelerometer; autoplay; clipboard-write; encrypted-media; gyroscope; picture-in-picture; web-share" referrerpolicy="strict-origin-when-cross-origin" allowfullscreen></iframe></p>

<p>TARDES D&#8217;EXPERIMENTS:<br />
Durant el curs dediquem una tarda de cada mes a fer experiments seguint el mètode científic. Es pretén fomentar la curiositat per la ciència d&#8217;una forma divertida i alhora rigorosa. Durant els tallers d&#8217;experiments potenciem el treball cooperatiu i es dóna valor a les&hellip;  <a href="https://agora.xtec.cat/ceip-escola-montsant-reus/projectes-2/tardes-dexperiments-i-jornada-ciencia/" title="Read Ciència i Medi. Tardes d&#8217;experiments i Jornada ciència">Llegeix més»</a></p>
