{"id":22,"date":"2014-09-18T12:19:57","date_gmt":"2014-09-18T11:19:57","guid":{"rendered":"http:\/\/agora.xtec.cat\/ceip-escola-montsant-reus\/?page_id=22"},"modified":"2020-08-11T13:17:17","modified_gmt":"2020-08-11T11:17:17","slug":"lescola","status":"publish","type":"page","link":"https:\/\/agora.xtec.cat\/ceip-escola-montsant-reus\/lescola\/","title":{"rendered":"L&#8217;escola"},"content":{"rendered":"<p><a href=\"http:\/\/agora.xtec.cat\/ceip-escola-montsant-reus\/wp-content\/uploads\/usu1887\/2018\/09\/escola-amb-logo.jpg\"><img loading=\"lazy\" decoding=\"async\" class=\"wp-image-531 aligncenter\" src=\"http:\/\/agora.xtec.cat\/ceip-escola-montsant-reus\/wp-content\/uploads\/usu1887\/2018\/09\/escola-amb-logo-1024x768.jpg\" alt=\"\" width=\"282\" height=\"211\" srcset=\"https:\/\/agora.xtec.cat\/ceip-escola-montsant-reus\/wp-content\/uploads\/usu1887\/2018\/09\/escola-amb-logo-1024x768.jpg 1024w, https:\/\/agora.xtec.cat\/ceip-escola-montsant-reus\/wp-content\/uploads\/usu1887\/2018\/09\/escola-amb-logo-300x225.jpg 300w, https:\/\/agora.xtec.cat\/ceip-escola-montsant-reus\/wp-content\/uploads\/usu1887\/2018\/09\/escola-amb-logo-768x576.jpg 768w, https:\/\/agora.xtec.cat\/ceip-escola-montsant-reus\/wp-content\/uploads\/usu1887\/2018\/09\/escola-amb-logo-200x150.jpg 200w, https:\/\/agora.xtec.cat\/ceip-escola-montsant-reus\/wp-content\/uploads\/usu1887\/2018\/09\/escola-amb-logo.jpg 2048w\" sizes=\"auto, (max-width: 282px) 100vw, 282px\" \/><\/a><\/p>\n<p>Benvolgut\/benvolguda,<\/p>\n<p>Has entrat a la p\u00e0gina web de la nostra escola, l\u2019Escola Montsant. Et convidem a que naveguis i facis un recorregut per con\u00e8ixer el que fa la mainada al nostre centre educatiu.<\/p>\n<p>Com podr\u00e0s comprovar, som una escola petita per\u00f2 no per aix\u00f2 menys gran. Creiem en el treball pedag\u00f2gic que, amb bon criteri i molta voluntat, venim fent des de fa m\u00e9s de 50 anys a la ciutat de Reus. Educar no \u00e9s cosa d\u2019un dia, una setmana o un any; s\u2019educa tota la vida de la mateixa manera que ens formem durant tota la vida i, segurament, l\u2019escola \u00e9s el lloc on els nens i les nenes passen molt\u00edssimes hores i el lloc del qual s\u2019emporten una gran motxilla plena d\u2019experi\u00e8ncies, tant a nivell acad\u00e8mic com hum\u00e0.<\/p>\n<p>Has arribat a una escola plena de vida. De fet, es diu que on hi ha nens hi ha vida, per\u00f2 aqu\u00ed trobar\u00e0s mestres compromesos amb la seva tasca, fam\u00edlies il\u2022lusionades i din\u00e0miques a l&#8217;escola i tot un conjunt d\u2019activitats i d&#8217;emocions que fan d\u2019aquest petit espai un gran projecte com\u00fa de fam\u00edlia i escola.<\/p>\n<p>Aix\u00ed doncs, us convidem a con\u00e8ixer les nostres activitats, a endinsar-vos en el nostre projecte pedag\u00f2gic i a gaudir de la nostra escola mitjan\u00e7ant les not\u00edcies, les fotografies i totes aquestes pinzellades que us volem oferir amb aquesta web. Sigueu benvinguts i, si encara us en queden dubtes, restem a la vostra disposici\u00f3.<\/p>\n<p>Atentament,<br \/>\nESCOLA MONTSANT<\/p>\n","protected":false},"excerpt":{"rendered":"<p><a href=\"http:\/\/agora.xtec.cat\/ceip-escola-montsant-reus\/wp-content\/uploads\/usu1887\/2018\/09\/escola-amb-logo.jpg\"><\/a><br \/>\nBenvolgut\/benvolguda,<br \/>\nHas entrat a la p\u00e0gina web de la nostra escola, l\u2019Escola Montsant. Et convidem a que naveguis i facis un recorregut per con\u00e8ixer el que fa la mainada al nostre centre educatiu.<br \/>\nCom podr\u00e0s comprovar, som una escola petita per\u00f2 no per aix\u00f2 menys gran.&hellip;  <a href=\"https:\/\/agora.xtec.cat\/ceip-escola-montsant-reus\/lescola\/\" title=\"Read L&#8217;escola\">Llegeix m\u00e9s\u00bb<\/a><\/p>\n","protected":false},"author":1,"featured_media":0,"parent":0,"menu_order":0,"comment_status":"closed","ping_status":"closed","template":"page-templates\/side-menu.php","meta":{"_bbp_topic_count":0,"_bbp_reply_count":0,"_bbp_total_topic_count":0,"_bbp_total_reply_count":0,"_bbp_voice_count":0,"_bbp_anonymous_reply_count":0,"_bbp_topic_count_hidden":0,"_bbp_reply_count_hidden":0,"_bbp_forum_subforum_count":0,"footnotes":""},"class_list":["post-22","page","type-page","status-publish","hentry"],"post_mailing_queue_ids":[],"_links":{"self":[{"href":"https:\/\/agora.xtec.cat\/ceip-escola-montsant-reus\/wp-json\/wp\/v2\/pages\/22","targetHints":{"allow":["GET"]}}],"collection":[{"href":"https:\/\/agora.xtec.cat\/ceip-escola-montsant-reus\/wp-json\/wp\/v2\/pages"}],"about":[{"href":"https:\/\/agora.xtec.cat\/ceip-escola-montsant-reus\/wp-json\/wp\/v2\/types\/page"}],"author":[{"embeddable":true,"href":"https:\/\/agora.xtec.cat\/ceip-escola-montsant-reus\/wp-json\/wp\/v2\/users\/1"}],"replies":[{"embeddable":true,"href":"https:\/\/agora.xtec.cat\/ceip-escola-montsant-reus\/wp-json\/wp\/v2\/comments?post=22"}],"version-history":[{"count":3,"href":"https:\/\/agora.xtec.cat\/ceip-escola-montsant-reus\/wp-json\/wp\/v2\/pages\/22\/revisions"}],"predecessor-version":[{"id":2301,"href":"https:\/\/agora.xtec.cat\/ceip-escola-montsant-reus\/wp-json\/wp\/v2\/pages\/22\/revisions\/2301"}],"wp:attachment":[{"href":"https:\/\/agora.xtec.cat\/ceip-escola-montsant-reus\/wp-json\/wp\/v2\/media?parent=22"}],"curies":[{"name":"wp","href":"https:\/\/api.w.org\/{rel}","templated":true}]}}

<p><a href="http://agora.xtec.cat/ceip-escola-montsant-reus/wp-content/uploads/usu1887/2018/09/escola-amb-logo.jpg"><img loading="lazy" decoding="async" class="wp-image-531 aligncenter" src="http://agora.xtec.cat/ceip-escola-montsant-reus/wp-content/uploads/usu1887/2018/09/escola-amb-logo-1024x768.jpg" alt="" width="282" height="211" srcset="https://agora.xtec.cat/ceip-escola-montsant-reus/wp-content/uploads/usu1887/2018/09/escola-amb-logo-1024x768.jpg 1024w, https://agora.xtec.cat/ceip-escola-montsant-reus/wp-content/uploads/usu1887/2018/09/escola-amb-logo-300x225.jpg 300w, https://agora.xtec.cat/ceip-escola-montsant-reus/wp-content/uploads/usu1887/2018/09/escola-amb-logo-768x576.jpg 768w, https://agora.xtec.cat/ceip-escola-montsant-reus/wp-content/uploads/usu1887/2018/09/escola-amb-logo-200x150.jpg 200w, https://agora.xtec.cat/ceip-escola-montsant-reus/wp-content/uploads/usu1887/2018/09/escola-amb-logo.jpg 2048w" sizes="auto, (max-width: 282px) 100vw, 282px" /></a></p>
<p>Benvolgut/benvolguda,</p>
<p>Has entrat a la pàgina web de la nostra escola, l’Escola Montsant. Et convidem a que naveguis i facis un recorregut per conèixer el que fa la mainada al nostre centre educatiu.</p>
<p>Com podràs comprovar, som una escola petita però no per això menys gran. Creiem en el treball pedagògic que, amb bon criteri i molta voluntat, venim fent des de fa més de 50 anys a la ciutat de Reus. Educar no és cosa d’un dia, una setmana o un any; s’educa tota la vida de la mateixa manera que ens formem durant tota la vida i, segurament, l’escola és el lloc on els nens i les nenes passen moltíssimes hores i el lloc del qual s’emporten una gran motxilla plena d’experiències, tant a nivell acadèmic com humà.</p>
<p>Has arribat a una escola plena de vida. De fet, es diu que on hi ha nens hi ha vida, però aquí trobaràs mestres compromesos amb la seva tasca, famílies il•lusionades i dinàmiques a l&#8217;escola i tot un conjunt d’activitats i d&#8217;emocions que fan d’aquest petit espai un gran projecte comú de família i escola.</p>
<p>Així doncs, us convidem a conèixer les nostres activitats, a endinsar-vos en el nostre projecte pedagògic i a gaudir de la nostra escola mitjançant les notícies, les fotografies i totes aquestes pinzellades que us volem oferir amb aquesta web. Sigueu benvinguts i, si encara us en queden dubtes, restem a la vostra disposició.</p>
<p>Atentament,<br />
ESCOLA MONTSANT</p>

<p><a href="http://agora.xtec.cat/ceip-escola-montsant-reus/wp-content/uploads/usu1887/2018/09/escola-amb-logo.jpg"></a><br />
Benvolgut/benvolguda,<br />
Has entrat a la pàgina web de la nostra escola, l’Escola Montsant. Et convidem a que naveguis i facis un recorregut per conèixer el que fa la mainada al nostre centre educatiu.<br />
Com podràs comprovar, som una escola petita però no per això menys gran.&hellip;  <a href="https://agora.xtec.cat/ceip-escola-montsant-reus/lescola/" title="Read L&#8217;escola">Llegeix més»</a></p>
