{"id":1591,"date":"2020-03-15T20:08:59","date_gmt":"2020-03-15T19:08:59","guid":{"rendered":"http:\/\/agora.xtec.cat\/ceip-escola-montsant-reus\/?page_id=1591"},"modified":"2020-04-25T10:24:51","modified_gmt":"2020-04-25T08:24:51","slug":"menjat-els-llibres-booktubers-bibliomontsant-19-20-2n-trimestre","status":"publish","type":"page","link":"https:\/\/agora.xtec.cat\/ceip-escola-montsant-reus\/projectes-2\/biblioteca\/menjat-els-llibres-booktubers-bibliomontsant-19-20-2n-trimestre\/","title":{"rendered":"Menja&#8217;t els llibres. Booktubers Bibliomontsant 19-20. 2n trimestre"},"content":{"rendered":"<h5><a href=\"https:\/\/agora.xtec.cat\/ceip-escola-montsant-reus\/wp-content\/uploads\/usu1887\/2019\/12\/logo-etiq-biblioteca.jpg\"><img loading=\"lazy\" decoding=\"async\" class=\" wp-image-1439 aligncenter\" src=\"https:\/\/agora.xtec.cat\/ceip-escola-montsant-reus\/wp-content\/uploads\/usu1887\/2019\/12\/logo-etiq-biblioteca.jpg\" alt=\"\" width=\"370\" height=\"154\" srcset=\"https:\/\/agora.xtec.cat\/ceip-escola-montsant-reus\/wp-content\/uploads\/usu1887\/2019\/12\/logo-etiq-biblioteca.jpg 576w, https:\/\/agora.xtec.cat\/ceip-escola-montsant-reus\/wp-content\/uploads\/usu1887\/2019\/12\/logo-etiq-biblioteca-300x125.jpg 300w\" sizes=\"auto, (max-width: 370px) 100vw, 370px\" \/><\/a><\/h5>\n<h5 style=\"text-align: justify;\"><span style=\"color: #000080;\">Ei!!! ja esteu preparats devoradors de llibres???<\/span><\/h5>\n<h5 style=\"text-align: justify;\"><span style=\"color: #000080;\">Comencem el 2n trimestre del &#8220;Menja&#8217;t els llibres&#8221;. Ens animeu i ens recomaneu els llibres que us esteu llegint? Ben segur que hi ha motius per explicar per qu\u00e8 us agraden!<\/span><\/h5>\n<h4 style=\"text-align: center;\"><span style=\"color: #800080;\"><strong>Podeu fer l&#8217;activitat des de P3 fins a 6\u00e8. <\/strong><\/span><\/h4>\n<h5 style=\"text-align: left;\"><span style=\"color: #ff9900;\">Nom\u00e9s cal que seguiu aquestes pautes:<\/span><\/h5>\n<h5 class=\"gmail_default\" style=\"text-align: justify;\"><span style=\"color: #ff9900;\">1. Presenteu-vos! <\/span><\/h5>\n<h5 style=\"text-align: justify;\"><span style=\"color: #ff9900;\">2. Digueu el t\u00edtol del llibre!<\/span><\/h5>\n<h5 class=\"gmail_default\" style=\"text-align: justify;\"><span style=\"color: #02db2e;\"><span style=\"color: #ff9900;\">3. Explicar de qu\u00e8 tracta, ensenyar alguna p\u00e0gina destacada i comentar perqu\u00e8 ens ha agradat.<\/span>\u00a0<\/span><\/h5>\n<h5 style=\"text-align: justify;\"><\/h5>\n<h5 style=\"text-align: justify;\"><span style=\"color: #000080;\">Envieu-nos un v\u00eddeo al correu de l&#8217;escola <a href=\"mailto:e3007105@xtec.cat\">e3007105@xtec.cat<\/a>. Penjarem el v\u00eddeo a la web (recordeu que pr\u00e8viament des de l&#8217;escola el pujarem al canal youtube de la nostra escola) i tothom podr\u00e0 veure la vostra recomanaci\u00f3. Entre tots i totes les alumnes participants sortejarem&#8230; un llibre a final de trimestre! <\/span><\/h5>\n<h5 style=\"text-align: center;\"><span style=\"color: #000080;\">Som-hi! La lectura al poder!!!<\/span><\/h5>\n<p><iframe loading=\"lazy\" title=\"J\u00falia G.\" width=\"500\" height=\"281\" src=\"https:\/\/www.youtube.com\/embed\/aCvCSLFUo64?feature=oembed\" frameborder=\"0\" allow=\"accelerometer; autoplay; clipboard-write; encrypted-media; gyroscope; picture-in-picture; web-share\" referrerpolicy=\"strict-origin-when-cross-origin\" allowfullscreen><\/iframe><\/p>\n<p><iframe loading=\"lazy\" title=\"Joan Ortega\" width=\"500\" height=\"281\" src=\"https:\/\/www.youtube.com\/embed\/gc3_C2n1V-U?feature=oembed\" frameborder=\"0\" allow=\"accelerometer; autoplay; clipboard-write; encrypted-media; gyroscope; picture-in-picture; web-share\" referrerpolicy=\"strict-origin-when-cross-origin\" allowfullscreen><\/iframe><\/p>\n<p><iframe loading=\"lazy\" title=\"Oleguer Ortega\" width=\"500\" height=\"281\" src=\"https:\/\/www.youtube.com\/embed\/zFnMrc0F670?feature=oembed\" frameborder=\"0\" allow=\"accelerometer; autoplay; clipboard-write; encrypted-media; gyroscope; picture-in-picture; web-share\" referrerpolicy=\"strict-origin-when-cross-origin\" allowfullscreen><\/iframe><\/p>\n<p><iframe loading=\"lazy\" title=\"Arnau Zafra\" width=\"500\" height=\"281\" src=\"https:\/\/www.youtube.com\/embed\/9GSHWCoJJXQ?feature=oembed\" frameborder=\"0\" allow=\"accelerometer; autoplay; clipboard-write; encrypted-media; gyroscope; picture-in-picture; web-share\" referrerpolicy=\"strict-origin-when-cross-origin\" allowfullscreen><\/iframe><\/p>\n<p><iframe loading=\"lazy\" title=\"Carles Sanrom\u00e0\" width=\"500\" height=\"281\" src=\"https:\/\/www.youtube.com\/embed\/v5hIq4v53Ag?feature=oembed\" frameborder=\"0\" allow=\"accelerometer; autoplay; clipboard-write; encrypted-media; gyroscope; picture-in-picture; web-share\" referrerpolicy=\"strict-origin-when-cross-origin\" allowfullscreen><\/iframe><\/p>\n<p><iframe loading=\"lazy\" title=\"John Sanchez\" width=\"500\" height=\"281\" src=\"https:\/\/www.youtube.com\/embed\/WccWVDFyQFg?feature=oembed\" frameborder=\"0\" allow=\"accelerometer; autoplay; clipboard-write; encrypted-media; gyroscope; picture-in-picture; web-share\" referrerpolicy=\"strict-origin-when-cross-origin\" allowfullscreen><\/iframe><\/p>\n<p>&nbsp;<\/p>\n<p><iframe loading=\"lazy\" title=\"Xavi Mart\u00ed\" width=\"500\" height=\"281\" src=\"https:\/\/www.youtube.com\/embed\/o4IOAwqrd8g?feature=oembed\" frameborder=\"0\" allow=\"accelerometer; autoplay; clipboard-write; encrypted-media; gyroscope; picture-in-picture; web-share\" referrerpolicy=\"strict-origin-when-cross-origin\" allowfullscreen><\/iframe><\/p>\n<p><iframe loading=\"lazy\" title=\"J\u00falia Betes\" width=\"500\" height=\"281\" src=\"https:\/\/www.youtube.com\/embed\/Z1zdprOpGNU?feature=oembed\" frameborder=\"0\" allow=\"accelerometer; autoplay; clipboard-write; encrypted-media; gyroscope; picture-in-picture; web-share\" referrerpolicy=\"strict-origin-when-cross-origin\" allowfullscreen><\/iframe><\/p>\n<p>&nbsp;<\/p>\n<p><iframe loading=\"lazy\" title=\"Olga Gisbert\" width=\"500\" height=\"281\" src=\"https:\/\/www.youtube.com\/embed\/XL81AtReU4I?feature=oembed\" frameborder=\"0\" allow=\"accelerometer; autoplay; clipboard-write; encrypted-media; gyroscope; picture-in-picture; web-share\" referrerpolicy=\"strict-origin-when-cross-origin\" allowfullscreen><\/iframe><\/p>\n<p>&nbsp;<\/p>\n<p><iframe loading=\"lazy\" title=\"J\u00falia Montagut\" width=\"500\" height=\"281\" src=\"https:\/\/www.youtube.com\/embed\/9WYDBk1Fksk?feature=oembed\" frameborder=\"0\" allow=\"accelerometer; autoplay; clipboard-write; encrypted-media; gyroscope; picture-in-picture; web-share\" referrerpolicy=\"strict-origin-when-cross-origin\" allowfullscreen><\/iframe><\/p>\n<p><iframe loading=\"lazy\" title=\"Berta Montagut\" width=\"500\" height=\"281\" src=\"https:\/\/www.youtube.com\/embed\/F3sy13_FrUc?feature=oembed\" frameborder=\"0\" allow=\"accelerometer; autoplay; clipboard-write; encrypted-media; gyroscope; picture-in-picture; web-share\" referrerpolicy=\"strict-origin-when-cross-origin\" allowfullscreen><\/iframe><\/p>\n<p>&nbsp;<\/p>\n<p><iframe loading=\"lazy\" title=\"Paula Ghioldi\" width=\"500\" height=\"281\" src=\"https:\/\/www.youtube.com\/embed\/4rBESU2gMtQ?feature=oembed\" frameborder=\"0\" allow=\"accelerometer; autoplay; clipboard-write; encrypted-media; gyroscope; picture-in-picture; web-share\" referrerpolicy=\"strict-origin-when-cross-origin\" allowfullscreen><\/iframe><\/p>\n<p>&nbsp;<\/p>\n<p><iframe loading=\"lazy\" title=\"Arnau Aluja\" width=\"500\" height=\"281\" src=\"https:\/\/www.youtube.com\/embed\/pT4ZI0cLTfw?feature=oembed\" frameborder=\"0\" allow=\"accelerometer; autoplay; clipboard-write; encrypted-media; gyroscope; picture-in-picture; web-share\" referrerpolicy=\"strict-origin-when-cross-origin\" allowfullscreen><\/iframe><\/p>\n<p>&nbsp;<\/p>\n<p><iframe loading=\"lazy\" title=\"Flaviana Coroban\" width=\"500\" height=\"281\" src=\"https:\/\/www.youtube.com\/embed\/Jshn9iUgzzE?feature=oembed\" frameborder=\"0\" allow=\"accelerometer; autoplay; clipboard-write; encrypted-media; gyroscope; picture-in-picture; web-share\" referrerpolicy=\"strict-origin-when-cross-origin\" allowfullscreen><\/iframe><\/p>\n<p>&nbsp;<\/p>\n<p><iframe loading=\"lazy\" title=\"Mart\u00ed Margalef\" width=\"500\" height=\"281\" src=\"https:\/\/www.youtube.com\/embed\/XZ-dCLr3J8o?feature=oembed\" frameborder=\"0\" allow=\"accelerometer; autoplay; clipboard-write; encrypted-media; gyroscope; picture-in-picture; web-share\" referrerpolicy=\"strict-origin-when-cross-origin\" allowfullscreen><\/iframe><\/p>\n<p><iframe loading=\"lazy\" title=\"J\u00falia Margalef\" width=\"500\" height=\"281\" src=\"https:\/\/www.youtube.com\/embed\/ABRLG_jBwxI?feature=oembed\" frameborder=\"0\" allow=\"accelerometer; autoplay; clipboard-write; encrypted-media; gyroscope; picture-in-picture; web-share\" referrerpolicy=\"strict-origin-when-cross-origin\" allowfullscreen><\/iframe><\/p>\n<p><iframe loading=\"lazy\" title=\"Cl\u00e0udia Buigues\" width=\"500\" height=\"281\" src=\"https:\/\/www.youtube.com\/embed\/JSllxYu0u9g?feature=oembed\" frameborder=\"0\" allow=\"accelerometer; autoplay; clipboard-write; encrypted-media; gyroscope; picture-in-picture; web-share\" referrerpolicy=\"strict-origin-when-cross-origin\" allowfullscreen><\/iframe><\/p>\n<p><iframe loading=\"lazy\" title=\"Nuria Miquel\" width=\"500\" height=\"281\" src=\"https:\/\/www.youtube.com\/embed\/6WkWu9QKaQI?feature=oembed\" frameborder=\"0\" allow=\"accelerometer; autoplay; clipboard-write; encrypted-media; gyroscope; picture-in-picture; web-share\" referrerpolicy=\"strict-origin-when-cross-origin\" allowfullscreen><\/iframe><\/p>\n<p><iframe loading=\"lazy\" title=\"Max Chillida\" width=\"500\" height=\"281\" src=\"https:\/\/www.youtube.com\/embed\/01ygkogf0_g?feature=oembed\" frameborder=\"0\" allow=\"accelerometer; autoplay; clipboard-write; encrypted-media; gyroscope; picture-in-picture; web-share\" referrerpolicy=\"strict-origin-when-cross-origin\" allowfullscreen><\/iframe><\/p>\n<p><iframe loading=\"lazy\" title=\"Aina Llorens\" width=\"500\" height=\"281\" src=\"https:\/\/www.youtube.com\/embed\/mmL9D_laA30?feature=oembed\" frameborder=\"0\" allow=\"accelerometer; autoplay; clipboard-write; encrypted-media; gyroscope; picture-in-picture; web-share\" referrerpolicy=\"strict-origin-when-cross-origin\" allowfullscreen><\/iframe><\/p>\n<p>&nbsp;<\/p>\n<p><iframe loading=\"lazy\" title=\"Laia Zepeda\" width=\"500\" height=\"281\" src=\"https:\/\/www.youtube.com\/embed\/0tshSirjgA4?feature=oembed\" frameborder=\"0\" allow=\"accelerometer; autoplay; clipboard-write; encrypted-media; gyroscope; picture-in-picture; web-share\" referrerpolicy=\"strict-origin-when-cross-origin\" allowfullscreen><\/iframe><\/p>\n<p><iframe loading=\"lazy\" title=\"Emma Zepeda\" width=\"500\" height=\"281\" src=\"https:\/\/www.youtube.com\/embed\/8lLZy6etuks?feature=oembed\" frameborder=\"0\" allow=\"accelerometer; autoplay; clipboard-write; encrypted-media; gyroscope; picture-in-picture; web-share\" referrerpolicy=\"strict-origin-when-cross-origin\" allowfullscreen><\/iframe><\/p>\n<p>&nbsp;<\/p>\n<p><iframe loading=\"lazy\" title=\"Aleix Ahumada\" width=\"500\" height=\"281\" src=\"https:\/\/www.youtube.com\/embed\/Hu0JlyVIqgc?feature=oembed\" frameborder=\"0\" allow=\"accelerometer; autoplay; clipboard-write; encrypted-media; gyroscope; picture-in-picture; web-share\" referrerpolicy=\"strict-origin-when-cross-origin\" allowfullscreen><\/iframe><\/p>\n<p>&nbsp;<\/p>\n<p><iframe loading=\"lazy\" title=\"Ariadna Ahumada\" width=\"500\" height=\"281\" src=\"https:\/\/www.youtube.com\/embed\/itNTKna0gYY?feature=oembed\" frameborder=\"0\" allow=\"accelerometer; autoplay; clipboard-write; encrypted-media; gyroscope; picture-in-picture; web-share\" referrerpolicy=\"strict-origin-when-cross-origin\" allowfullscreen><\/iframe><\/p>\n<p><iframe loading=\"lazy\" title=\"Emma Ahumada\" width=\"500\" height=\"281\" src=\"https:\/\/www.youtube.com\/embed\/_ILvd0_Ftkc?feature=oembed\" frameborder=\"0\" allow=\"accelerometer; autoplay; clipboard-write; encrypted-media; gyroscope; picture-in-picture; web-share\" referrerpolicy=\"strict-origin-when-cross-origin\" allowfullscreen><\/iframe><\/p>\n<p><iframe loading=\"lazy\" title=\"Arlet Castro\" width=\"500\" height=\"375\" src=\"https:\/\/www.youtube.com\/embed\/Lfa_oJOjq_Q?feature=oembed\" frameborder=\"0\" allow=\"accelerometer; autoplay; clipboard-write; encrypted-media; gyroscope; picture-in-picture; web-share\" referrerpolicy=\"strict-origin-when-cross-origin\" allowfullscreen><\/iframe><\/p>\n<p><iframe loading=\"lazy\" title=\"Maria Castro\" width=\"500\" height=\"375\" src=\"https:\/\/www.youtube.com\/embed\/5HMWTPuVQdE?feature=oembed\" frameborder=\"0\" allow=\"accelerometer; autoplay; clipboard-write; encrypted-media; gyroscope; picture-in-picture; web-share\" referrerpolicy=\"strict-origin-when-cross-origin\" allowfullscreen><\/iframe><\/p>\n<p><iframe loading=\"lazy\" title=\"Maria Alves\" width=\"500\" height=\"281\" src=\"https:\/\/www.youtube.com\/embed\/n9Z3t_QbHTk?feature=oembed\" frameborder=\"0\" allow=\"accelerometer; autoplay; clipboard-write; encrypted-media; gyroscope; picture-in-picture; web-share\" referrerpolicy=\"strict-origin-when-cross-origin\" allowfullscreen><\/iframe><\/p>\n<p><iframe loading=\"lazy\" title=\"Carla Alves\" width=\"500\" height=\"281\" src=\"https:\/\/www.youtube.com\/embed\/W4a9EMJgqZI?feature=oembed\" frameborder=\"0\" allow=\"accelerometer; autoplay; clipboard-write; encrypted-media; gyroscope; picture-in-picture; web-share\" referrerpolicy=\"strict-origin-when-cross-origin\" allowfullscreen><\/iframe><\/p>\n<p>&nbsp;<\/p>\n<p>&nbsp;<\/p>\n<p>&nbsp;<\/p>\n<p>&nbsp;<\/p>\n<p>&nbsp;<\/p>\n<p>&nbsp;<\/p>\n<p>&nbsp;<\/p>\n<p>&nbsp;<\/p>\n<p>&nbsp;<\/p>\n","protected":false},"excerpt":{"rendered":"<p><a href=\"https:\/\/agora.xtec.cat\/ceip-escola-montsant-reus\/wp-content\/uploads\/usu1887\/2019\/12\/logo-etiq-biblioteca.jpg\"><\/a><br \/>\nEi!!! ja esteu preparats devoradors de llibres???<br \/>\nComencem el 2n trimestre del &#8220;Menja&#8217;t els llibres&#8221;. Ens animeu i ens recomaneu els llibres que us esteu llegint? Ben segur que hi ha motius per explicar per qu\u00e8 us agraden!<br \/>\nPodeu fer l&#8217;activitat des de P3 fins a&hellip;  <a href=\"https:\/\/agora.xtec.cat\/ceip-escola-montsant-reus\/projectes-2\/biblioteca\/menjat-els-llibres-booktubers-bibliomontsant-19-20-2n-trimestre\/\" title=\"Read Menja&#8217;t els llibres. Booktubers Bibliomontsant 19-20. 2n trimestre\">Llegeix m\u00e9s\u00bb<\/a><\/p>\n","protected":false},"author":1,"featured_media":0,"parent":1282,"menu_order":20,"comment_status":"closed","ping_status":"closed","template":"page-templates\/side-menu.php","meta":{"_bbp_topic_count":0,"_bbp_reply_count":0,"_bbp_total_topic_count":0,"_bbp_total_reply_count":0,"_bbp_voice_count":0,"_bbp_anonymous_reply_count":0,"_bbp_topic_count_hidden":0,"_bbp_reply_count_hidden":0,"_bbp_forum_subforum_count":0,"footnotes":""},"class_list":["post-1591","page","type-page","status-publish","hentry"],"post_mailing_queue_ids":[],"_links":{"self":[{"href":"https:\/\/agora.xtec.cat\/ceip-escola-montsant-reus\/wp-json\/wp\/v2\/pages\/1591","targetHints":{"allow":["GET"]}}],"collection":[{"href":"https:\/\/agora.xtec.cat\/ceip-escola-montsant-reus\/wp-json\/wp\/v2\/pages"}],"about":[{"href":"https:\/\/agora.xtec.cat\/ceip-escola-montsant-reus\/wp-json\/wp\/v2\/types\/page"}],"author":[{"embeddable":true,"href":"https:\/\/agora.xtec.cat\/ceip-escola-montsant-reus\/wp-json\/wp\/v2\/users\/1"}],"replies":[{"embeddable":true,"href":"https:\/\/agora.xtec.cat\/ceip-escola-montsant-reus\/wp-json\/wp\/v2\/comments?post=1591"}],"version-history":[{"count":4,"href":"https:\/\/agora.xtec.cat\/ceip-escola-montsant-reus\/wp-json\/wp\/v2\/pages\/1591\/revisions"}],"predecessor-version":[{"id":1924,"href":"https:\/\/agora.xtec.cat\/ceip-escola-montsant-reus\/wp-json\/wp\/v2\/pages\/1591\/revisions\/1924"}],"up":[{"embeddable":true,"href":"https:\/\/agora.xtec.cat\/ceip-escola-montsant-reus\/wp-json\/wp\/v2\/pages\/1282"}],"wp:attachment":[{"href":"https:\/\/agora.xtec.cat\/ceip-escola-montsant-reus\/wp-json\/wp\/v2\/media?parent=1591"}],"curies":[{"name":"wp","href":"https:\/\/api.w.org\/{rel}","templated":true}]}}