{"id":1545,"date":"2020-03-14T07:58:27","date_gmt":"2020-03-14T06:58:27","guid":{"rendered":"http:\/\/agora.xtec.cat\/ceip-escola-montsant-reus\/?page_id=1545"},"modified":"2021-04-02T18:34:52","modified_gmt":"2021-04-02T16:34:52","slug":"xepr","status":"publish","type":"page","link":"https:\/\/agora.xtec.cat\/ceip-escola-montsant-reus\/lescola\/xepr\/","title":{"rendered":"XEPR"},"content":{"rendered":"<p><a href=\"https:\/\/agora.xtec.cat\/ceip-escola-montsant-reus\/wp-content\/uploads\/usu1887\/2020\/02\/LOGO-XEPR_def.jpg\"><img loading=\"lazy\" decoding=\"async\" class=\"wp-image-1508 aligncenter\" src=\"https:\/\/agora.xtec.cat\/ceip-escola-montsant-reus\/wp-content\/uploads\/usu1887\/2020\/02\/LOGO-XEPR_def-1024x1024.jpg\" alt=\"\" width=\"308\" height=\"308\" srcset=\"https:\/\/agora.xtec.cat\/ceip-escola-montsant-reus\/wp-content\/uploads\/usu1887\/2020\/02\/LOGO-XEPR_def-1024x1024.jpg 1024w, https:\/\/agora.xtec.cat\/ceip-escola-montsant-reus\/wp-content\/uploads\/usu1887\/2020\/02\/LOGO-XEPR_def-150x150.jpg 150w, https:\/\/agora.xtec.cat\/ceip-escola-montsant-reus\/wp-content\/uploads\/usu1887\/2020\/02\/LOGO-XEPR_def-300x300.jpg 300w, https:\/\/agora.xtec.cat\/ceip-escola-montsant-reus\/wp-content\/uploads\/usu1887\/2020\/02\/LOGO-XEPR_def-768x768.jpg 768w\" sizes=\"auto, (max-width: 308px) 100vw, 308px\" \/><\/a><\/p>\n<div class=\"wpb_column vc_column_container vc_col-sm-8\">\n<div class=\"vc_column-inner vc_custom_1583686708858\">\n<div class=\"wpb_wrapper\">\n<div class=\"wpb_text_column wpb_content_element \">\n<div class=\"wpb_wrapper\">\n<p>Som les 21 Escoles P\u00fabliques de Reus que ens hem unit per a formar aquesta Xarxa Escoles P\u00fabliques Reus. Hem unit esfor\u00e7os per donar con\u00e8ixer els nostres projectes educatius, les nostres instal\u00b7lacions, el nostre cos docent i tots els altres atributs que les caracteritzen. Tot aix\u00f2 sense deixar de banda el car\u00e0cter propi de cada centre.<\/p>\n<p>La <strong>Xarxa d\u2019Escoles P\u00fabliques de Reus<\/strong> vol conv\u00e8ncer que la millor elecci\u00f3 per l\u2019educaci\u00f3, i per tant pel futur en societat, per als fills, filles i familiars, \u00e9s la que s\u2019ofereix als centres p\u00fablics.<\/p>\n<p>&nbsp;<\/p>\n<\/div>\n<\/div>\n<\/div>\n<\/div>\n<\/div>\n","protected":false},"excerpt":{"rendered":"<p><a href=\"https:\/\/agora.xtec.cat\/ceip-escola-montsant-reus\/wp-content\/uploads\/usu1887\/2020\/02\/LOGO-XEPR_def.jpg\"><\/a><\/p>\n<p>Som les 21 Escoles P\u00fabliques de Reus que ens hem unit per a formar aquesta Xarxa Escoles P\u00fabliques Reus. Hem unit esfor\u00e7os per donar con\u00e8ixer els nostres projectes educatius, les nostres instal\u00b7lacions, el nostre cos docent i tots els altres atributs que les caracteritzen.&hellip;  <a href=\"https:\/\/agora.xtec.cat\/ceip-escola-montsant-reus\/lescola\/xepr\/\" title=\"Read XEPR\">Llegeix m\u00e9s\u00bb<\/a><\/p>\n","protected":false},"author":1,"featured_media":0,"parent":22,"menu_order":40,"comment_status":"closed","ping_status":"closed","template":"page-templates\/side-menu.php","meta":{"_bbp_topic_count":0,"_bbp_reply_count":0,"_bbp_total_topic_count":0,"_bbp_total_reply_count":0,"_bbp_voice_count":0,"_bbp_anonymous_reply_count":0,"_bbp_topic_count_hidden":0,"_bbp_reply_count_hidden":0,"_bbp_forum_subforum_count":0,"footnotes":""},"class_list":["post-1545","page","type-page","status-publish","hentry"],"post_mailing_queue_ids":[],"_links":{"self":[{"href":"https:\/\/agora.xtec.cat\/ceip-escola-montsant-reus\/wp-json\/wp\/v2\/pages\/1545","targetHints":{"allow":["GET"]}}],"collection":[{"href":"https:\/\/agora.xtec.cat\/ceip-escola-montsant-reus\/wp-json\/wp\/v2\/pages"}],"about":[{"href":"https:\/\/agora.xtec.cat\/ceip-escola-montsant-reus\/wp-json\/wp\/v2\/types\/page"}],"author":[{"embeddable":true,"href":"https:\/\/agora.xtec.cat\/ceip-escola-montsant-reus\/wp-json\/wp\/v2\/users\/1"}],"replies":[{"embeddable":true,"href":"https:\/\/agora.xtec.cat\/ceip-escola-montsant-reus\/wp-json\/wp\/v2\/comments?post=1545"}],"version-history":[{"count":4,"href":"https:\/\/agora.xtec.cat\/ceip-escola-montsant-reus\/wp-json\/wp\/v2\/pages\/1545\/revisions"}],"predecessor-version":[{"id":2618,"href":"https:\/\/agora.xtec.cat\/ceip-escola-montsant-reus\/wp-json\/wp\/v2\/pages\/1545\/revisions\/2618"}],"up":[{"embeddable":true,"href":"https:\/\/agora.xtec.cat\/ceip-escola-montsant-reus\/wp-json\/wp\/v2\/pages\/22"}],"wp:attachment":[{"href":"https:\/\/agora.xtec.cat\/ceip-escola-montsant-reus\/wp-json\/wp\/v2\/media?parent=1545"}],"curies":[{"name":"wp","href":"https:\/\/api.w.org\/{rel}","templated":true}]}}

<p><a href="https://agora.xtec.cat/ceip-escola-montsant-reus/wp-content/uploads/usu1887/2020/02/LOGO-XEPR_def.jpg"><img loading="lazy" decoding="async" class="wp-image-1508 aligncenter" src="https://agora.xtec.cat/ceip-escola-montsant-reus/wp-content/uploads/usu1887/2020/02/LOGO-XEPR_def-1024x1024.jpg" alt="" width="308" height="308" srcset="https://agora.xtec.cat/ceip-escola-montsant-reus/wp-content/uploads/usu1887/2020/02/LOGO-XEPR_def-1024x1024.jpg 1024w, https://agora.xtec.cat/ceip-escola-montsant-reus/wp-content/uploads/usu1887/2020/02/LOGO-XEPR_def-150x150.jpg 150w, https://agora.xtec.cat/ceip-escola-montsant-reus/wp-content/uploads/usu1887/2020/02/LOGO-XEPR_def-300x300.jpg 300w, https://agora.xtec.cat/ceip-escola-montsant-reus/wp-content/uploads/usu1887/2020/02/LOGO-XEPR_def-768x768.jpg 768w" sizes="auto, (max-width: 308px) 100vw, 308px" /></a></p>
<div class="wpb_column vc_column_container vc_col-sm-8">
<div class="vc_column-inner vc_custom_1583686708858">
<div class="wpb_wrapper">
<div class="wpb_text_column wpb_content_element ">
<div class="wpb_wrapper">
<p>Som les 21 Escoles Públiques de Reus que ens hem unit per a formar aquesta Xarxa Escoles Públiques Reus. Hem unit esforços per donar conèixer els nostres projectes educatius, les nostres instal·lacions, el nostre cos docent i tots els altres atributs que les caracteritzen. Tot això sense deixar de banda el caràcter propi de cada centre.</p>
<p>La <strong>Xarxa d’Escoles Públiques de Reus</strong> vol convèncer que la millor elecció per l’educació, i per tant pel futur en societat, per als fills, filles i familiars, és la que s’ofereix als centres públics.</p>
<p>&nbsp;</p>
</div>
</div>
</div>
</div>
</div>

<p><a href="https://agora.xtec.cat/ceip-escola-montsant-reus/wp-content/uploads/usu1887/2020/02/LOGO-XEPR_def.jpg"></a></p>
<p>Som les 21 Escoles Públiques de Reus que ens hem unit per a formar aquesta Xarxa Escoles Públiques Reus. Hem unit esforços per donar conèixer els nostres projectes educatius, les nostres instal·lacions, el nostre cos docent i tots els altres atributs que les caracteritzen.&hellip;  <a href="https://agora.xtec.cat/ceip-escola-montsant-reus/lescola/xepr/" title="Read XEPR">Llegeix més»</a></p>
