{"id":1429,"date":"2019-12-03T06:27:43","date_gmt":"2019-12-03T05:27:43","guid":{"rendered":"http:\/\/agora.xtec.cat\/ceip-escola-montsant-reus\/?page_id=1429"},"modified":"2021-03-16T15:25:20","modified_gmt":"2021-03-16T14:25:20","slug":"gran-recapte","status":"publish","type":"page","link":"https:\/\/agora.xtec.cat\/ceip-escola-montsant-reus\/projectes-2\/montsant-solidaria\/gran-recapte\/","title":{"rendered":"Gran Recapte"},"content":{"rendered":"<p>Des de fa uns anys, l&#8217;alumnat de cicle superior participa al Gran Recapte.<\/p>\n<p>Visitem la planta de classificaci\u00f3 d&#8217;aliments i fem molta feina: classificar aliments, tancar i marcar capses, carregar&#8230; per\u00f2 el m\u00e9s important \u00e9s col\u00b7laborar amb i entre nosaltres per ajudar a qui ho necessita.<\/p>\n<p>Per cert, queda molta feina encara i calen voluntaris! Si hi voleu col-laborar, us podeu posar en contacte amb el Banc d&#8217;Aliments 977757444 <a class=\"_58cn\" href=\"https:\/\/www.facebook.com\/hashtag\/escolamontsantreus?source=feed_text&amp;epa=HASHTAG&amp;__xts__%5B0%5D=68.ARAhYGZ6pofje-ix7Riv-vhsrjoVu9qaPmhg2Ldvdp8gyeSIS9kK2uyRHALfSSuhlt1febnbV7023o38M6cdrZcXOX9ArKF24Op52plzUL8EyYtEBn9Mdg4poCmmWL_20To64a44py76o2wU6rLG9R3VQXnXZytqFiVyEayfO2H0XhSpwlXWt4Mz7a4LFLA1ylhJ2yVv5xtUfjJhbiEsPeCmWEz_gml7EvhH2deKJ_Tul_CognG-CbkeA4-OzgD3Fn1HonSORBAJPyrU50Oz7Lm2QJny02QjCTDe7Fm2zWx6AHoc_W5O7--z0gybLvYSDOm7AgY1MOk5QkuBlnJdQEFWY51k&amp;__tn__=%2ANK-R\" data-ft=\"{&quot;type&quot;:104,&quot;tn&quot;:&quot;*N&quot;}\"><span class=\"_5afx\"><span class=\"_58cl _5afz\" aria-label=\"hashtag\">#<\/span><span class=\"_58cm\">escolamontsantreus<\/span><\/span><\/a>\u00a0<a class=\"_58cn\" href=\"https:\/\/www.facebook.com\/hashtag\/somsolidaris?source=feed_text&amp;epa=HASHTAG&amp;__xts__%5B0%5D=68.ARAhYGZ6pofje-ix7Riv-vhsrjoVu9qaPmhg2Ldvdp8gyeSIS9kK2uyRHALfSSuhlt1febnbV7023o38M6cdrZcXOX9ArKF24Op52plzUL8EyYtEBn9Mdg4poCmmWL_20To64a44py76o2wU6rLG9R3VQXnXZytqFiVyEayfO2H0XhSpwlXWt4Mz7a4LFLA1ylhJ2yVv5xtUfjJhbiEsPeCmWEz_gml7EvhH2deKJ_Tul_CognG-CbkeA4-OzgD3Fn1HonSORBAJPyrU50Oz7Lm2QJny02QjCTDe7Fm2zWx6AHoc_W5O7--z0gybLvYSDOm7AgY1MOk5QkuBlnJdQEFWY51k&amp;__tn__=%2ANK-R\" data-ft=\"{&quot;type&quot;:104,&quot;tn&quot;:&quot;*N&quot;}\"><span class=\"_5afx\"><span class=\"_58cl _5afz\" aria-label=\"hashtag\">#<\/span><span class=\"_58cm\">somsolidaris<\/span><\/span><\/a><a class=\"_58cn\" href=\"https:\/\/www.facebook.com\/hashtag\/compartimmoments?source=feed_text&amp;epa=HASHTAG&amp;__xts__%5B0%5D=68.ARAhYGZ6pofje-ix7Riv-vhsrjoVu9qaPmhg2Ldvdp8gyeSIS9kK2uyRHALfSSuhlt1febnbV7023o38M6cdrZcXOX9ArKF24Op52plzUL8EyYtEBn9Mdg4poCmmWL_20To64a44py76o2wU6rLG9R3VQXnXZytqFiVyEayfO2H0XhSpwlXWt4Mz7a4LFLA1ylhJ2yVv5xtUfjJhbiEsPeCmWEz_gml7EvhH2deKJ_Tul_CognG-CbkeA4-OzgD3Fn1HonSORBAJPyrU50Oz7Lm2QJny02QjCTDe7Fm2zWx6AHoc_W5O7--z0gybLvYSDOm7AgY1MOk5QkuBlnJdQEFWY51k&amp;__tn__=%2ANK-R\" data-ft=\"{&quot;type&quot;:104,&quot;tn&quot;:&quot;*N&quot;}\"><span class=\"_5afx\"><span class=\"_58cl _5afz\" aria-label=\"hashtag\">#<\/span><span class=\"_58cm\">compartimmoments<\/span><\/span><\/a><\/p>\n<p><a href=\"https:\/\/agora.xtec.cat\/ceip-escola-montsant-reus\/wp-content\/uploads\/usu1887\/2019\/01\/gran-recapte.jpg\"><img loading=\"lazy\" decoding=\"async\" class=\"alignnone size-full wp-image-658\" src=\"https:\/\/agora.xtec.cat\/ceip-escola-montsant-reus\/wp-content\/uploads\/usu1887\/2019\/01\/gran-recapte.jpg\" alt=\"\" width=\"960\" height=\"960\" srcset=\"https:\/\/agora.xtec.cat\/ceip-escola-montsant-reus\/wp-content\/uploads\/usu1887\/2019\/01\/gran-recapte.jpg 960w, https:\/\/agora.xtec.cat\/ceip-escola-montsant-reus\/wp-content\/uploads\/usu1887\/2019\/01\/gran-recapte-150x150.jpg 150w, https:\/\/agora.xtec.cat\/ceip-escola-montsant-reus\/wp-content\/uploads\/usu1887\/2019\/01\/gran-recapte-300x300.jpg 300w, https:\/\/agora.xtec.cat\/ceip-escola-montsant-reus\/wp-content\/uploads\/usu1887\/2019\/01\/gran-recapte-768x768.jpg 768w\" sizes=\"auto, (max-width: 960px) 100vw, 960px\" \/><\/a><\/p>\n","protected":false},"excerpt":{"rendered":"<p>Des de fa uns anys, l&#8217;alumnat de cicle superior participa al Gran Recapte.<br \/>\nVisitem la planta de classificaci\u00f3 d&#8217;aliments i fem molta feina: classificar aliments, tancar i marcar capses, carregar&#8230; per\u00f2 el m\u00e9s important \u00e9s col\u00b7laborar amb i entre nosaltres per ajudar a qui ho necessita.<br \/>\nPer&hellip;  <a href=\"https:\/\/agora.xtec.cat\/ceip-escola-montsant-reus\/projectes-2\/montsant-solidaria\/gran-recapte\/\" title=\"Read Gran Recapte\">Llegeix m\u00e9s\u00bb<\/a><\/p>\n","protected":false},"author":1,"featured_media":0,"parent":1422,"menu_order":0,"comment_status":"closed","ping_status":"closed","template":"page-templates\/side-menu.php","meta":{"_bbp_topic_count":0,"_bbp_reply_count":0,"_bbp_total_topic_count":0,"_bbp_total_reply_count":0,"_bbp_voice_count":0,"_bbp_anonymous_reply_count":0,"_bbp_topic_count_hidden":0,"_bbp_reply_count_hidden":0,"_bbp_forum_subforum_count":0,"footnotes":""},"class_list":["post-1429","page","type-page","status-publish","hentry"],"post_mailing_queue_ids":[],"_links":{"self":[{"href":"https:\/\/agora.xtec.cat\/ceip-escola-montsant-reus\/wp-json\/wp\/v2\/pages\/1429","targetHints":{"allow":["GET"]}}],"collection":[{"href":"https:\/\/agora.xtec.cat\/ceip-escola-montsant-reus\/wp-json\/wp\/v2\/pages"}],"about":[{"href":"https:\/\/agora.xtec.cat\/ceip-escola-montsant-reus\/wp-json\/wp\/v2\/types\/page"}],"author":[{"embeddable":true,"href":"https:\/\/agora.xtec.cat\/ceip-escola-montsant-reus\/wp-json\/wp\/v2\/users\/1"}],"replies":[{"embeddable":true,"href":"https:\/\/agora.xtec.cat\/ceip-escola-montsant-reus\/wp-json\/wp\/v2\/comments?post=1429"}],"version-history":[{"count":2,"href":"https:\/\/agora.xtec.cat\/ceip-escola-montsant-reus\/wp-json\/wp\/v2\/pages\/1429\/revisions"}],"predecessor-version":[{"id":2269,"href":"https:\/\/agora.xtec.cat\/ceip-escola-montsant-reus\/wp-json\/wp\/v2\/pages\/1429\/revisions\/2269"}],"up":[{"embeddable":true,"href":"https:\/\/agora.xtec.cat\/ceip-escola-montsant-reus\/wp-json\/wp\/v2\/pages\/1422"}],"wp:attachment":[{"href":"https:\/\/agora.xtec.cat\/ceip-escola-montsant-reus\/wp-json\/wp\/v2\/media?parent=1429"}],"curies":[{"name":"wp","href":"https:\/\/api.w.org\/{rel}","templated":true}]}}

<p>Des de fa uns anys, l&#8217;alumnat de cicle superior participa al Gran Recapte.</p>
<p>Visitem la planta de classificació d&#8217;aliments i fem molta feina: classificar aliments, tancar i marcar capses, carregar&#8230; però el més important és col·laborar amb i entre nosaltres per ajudar a qui ho necessita.</p>
<p>Per cert, queda molta feina encara i calen voluntaris! Si hi voleu col-laborar, us podeu posar en contacte amb el Banc d&#8217;Aliments 977757444 <a class="_58cn" href="https://www.facebook.com/hashtag/escolamontsantreus?source=feed_text&amp;epa=HASHTAG&amp;__xts__%5B0%5D=68.ARAhYGZ6pofje-ix7Riv-vhsrjoVu9qaPmhg2Ldvdp8gyeSIS9kK2uyRHALfSSuhlt1febnbV7023o38M6cdrZcXOX9ArKF24Op52plzUL8EyYtEBn9Mdg4poCmmWL_20To64a44py76o2wU6rLG9R3VQXnXZytqFiVyEayfO2H0XhSpwlXWt4Mz7a4LFLA1ylhJ2yVv5xtUfjJhbiEsPeCmWEz_gml7EvhH2deKJ_Tul_CognG-CbkeA4-OzgD3Fn1HonSORBAJPyrU50Oz7Lm2QJny02QjCTDe7Fm2zWx6AHoc_W5O7--z0gybLvYSDOm7AgY1MOk5QkuBlnJdQEFWY51k&amp;__tn__=%2ANK-R" data-ft="{&quot;type&quot;:104,&quot;tn&quot;:&quot;*N&quot;}"><span class="_5afx"><span class="_58cl _5afz" aria-label="hashtag">#</span><span class="_58cm">escolamontsantreus</span></span></a> <a class="_58cn" href="https://www.facebook.com/hashtag/somsolidaris?source=feed_text&amp;epa=HASHTAG&amp;__xts__%5B0%5D=68.ARAhYGZ6pofje-ix7Riv-vhsrjoVu9qaPmhg2Ldvdp8gyeSIS9kK2uyRHALfSSuhlt1febnbV7023o38M6cdrZcXOX9ArKF24Op52plzUL8EyYtEBn9Mdg4poCmmWL_20To64a44py76o2wU6rLG9R3VQXnXZytqFiVyEayfO2H0XhSpwlXWt4Mz7a4LFLA1ylhJ2yVv5xtUfjJhbiEsPeCmWEz_gml7EvhH2deKJ_Tul_CognG-CbkeA4-OzgD3Fn1HonSORBAJPyrU50Oz7Lm2QJny02QjCTDe7Fm2zWx6AHoc_W5O7--z0gybLvYSDOm7AgY1MOk5QkuBlnJdQEFWY51k&amp;__tn__=%2ANK-R" data-ft="{&quot;type&quot;:104,&quot;tn&quot;:&quot;*N&quot;}"><span class="_5afx"><span class="_58cl _5afz" aria-label="hashtag">#</span><span class="_58cm">somsolidaris</span></span></a><a class="_58cn" href="https://www.facebook.com/hashtag/compartimmoments?source=feed_text&amp;epa=HASHTAG&amp;__xts__%5B0%5D=68.ARAhYGZ6pofje-ix7Riv-vhsrjoVu9qaPmhg2Ldvdp8gyeSIS9kK2uyRHALfSSuhlt1febnbV7023o38M6cdrZcXOX9ArKF24Op52plzUL8EyYtEBn9Mdg4poCmmWL_20To64a44py76o2wU6rLG9R3VQXnXZytqFiVyEayfO2H0XhSpwlXWt4Mz7a4LFLA1ylhJ2yVv5xtUfjJhbiEsPeCmWEz_gml7EvhH2deKJ_Tul_CognG-CbkeA4-OzgD3Fn1HonSORBAJPyrU50Oz7Lm2QJny02QjCTDe7Fm2zWx6AHoc_W5O7--z0gybLvYSDOm7AgY1MOk5QkuBlnJdQEFWY51k&amp;__tn__=%2ANK-R" data-ft="{&quot;type&quot;:104,&quot;tn&quot;:&quot;*N&quot;}"><span class="_5afx"><span class="_58cl _5afz" aria-label="hashtag">#</span><span class="_58cm">compartimmoments</span></span></a></p>
<p><a href="https://agora.xtec.cat/ceip-escola-montsant-reus/wp-content/uploads/usu1887/2019/01/gran-recapte.jpg"><img loading="lazy" decoding="async" class="alignnone size-full wp-image-658" src="https://agora.xtec.cat/ceip-escola-montsant-reus/wp-content/uploads/usu1887/2019/01/gran-recapte.jpg" alt="" width="960" height="960" srcset="https://agora.xtec.cat/ceip-escola-montsant-reus/wp-content/uploads/usu1887/2019/01/gran-recapte.jpg 960w, https://agora.xtec.cat/ceip-escola-montsant-reus/wp-content/uploads/usu1887/2019/01/gran-recapte-150x150.jpg 150w, https://agora.xtec.cat/ceip-escola-montsant-reus/wp-content/uploads/usu1887/2019/01/gran-recapte-300x300.jpg 300w, https://agora.xtec.cat/ceip-escola-montsant-reus/wp-content/uploads/usu1887/2019/01/gran-recapte-768x768.jpg 768w" sizes="auto, (max-width: 960px) 100vw, 960px" /></a></p>

<p>Des de fa uns anys, l&#8217;alumnat de cicle superior participa al Gran Recapte.<br />
Visitem la planta de classificació d&#8217;aliments i fem molta feina: classificar aliments, tancar i marcar capses, carregar&#8230; però el més important és col·laborar amb i entre nosaltres per ajudar a qui ho necessita.<br />
Per&hellip;  <a href="https://agora.xtec.cat/ceip-escola-montsant-reus/projectes-2/montsant-solidaria/gran-recapte/" title="Read Gran Recapte">Llegeix més»</a></p>
