{"id":1427,"date":"2019-12-03T06:27:03","date_gmt":"2019-12-03T05:27:03","guid":{"rendered":"http:\/\/agora.xtec.cat\/ceip-escola-montsant-reus\/?page_id=1427"},"modified":"2021-04-11T18:03:37","modified_gmt":"2021-04-11T16:03:37","slug":"recollida-de-taps-solidaris","status":"publish","type":"page","link":"https:\/\/agora.xtec.cat\/ceip-escola-montsant-reus\/projectes-2\/montsant-solidaria\/recollida-de-taps-solidaris\/","title":{"rendered":"Recollida de taps solidaris"},"content":{"rendered":"<p><strong>PER QU\u00c8 RECOLLIM TAPS?<\/strong><\/p>\n<p>La recollida de taps de pl\u00e0stic \u00e9s una de les primeres activitats que v\u00e0rem pensar per a recaptar fons perqu\u00e8 s\u2019investigui la malaltia del nostre fill.<\/p>\n<p><strong>Un gest tan simple com guardar\u00a0un tap es converteix en un gest solidari.<\/strong>\u00a0Per a l\u2019Adri\u00e0 ets una persona m\u00e9s que es fa ress\u00f2 de la seva greu malaltia i a l\u2019hora contribueixes a que la investigaci\u00f3 sigui possible. Per nosaltres tots aquests taps s\u00f3n persones que ens abracen i ens ajuden a no perdre l\u2019esperan\u00e7a, ens dona for\u00e7a per continuar lluitant i ens fa sentir que no estem sols.<\/p>\n<p>La recollida de taps no \u00e9s f\u00e0cil, representa molta feina, i realment \u00e9s aix\u00ed. Els hem d\u2019anar a buscar als punts de recollida, els hem de triar per assegurar-nos que tots siguin de pl\u00e0stic, transport per portar-los\u2026\u00a0per\u00a0al final poder aconseguir\u00a0<strong>una tona de taps per obtenir 200 euros.<\/strong><\/p>\n<p>\u00c9s feina, s\u00ed, per\u00f2 s\u00f3n diners que al nostre fill Adri\u00e0 i als altres nens que com ell pateixen aquesta malaltia els hi pot salvar la vida i tu estar\u00e0s ajudant a que aix\u00f2 pugui ser possible.<\/p>\n<p>Gr\u00e0cies per lluitar amb nosaltres!<\/p>\n<p><a href=\"https:\/\/agora.xtec.cat\/ceip-escola-montsant-reus\/wp-content\/uploads\/usu1887\/2021\/04\/Taps-solidaris.png\"><img loading=\"lazy\" decoding=\"async\" class=\" wp-image-2638 aligncenter\" src=\"https:\/\/agora.xtec.cat\/ceip-escola-montsant-reus\/wp-content\/uploads\/usu1887\/2021\/04\/Taps-solidaris-724x1024.png\" alt=\"\" width=\"477\" height=\"675\" srcset=\"https:\/\/agora.xtec.cat\/ceip-escola-montsant-reus\/wp-content\/uploads\/usu1887\/2021\/04\/Taps-solidaris-724x1024.png 724w, https:\/\/agora.xtec.cat\/ceip-escola-montsant-reus\/wp-content\/uploads\/usu1887\/2021\/04\/Taps-solidaris-212x300.png 212w, https:\/\/agora.xtec.cat\/ceip-escola-montsant-reus\/wp-content\/uploads\/usu1887\/2021\/04\/Taps-solidaris-768x1086.png 768w, https:\/\/agora.xtec.cat\/ceip-escola-montsant-reus\/wp-content\/uploads\/usu1887\/2021\/04\/Taps-solidaris.png 1000w\" sizes=\"auto, (max-width: 477px) 100vw, 477px\" \/><\/a><\/p>\n","protected":false},"excerpt":{"rendered":"<p>PER QU\u00c8 RECOLLIM TAPS?<br \/>\nLa recollida de taps de pl\u00e0stic \u00e9s una de les primeres activitats que v\u00e0rem pensar per a recaptar fons perqu\u00e8 s\u2019investigui la malaltia del nostre fill.<br \/>\nUn gest tan simple com guardar\u00a0un tap es converteix en un gest solidari.\u00a0Per a l\u2019Adri\u00e0 ets una&hellip;  <a href=\"https:\/\/agora.xtec.cat\/ceip-escola-montsant-reus\/projectes-2\/montsant-solidaria\/recollida-de-taps-solidaris\/\" title=\"Read Recollida de taps solidaris\">Llegeix m\u00e9s\u00bb<\/a><\/p>\n","protected":false},"author":1,"featured_media":0,"parent":1422,"menu_order":0,"comment_status":"closed","ping_status":"closed","template":"page-templates\/side-menu.php","meta":{"_bbp_topic_count":0,"_bbp_reply_count":0,"_bbp_total_topic_count":0,"_bbp_total_reply_count":0,"_bbp_voice_count":0,"_bbp_anonymous_reply_count":0,"_bbp_topic_count_hidden":0,"_bbp_reply_count_hidden":0,"_bbp_forum_subforum_count":0,"footnotes":""},"class_list":["post-1427","page","type-page","status-publish","hentry"],"post_mailing_queue_ids":[],"_links":{"self":[{"href":"https:\/\/agora.xtec.cat\/ceip-escola-montsant-reus\/wp-json\/wp\/v2\/pages\/1427","targetHints":{"allow":["GET"]}}],"collection":[{"href":"https:\/\/agora.xtec.cat\/ceip-escola-montsant-reus\/wp-json\/wp\/v2\/pages"}],"about":[{"href":"https:\/\/agora.xtec.cat\/ceip-escola-montsant-reus\/wp-json\/wp\/v2\/types\/page"}],"author":[{"embeddable":true,"href":"https:\/\/agora.xtec.cat\/ceip-escola-montsant-reus\/wp-json\/wp\/v2\/users\/1"}],"replies":[{"embeddable":true,"href":"https:\/\/agora.xtec.cat\/ceip-escola-montsant-reus\/wp-json\/wp\/v2\/comments?post=1427"}],"version-history":[{"count":2,"href":"https:\/\/agora.xtec.cat\/ceip-escola-montsant-reus\/wp-json\/wp\/v2\/pages\/1427\/revisions"}],"predecessor-version":[{"id":2749,"href":"https:\/\/agora.xtec.cat\/ceip-escola-montsant-reus\/wp-json\/wp\/v2\/pages\/1427\/revisions\/2749"}],"up":[{"embeddable":true,"href":"https:\/\/agora.xtec.cat\/ceip-escola-montsant-reus\/wp-json\/wp\/v2\/pages\/1422"}],"wp:attachment":[{"href":"https:\/\/agora.xtec.cat\/ceip-escola-montsant-reus\/wp-json\/wp\/v2\/media?parent=1427"}],"curies":[{"name":"wp","href":"https:\/\/api.w.org\/{rel}","templated":true}]}}

<p><strong>PER QUÈ RECOLLIM TAPS?</strong></p>
<p>La recollida de taps de plàstic és una de les primeres activitats que vàrem pensar per a recaptar fons perquè s’investigui la malaltia del nostre fill.</p>
<p><strong>Un gest tan simple com guardar un tap es converteix en un gest solidari.</strong> Per a l’Adrià ets una persona més que es fa ressò de la seva greu malaltia i a l’hora contribueixes a que la investigació sigui possible. Per nosaltres tots aquests taps són persones que ens abracen i ens ajuden a no perdre l’esperança, ens dona força per continuar lluitant i ens fa sentir que no estem sols.</p>
<p>La recollida de taps no és fàcil, representa molta feina, i realment és així. Els hem d’anar a buscar als punts de recollida, els hem de triar per assegurar-nos que tots siguin de plàstic, transport per portar-los… per al final poder aconseguir <strong>una tona de taps per obtenir 200 euros.</strong></p>
<p>És feina, sí, però són diners que al nostre fill Adrià i als altres nens que com ell pateixen aquesta malaltia els hi pot salvar la vida i tu estaràs ajudant a que això pugui ser possible.</p>
<p>Gràcies per lluitar amb nosaltres!</p>
<p><a href="https://agora.xtec.cat/ceip-escola-montsant-reus/wp-content/uploads/usu1887/2021/04/Taps-solidaris.png"><img loading="lazy" decoding="async" class=" wp-image-2638 aligncenter" src="https://agora.xtec.cat/ceip-escola-montsant-reus/wp-content/uploads/usu1887/2021/04/Taps-solidaris-724x1024.png" alt="" width="477" height="675" srcset="https://agora.xtec.cat/ceip-escola-montsant-reus/wp-content/uploads/usu1887/2021/04/Taps-solidaris-724x1024.png 724w, https://agora.xtec.cat/ceip-escola-montsant-reus/wp-content/uploads/usu1887/2021/04/Taps-solidaris-212x300.png 212w, https://agora.xtec.cat/ceip-escola-montsant-reus/wp-content/uploads/usu1887/2021/04/Taps-solidaris-768x1086.png 768w, https://agora.xtec.cat/ceip-escola-montsant-reus/wp-content/uploads/usu1887/2021/04/Taps-solidaris.png 1000w" sizes="auto, (max-width: 477px) 100vw, 477px" /></a></p>

<p>PER QUÈ RECOLLIM TAPS?<br />
La recollida de taps de plàstic és una de les primeres activitats que vàrem pensar per a recaptar fons perquè s’investigui la malaltia del nostre fill.<br />
Un gest tan simple com guardar un tap es converteix en un gest solidari. Per a l’Adrià ets una&hellip;  <a href="https://agora.xtec.cat/ceip-escola-montsant-reus/projectes-2/montsant-solidaria/recollida-de-taps-solidaris/" title="Read Recollida de taps solidaris">Llegeix més»</a></p>
