{"id":1425,"date":"2019-12-03T06:25:54","date_gmt":"2019-12-03T05:25:54","guid":{"rendered":"http:\/\/agora.xtec.cat\/ceip-escola-montsant-reus\/?page_id=1425"},"modified":"2021-04-11T18:02:26","modified_gmt":"2021-04-11T16:02:26","slug":"montsant-trailkids","status":"publish","type":"page","link":"https:\/\/agora.xtec.cat\/ceip-escola-montsant-reus\/projectes-2\/montsant-solidaria\/montsant-trailkids\/","title":{"rendered":"Montsant TrailKids"},"content":{"rendered":"<p>Durant els mesos de maig i juny, l&#8217;alumnat de cicle superior fa algunes activitats per recollir diners per alguna causa solid\u00e0ria. Cada any es fa la donaci\u00f3 a una entitat sense \u00e0nim de lucre escollida pr\u00e8viament. Aquesta activitat conclou amb la donaci\u00f3 de l&#8217;import recollit i una sortida <em>trailkids<\/em> per a l&#8217;alumnat que ha col\u00b7laborat.<\/p>\n<p>Amb aquest iniciativa hem pogut ajudar a entitats com\u00a0 ACNEFI o ESPAI TEA.<\/p>\n<p><a href=\"https:\/\/agora.xtec.cat\/ceip-escola-montsant-reus\/wp-content\/uploads\/usu1887\/2019\/07\/montsant-trailkids.jpg\"><img loading=\"lazy\" decoding=\"async\" class=\"wp-image-1145 aligncenter\" src=\"https:\/\/agora.xtec.cat\/ceip-escola-montsant-reus\/wp-content\/uploads\/usu1887\/2019\/07\/montsant-trailkids.jpg\" alt=\"\" width=\"620\" height=\"621\" srcset=\"https:\/\/agora.xtec.cat\/ceip-escola-montsant-reus\/wp-content\/uploads\/usu1887\/2019\/07\/montsant-trailkids.jpg 960w, https:\/\/agora.xtec.cat\/ceip-escola-montsant-reus\/wp-content\/uploads\/usu1887\/2019\/07\/montsant-trailkids-150x150.jpg 150w, https:\/\/agora.xtec.cat\/ceip-escola-montsant-reus\/wp-content\/uploads\/usu1887\/2019\/07\/montsant-trailkids-300x300.jpg 300w, https:\/\/agora.xtec.cat\/ceip-escola-montsant-reus\/wp-content\/uploads\/usu1887\/2019\/07\/montsant-trailkids-768x768.jpg 768w\" sizes=\"auto, (max-width: 620px) 100vw, 620px\" \/><\/a><\/p>\n","protected":false},"excerpt":{"rendered":"<p>Durant els mesos de maig i juny, l&#8217;alumnat de cicle superior fa algunes activitats per recollir diners per alguna causa solid\u00e0ria. Cada any es fa la donaci\u00f3 a una entitat sense \u00e0nim de lucre escollida pr\u00e8viament. Aquesta activitat conclou amb la donaci\u00f3 de l&#8217;import recollit&hellip;  <a href=\"https:\/\/agora.xtec.cat\/ceip-escola-montsant-reus\/projectes-2\/montsant-solidaria\/montsant-trailkids\/\" title=\"Read Montsant TrailKids\">Llegeix m\u00e9s\u00bb<\/a><\/p>\n","protected":false},"author":1,"featured_media":0,"parent":1422,"menu_order":0,"comment_status":"closed","ping_status":"closed","template":"page-templates\/side-menu.php","meta":{"_bbp_topic_count":0,"_bbp_reply_count":0,"_bbp_total_topic_count":0,"_bbp_total_reply_count":0,"_bbp_voice_count":0,"_bbp_anonymous_reply_count":0,"_bbp_topic_count_hidden":0,"_bbp_reply_count_hidden":0,"_bbp_forum_subforum_count":0,"footnotes":""},"class_list":["post-1425","page","type-page","status-publish","hentry"],"post_mailing_queue_ids":[],"_links":{"self":[{"href":"https:\/\/agora.xtec.cat\/ceip-escola-montsant-reus\/wp-json\/wp\/v2\/pages\/1425","targetHints":{"allow":["GET"]}}],"collection":[{"href":"https:\/\/agora.xtec.cat\/ceip-escola-montsant-reus\/wp-json\/wp\/v2\/pages"}],"about":[{"href":"https:\/\/agora.xtec.cat\/ceip-escola-montsant-reus\/wp-json\/wp\/v2\/types\/page"}],"author":[{"embeddable":true,"href":"https:\/\/agora.xtec.cat\/ceip-escola-montsant-reus\/wp-json\/wp\/v2\/users\/1"}],"replies":[{"embeddable":true,"href":"https:\/\/agora.xtec.cat\/ceip-escola-montsant-reus\/wp-json\/wp\/v2\/comments?post=1425"}],"version-history":[{"count":2,"href":"https:\/\/agora.xtec.cat\/ceip-escola-montsant-reus\/wp-json\/wp\/v2\/pages\/1425\/revisions"}],"predecessor-version":[{"id":2748,"href":"https:\/\/agora.xtec.cat\/ceip-escola-montsant-reus\/wp-json\/wp\/v2\/pages\/1425\/revisions\/2748"}],"up":[{"embeddable":true,"href":"https:\/\/agora.xtec.cat\/ceip-escola-montsant-reus\/wp-json\/wp\/v2\/pages\/1422"}],"wp:attachment":[{"href":"https:\/\/agora.xtec.cat\/ceip-escola-montsant-reus\/wp-json\/wp\/v2\/media?parent=1425"}],"curies":[{"name":"wp","href":"https:\/\/api.w.org\/{rel}","templated":true}]}}

<p>Durant els mesos de maig i juny, l&#8217;alumnat de cicle superior fa algunes activitats per recollir diners per alguna causa solidària. Cada any es fa la donació a una entitat sense ànim de lucre escollida prèviament. Aquesta activitat conclou amb la donació de l&#8217;import recollit i una sortida <em>trailkids</em> per a l&#8217;alumnat que ha col·laborat.</p>
<p>Amb aquest iniciativa hem pogut ajudar a entitats com  ACNEFI o ESPAI TEA.</p>
<p><a href="https://agora.xtec.cat/ceip-escola-montsant-reus/wp-content/uploads/usu1887/2019/07/montsant-trailkids.jpg"><img loading="lazy" decoding="async" class="wp-image-1145 aligncenter" src="https://agora.xtec.cat/ceip-escola-montsant-reus/wp-content/uploads/usu1887/2019/07/montsant-trailkids.jpg" alt="" width="620" height="621" srcset="https://agora.xtec.cat/ceip-escola-montsant-reus/wp-content/uploads/usu1887/2019/07/montsant-trailkids.jpg 960w, https://agora.xtec.cat/ceip-escola-montsant-reus/wp-content/uploads/usu1887/2019/07/montsant-trailkids-150x150.jpg 150w, https://agora.xtec.cat/ceip-escola-montsant-reus/wp-content/uploads/usu1887/2019/07/montsant-trailkids-300x300.jpg 300w, https://agora.xtec.cat/ceip-escola-montsant-reus/wp-content/uploads/usu1887/2019/07/montsant-trailkids-768x768.jpg 768w" sizes="auto, (max-width: 620px) 100vw, 620px" /></a></p>

<p>Durant els mesos de maig i juny, l&#8217;alumnat de cicle superior fa algunes activitats per recollir diners per alguna causa solidària. Cada any es fa la donació a una entitat sense ànim de lucre escollida prèviament. Aquesta activitat conclou amb la donació de l&#8217;import recollit&hellip;  <a href="https://agora.xtec.cat/ceip-escola-montsant-reus/projectes-2/montsant-solidaria/montsant-trailkids/" title="Read Montsant TrailKids">Llegeix més»</a></p>
