{"id":1415,"date":"2019-11-30T11:07:50","date_gmt":"2019-11-30T10:07:50","guid":{"rendered":"http:\/\/agora.xtec.cat\/ceip-escola-montsant-reus\/?page_id=1415"},"modified":"2023-01-08T13:07:44","modified_gmt":"2023-01-08T12:07:44","slug":"escola-verda","status":"publish","type":"page","link":"https:\/\/agora.xtec.cat\/ceip-escola-montsant-reus\/projectes-2\/escola-verda\/","title":{"rendered":"Ci\u00e8ncia i Medi. Escola Verda"},"content":{"rendered":"<p><a href=\"https:\/\/agora.xtec.cat\/ceip-escola-montsant-reus\/wp-content\/uploads\/usu1887\/2020\/02\/Logo-E.-Verda-color-petit.jpg\"><img loading=\"lazy\" decoding=\"async\" class=\"size-full wp-image-1488 aligncenter\" src=\"https:\/\/agora.xtec.cat\/ceip-escola-montsant-reus\/wp-content\/uploads\/usu1887\/2020\/02\/Logo-E.-Verda-color-petit.jpg\" alt=\"\" width=\"270\" height=\"270\" srcset=\"https:\/\/agora.xtec.cat\/ceip-escola-montsant-reus\/wp-content\/uploads\/usu1887\/2020\/02\/Logo-E.-Verda-color-petit.jpg 270w, https:\/\/agora.xtec.cat\/ceip-escola-montsant-reus\/wp-content\/uploads\/usu1887\/2020\/02\/Logo-E.-Verda-color-petit-150x150.jpg 150w\" sizes=\"auto, (max-width: 270px) 100vw, 270px\" \/><\/a><\/p>\n<p>El projecte d&#8217;Escola Verda sorgeix com a comprom\u00eds del nostres centre educatiu per a innovar, incloure, avan\u00e7ar, sistematitzar i organitzar accions educatives que tinguin la finalitat d&#8217;afrontar, des de l&#8217;educaci\u00f3, els nous reptes i valors de la sostenibilitat.<\/p>\n<p>I, per tant, ens plantegem tres grans objectius:<\/p>\n<ul>\n<li>Incorporar els valors de l&#8217;educaci\u00f3 per a la sostenibilitat en tots els \u00e0mbits de la vida del centre (curr\u00edculum, gesti\u00f3, relacions amb l&#8217;entorn, etc.).<\/li>\n<li>Promoure la participaci\u00f3 i la implicaci\u00f3 activa de la comunitat educativa en la millora del nostre entorn.<\/li>\n<li>Afavorir l&#8217;intercanvi entre els centres que comparteixen uns mateixos objectius.<\/li>\n<\/ul>\n<p>El comit\u00e8 ambiental 2022-23 ja ha iniciat la seva tasca per aconseguir que l&#8217;escola sigui encara m\u00e9s verda! Segur que ho faran molt b\u00e9.<\/p>\n<p><a href=\"https:\/\/agora.xtec.cat\/ceip-escola-montsant-reus\/wp-content\/uploads\/usu1887\/2023\/01\/comite-22-23.jpg\"><img loading=\"lazy\" decoding=\"async\" class=\"aligncenter size-large wp-image-3174\" src=\"https:\/\/agora.xtec.cat\/ceip-escola-montsant-reus\/wp-content\/uploads\/usu1887\/2023\/01\/comite-22-23-753x1024.jpg\" alt=\"\" width=\"753\" height=\"1024\" srcset=\"https:\/\/agora.xtec.cat\/ceip-escola-montsant-reus\/wp-content\/uploads\/usu1887\/2023\/01\/comite-22-23-753x1024.jpg 753w, https:\/\/agora.xtec.cat\/ceip-escola-montsant-reus\/wp-content\/uploads\/usu1887\/2023\/01\/comite-22-23-221x300.jpg 221w, https:\/\/agora.xtec.cat\/ceip-escola-montsant-reus\/wp-content\/uploads\/usu1887\/2023\/01\/comite-22-23-768x1044.jpg 768w, https:\/\/agora.xtec.cat\/ceip-escola-montsant-reus\/wp-content\/uploads\/usu1887\/2023\/01\/comite-22-23-1130x1536.jpg 1130w, https:\/\/agora.xtec.cat\/ceip-escola-montsant-reus\/wp-content\/uploads\/usu1887\/2023\/01\/comite-22-23.jpg 1273w\" sizes=\"auto, (max-width: 753px) 100vw, 753px\" \/><\/a><\/p>\n<p>&nbsp;<\/p>\n<p>&nbsp;<\/p>\n<p>&nbsp;<\/p>\n<p>&nbsp;<\/p>\n","protected":false},"excerpt":{"rendered":"<p><a href=\"https:\/\/agora.xtec.cat\/ceip-escola-montsant-reus\/wp-content\/uploads\/usu1887\/2020\/02\/Logo-E.-Verda-color-petit.jpg\"><\/a><br \/>\nEl projecte d&#8217;Escola Verda sorgeix com a comprom\u00eds del nostres centre educatiu per a innovar, incloure, avan\u00e7ar, sistematitzar i organitzar accions educatives que tinguin la finalitat d&#8217;afrontar, des de l&#8217;educaci\u00f3, els nous reptes i valors de la sostenibilitat.<br \/>\nI, per tant, ens plantegem tres grans&hellip;  <a href=\"https:\/\/agora.xtec.cat\/ceip-escola-montsant-reus\/projectes-2\/escola-verda\/\" title=\"Read Ci\u00e8ncia i Medi. Escola Verda\">Llegeix m\u00e9s\u00bb<\/a><\/p>\n","protected":false},"author":1,"featured_media":0,"parent":64,"menu_order":52,"comment_status":"closed","ping_status":"closed","template":"page-templates\/side-menu.php","meta":{"_bbp_topic_count":0,"_bbp_reply_count":0,"_bbp_total_topic_count":0,"_bbp_total_reply_count":0,"_bbp_voice_count":0,"_bbp_anonymous_reply_count":0,"_bbp_topic_count_hidden":0,"_bbp_reply_count_hidden":0,"_bbp_forum_subforum_count":0,"footnotes":""},"class_list":["post-1415","page","type-page","status-publish","hentry"],"post_mailing_queue_ids":[],"_links":{"self":[{"href":"https:\/\/agora.xtec.cat\/ceip-escola-montsant-reus\/wp-json\/wp\/v2\/pages\/1415","targetHints":{"allow":["GET"]}}],"collection":[{"href":"https:\/\/agora.xtec.cat\/ceip-escola-montsant-reus\/wp-json\/wp\/v2\/pages"}],"about":[{"href":"https:\/\/agora.xtec.cat\/ceip-escola-montsant-reus\/wp-json\/wp\/v2\/types\/page"}],"author":[{"embeddable":true,"href":"https:\/\/agora.xtec.cat\/ceip-escola-montsant-reus\/wp-json\/wp\/v2\/users\/1"}],"replies":[{"embeddable":true,"href":"https:\/\/agora.xtec.cat\/ceip-escola-montsant-reus\/wp-json\/wp\/v2\/comments?post=1415"}],"version-history":[{"count":3,"href":"https:\/\/agora.xtec.cat\/ceip-escola-montsant-reus\/wp-json\/wp\/v2\/pages\/1415\/revisions"}],"predecessor-version":[{"id":3175,"href":"https:\/\/agora.xtec.cat\/ceip-escola-montsant-reus\/wp-json\/wp\/v2\/pages\/1415\/revisions\/3175"}],"up":[{"embeddable":true,"href":"https:\/\/agora.xtec.cat\/ceip-escola-montsant-reus\/wp-json\/wp\/v2\/pages\/64"}],"wp:attachment":[{"href":"https:\/\/agora.xtec.cat\/ceip-escola-montsant-reus\/wp-json\/wp\/v2\/media?parent=1415"}],"curies":[{"name":"wp","href":"https:\/\/api.w.org\/{rel}","templated":true}]}}

Ciència i Medi. Escola Verda

<p><a href="https://agora.xtec.cat/ceip-escola-montsant-reus/wp-content/uploads/usu1887/2020/02/Logo-E.-Verda-color-petit.jpg"><img loading="lazy" decoding="async" class="size-full wp-image-1488 aligncenter" src="https://agora.xtec.cat/ceip-escola-montsant-reus/wp-content/uploads/usu1887/2020/02/Logo-E.-Verda-color-petit.jpg" alt="" width="270" height="270" srcset="https://agora.xtec.cat/ceip-escola-montsant-reus/wp-content/uploads/usu1887/2020/02/Logo-E.-Verda-color-petit.jpg 270w, https://agora.xtec.cat/ceip-escola-montsant-reus/wp-content/uploads/usu1887/2020/02/Logo-E.-Verda-color-petit-150x150.jpg 150w" sizes="auto, (max-width: 270px) 100vw, 270px" /></a></p>
<p>El projecte d&#8217;Escola Verda sorgeix com a compromís del nostres centre educatiu per a innovar, incloure, avançar, sistematitzar i organitzar accions educatives que tinguin la finalitat d&#8217;afrontar, des de l&#8217;educació, els nous reptes i valors de la sostenibilitat.</p>
<p>I, per tant, ens plantegem tres grans objectius:</p>
<ul>
<li>Incorporar els valors de l&#8217;educació per a la sostenibilitat en tots els àmbits de la vida del centre (currículum, gestió, relacions amb l&#8217;entorn, etc.).</li>
<li>Promoure la participació i la implicació activa de la comunitat educativa en la millora del nostre entorn.</li>
<li>Afavorir l&#8217;intercanvi entre els centres que comparteixen uns mateixos objectius.</li>
</ul>
<p>El comitè ambiental 2022-23 ja ha iniciat la seva tasca per aconseguir que l&#8217;escola sigui encara més verda! Segur que ho faran molt bé.</p>
<p><a href="https://agora.xtec.cat/ceip-escola-montsant-reus/wp-content/uploads/usu1887/2023/01/comite-22-23.jpg"><img loading="lazy" decoding="async" class="aligncenter size-large wp-image-3174" src="https://agora.xtec.cat/ceip-escola-montsant-reus/wp-content/uploads/usu1887/2023/01/comite-22-23-753x1024.jpg" alt="" width="753" height="1024" srcset="https://agora.xtec.cat/ceip-escola-montsant-reus/wp-content/uploads/usu1887/2023/01/comite-22-23-753x1024.jpg 753w, https://agora.xtec.cat/ceip-escola-montsant-reus/wp-content/uploads/usu1887/2023/01/comite-22-23-221x300.jpg 221w, https://agora.xtec.cat/ceip-escola-montsant-reus/wp-content/uploads/usu1887/2023/01/comite-22-23-768x1044.jpg 768w, https://agora.xtec.cat/ceip-escola-montsant-reus/wp-content/uploads/usu1887/2023/01/comite-22-23-1130x1536.jpg 1130w, https://agora.xtec.cat/ceip-escola-montsant-reus/wp-content/uploads/usu1887/2023/01/comite-22-23.jpg 1273w" sizes="auto, (max-width: 753px) 100vw, 753px" /></a></p>
<p>&nbsp;</p>
<p>&nbsp;</p>
<p>&nbsp;</p>
<p>&nbsp;</p>

<p><a href="https://agora.xtec.cat/ceip-escola-montsant-reus/wp-content/uploads/usu1887/2020/02/Logo-E.-Verda-color-petit.jpg"></a><br />
El projecte d&#8217;Escola Verda sorgeix com a compromís del nostres centre educatiu per a innovar, incloure, avançar, sistematitzar i organitzar accions educatives que tinguin la finalitat d&#8217;afrontar, des de l&#8217;educació, els nous reptes i valors de la sostenibilitat.<br />
I, per tant, ens plantegem tres grans&hellip;  <a href="https://agora.xtec.cat/ceip-escola-montsant-reus/projectes-2/escola-verda/" title="Read Ciència i Medi. Escola Verda">Llegeix més»</a></p>
