{"id":1363,"date":"2019-11-13T06:30:32","date_gmt":"2019-11-13T05:30:32","guid":{"rendered":"http:\/\/agora.xtec.cat\/ceip-escola-montsant-reus\/?page_id=1363"},"modified":"2026-02-09T06:49:51","modified_gmt":"2026-02-09T05:49:51","slug":"documents","status":"publish","type":"page","link":"https:\/\/agora.xtec.cat\/ceip-escola-montsant-reus\/curs-25-26\/documents\/","title":{"rendered":"Documents estrat\u00e8gics"},"content":{"rendered":"<p><img loading=\"lazy\" decoding=\"async\" class=\"alignnone wp-image-2238\" src=\"https:\/\/agora.xtec.cat\/ceip-escola-montsant-reus\/wp-content\/uploads\/usu1887\/2020\/07\/books-1845614_1920-1024x556.jpg\" alt=\"\" width=\"322\" height=\"175\" srcset=\"https:\/\/agora.xtec.cat\/ceip-escola-montsant-reus\/wp-content\/uploads\/usu1887\/2020\/07\/books-1845614_1920-1024x556.jpg 1024w, https:\/\/agora.xtec.cat\/ceip-escola-montsant-reus\/wp-content\/uploads\/usu1887\/2020\/07\/books-1845614_1920-300x163.jpg 300w, https:\/\/agora.xtec.cat\/ceip-escola-montsant-reus\/wp-content\/uploads\/usu1887\/2020\/07\/books-1845614_1920-768x417.jpg 768w, https:\/\/agora.xtec.cat\/ceip-escola-montsant-reus\/wp-content\/uploads\/usu1887\/2020\/07\/books-1845614_1920.jpg 1920w\" sizes=\"auto, (max-width: 322px) 100vw, 322px\" \/> \u00a0 \u00a0 \u00a0<span style=\"color: #000000;\">Podeu veure els seg\u00fcents documents a la pestanya lateral.<\/span><\/p>\n<ul>\n<li>Projecte Educatiu de Centre (PEC)<\/li>\n<li>Projecte Ling\u00fc\u00edstic de Centre (PLC)<\/li>\n<li>Normes d&#8217;Organitzaci\u00f3 i Funcionament de Centre (NOFC)<\/li>\n<li>Projecte de Conviv\u00e8ncia<\/li>\n<li>Carta de Comprom\u00eds Educatiu<\/li>\n<li>Organigrama i perfils educatius.<\/li>\n<li>Pla d&#8217;acollida i comiat.<\/li>\n<li>Pla d&#8217;acollida d&#8217;estudiants en pr\u00e0ctiques.<\/li>\n<li>Sabers de l&#8217;Educaci\u00f3 Prim\u00e0ria de Llengua i Matem\u00e0tiques<\/li>\n<\/ul>\n","protected":false},"excerpt":{"rendered":"<p> \u00a0 \u00a0 \u00a0Podeu veure els seg\u00fcents documents a la pestanya lateral.<\/p>\n<ul>\n<li>Projecte Educatiu de Centre (PEC)<\/li>\n<li>Projecte Ling\u00fc\u00edstic de Centre (PLC)<\/li>\n<li>Normes d&#8217;Organitzaci\u00f3 i Funcionament de Centre (NOFC)<\/li>\n<li>Projecte de Conviv\u00e8ncia<\/li>\n<li>Carta de Comprom\u00eds Educatiu<\/li>\n<li>Organigrama i perfils educatius.<\/li>\n<li>Pla d&#8217;acollida i comiat.<\/li>\n<li>Pla d&#8217;acollida d&#8217;estudiants en pr\u00e0ctiques.<\/li>\n<li>Sabers de l&#8217;Educaci\u00f3 Prim\u00e0ria de&hellip;  <a href=\"https:\/\/agora.xtec.cat\/ceip-escola-montsant-reus\/curs-25-26\/documents\/\" title=\"Read Documents estrat\u00e8gics\">Llegeix m\u00e9s\u00bb<\/a><br \/>\n","protected":false},"author":1,"featured_media":0,"parent":2297,"menu_order":40,"comment_status":"closed","ping_status":"closed","template":"page-templates\/side-menu.php","meta":{"_bbp_topic_count":0,"_bbp_reply_count":0,"_bbp_total_topic_count":0,"_bbp_total_reply_count":0,"_bbp_voice_count":0,"_bbp_anonymous_reply_count":0,"_bbp_topic_count_hidden":0,"_bbp_reply_count_hidden":0,"_bbp_forum_subforum_count":0,"footnotes":""},"class_list":["post-1363","page","type-page","status-publish","hentry"],"post_mailing_queue_ids":[],"_links":{"self":[{"href":"https:\/\/agora.xtec.cat\/ceip-escola-montsant-reus\/wp-json\/wp\/v2\/pages\/1363","targetHints":{"allow":["GET"]}}],"collection":[{"href":"https:\/\/agora.xtec.cat\/ceip-escola-montsant-reus\/wp-json\/wp\/v2\/pages"}],"about":[{"href":"https:\/\/agora.xtec.cat\/ceip-escola-montsant-reus\/wp-json\/wp\/v2\/types\/page"}],"author":[{"embeddable":true,"href":"https:\/\/agora.xtec.cat\/ceip-escola-montsant-reus\/wp-json\/wp\/v2\/users\/1"}],"replies":[{"embeddable":true,"href":"https:\/\/agora.xtec.cat\/ceip-escola-montsant-reus\/wp-json\/wp\/v2\/comments?post=1363"}],"version-history":[{"count":7,"href":"https:\/\/agora.xtec.cat\/ceip-escola-montsant-reus\/wp-json\/wp\/v2\/pages\/1363\/revisions"}],"predecessor-version":[{"id":3650,"href":"https:\/\/agora.xtec.cat\/ceip-escola-montsant-reus\/wp-json\/wp\/v2\/pages\/1363\/revisions\/3650"}],"up":[{"embeddable":true,"href":"https:\/\/agora.xtec.cat\/ceip-escola-montsant-reus\/wp-json\/wp\/v2\/pages\/2297"}],"wp:attachment":[{"href":"https:\/\/agora.xtec.cat\/ceip-escola-montsant-reus\/wp-json\/wp\/v2\/media?parent=1363"}],"curies":[{"name":"wp","href":"https:\/\/api.w.org\/{rel}","templated":true}]}}

Documents estratègics

<p><img loading="lazy" decoding="async" class="alignnone wp-image-2238" src="https://agora.xtec.cat/ceip-escola-montsant-reus/wp-content/uploads/usu1887/2020/07/books-1845614_1920-1024x556.jpg" alt="" width="322" height="175" srcset="https://agora.xtec.cat/ceip-escola-montsant-reus/wp-content/uploads/usu1887/2020/07/books-1845614_1920-1024x556.jpg 1024w, https://agora.xtec.cat/ceip-escola-montsant-reus/wp-content/uploads/usu1887/2020/07/books-1845614_1920-300x163.jpg 300w, https://agora.xtec.cat/ceip-escola-montsant-reus/wp-content/uploads/usu1887/2020/07/books-1845614_1920-768x417.jpg 768w, https://agora.xtec.cat/ceip-escola-montsant-reus/wp-content/uploads/usu1887/2020/07/books-1845614_1920.jpg 1920w" sizes="auto, (max-width: 322px) 100vw, 322px" />      <span style="color: #000000;">Podeu veure els següents documents a la pestanya lateral.</span></p>
<ul>
<li>Projecte Educatiu de Centre (PEC)</li>
<li>Projecte Lingüístic de Centre (PLC)</li>
<li>Normes d&#8217;Organització i Funcionament de Centre (NOFC)</li>
<li>Projecte de Convivència</li>
<li>Carta de Compromís Educatiu</li>
<li>Organigrama i perfils educatius.</li>
<li>Pla d&#8217;acollida i comiat.</li>
<li>Pla d&#8217;acollida d&#8217;estudiants en pràctiques.</li>
<li>Sabers de l&#8217;Educació Primària de Llengua i Matemàtiques</li>
</ul>

<p>      Podeu veure els següents documents a la pestanya lateral.</p>
<ul>
<li>Projecte Educatiu de Centre (PEC)</li>
<li>Projecte Lingüístic de Centre (PLC)</li>
<li>Normes d&#8217;Organització i Funcionament de Centre (NOFC)</li>
<li>Projecte de Convivència</li>
<li>Carta de Compromís Educatiu</li>
<li>Organigrama i perfils educatius.</li>
<li>Pla d&#8217;acollida i comiat.</li>
<li>Pla d&#8217;acollida d&#8217;estudiants en pràctiques.</li>
<li>Sabers de l&#8217;Educació Primària de&hellip;  <a href="https://agora.xtec.cat/ceip-escola-montsant-reus/curs-25-26/documents/" title="Read Documents estratègics">Llegeix més»</a><br />
