{"id":1353,"date":"2019-11-13T05:42:21","date_gmt":"2019-11-13T04:42:21","guid":{"rendered":"http:\/\/agora.xtec.cat\/ceip-escola-montsant-reus\/?page_id=1353"},"modified":"2021-10-07T11:41:01","modified_gmt":"2021-10-07T09:41:01","slug":"ampa","status":"publish","type":"page","link":"https:\/\/agora.xtec.cat\/ceip-escola-montsant-reus\/ampa\/","title":{"rendered":"L&#8217;AFA"},"content":{"rendered":"<p><span style=\"font-weight: 400;\">Benvinguts a l\u2019AFA <\/span><span style=\"font-weight: 400;\">de l\u2019escola Montsant,<\/span><\/p>\n<p><span style=\"font-weight: 400;\">L\u2019Associaci\u00f3 de Fam\u00edlies de l\u2019escola Montsant organitza diverses activitats complement\u00e0ries aix\u00ed com activitats tant l\u00fadiques com pedag\u00f2giques: sortides, confer\u00e8ncies, jornada esportiva, jornada cultural, nataci\u00f3, festes de l\u2019escola, publicacions\u2026<\/span><\/p>\n<p><span style=\"font-weight: 400;\">Per tal que l\u2019activitat de l\u2019AFA sigui un \u00e8xit \u00e9s necess\u00e0ria la col\u00b7laboraci\u00f3 i el suport de tothom; som una escola petita per\u00f2 amb una empenta molt gran!<\/span><\/p>\n<p><iframe loading=\"lazy\" title=\"AMPA ESCOLA MONTSANT 20-21\" width=\"500\" height=\"281\" src=\"https:\/\/www.youtube.com\/embed\/WfguOUd0YzE?feature=oembed\" frameborder=\"0\" allow=\"accelerometer; autoplay; clipboard-write; encrypted-media; gyroscope; picture-in-picture; web-share\" referrerpolicy=\"strict-origin-when-cross-origin\" allowfullscreen><\/iframe><\/p>\n<p>&nbsp;<\/p>\n","protected":false},"excerpt":{"rendered":"<p>Benvinguts a l\u2019AFA de l\u2019escola Montsant,<br \/>\nL\u2019Associaci\u00f3 de Fam\u00edlies de l\u2019escola Montsant organitza diverses activitats complement\u00e0ries aix\u00ed com activitats tant l\u00fadiques com pedag\u00f2giques: sortides, confer\u00e8ncies, jornada esportiva, jornada cultural, nataci\u00f3, festes de l\u2019escola, publicacions\u2026<br \/>\nPer tal que l\u2019activitat de l\u2019AFA sigui un \u00e8xit \u00e9s necess\u00e0ria la col\u00b7laboraci\u00f3&hellip;  <a href=\"https:\/\/agora.xtec.cat\/ceip-escola-montsant-reus\/ampa\/\" title=\"Read L&#8217;AFA\">Llegeix m\u00e9s\u00bb<\/a><\/p>\n","protected":false},"author":1,"featured_media":0,"parent":0,"menu_order":0,"comment_status":"closed","ping_status":"closed","template":"page-templates\/side-menu.php","meta":{"_bbp_topic_count":0,"_bbp_reply_count":0,"_bbp_total_topic_count":0,"_bbp_total_reply_count":0,"_bbp_voice_count":0,"_bbp_anonymous_reply_count":0,"_bbp_topic_count_hidden":0,"_bbp_reply_count_hidden":0,"_bbp_forum_subforum_count":0,"footnotes":""},"class_list":["post-1353","page","type-page","status-publish","hentry"],"post_mailing_queue_ids":[],"_links":{"self":[{"href":"https:\/\/agora.xtec.cat\/ceip-escola-montsant-reus\/wp-json\/wp\/v2\/pages\/1353","targetHints":{"allow":["GET"]}}],"collection":[{"href":"https:\/\/agora.xtec.cat\/ceip-escola-montsant-reus\/wp-json\/wp\/v2\/pages"}],"about":[{"href":"https:\/\/agora.xtec.cat\/ceip-escola-montsant-reus\/wp-json\/wp\/v2\/types\/page"}],"author":[{"embeddable":true,"href":"https:\/\/agora.xtec.cat\/ceip-escola-montsant-reus\/wp-json\/wp\/v2\/users\/1"}],"replies":[{"embeddable":true,"href":"https:\/\/agora.xtec.cat\/ceip-escola-montsant-reus\/wp-json\/wp\/v2\/comments?post=1353"}],"version-history":[{"count":3,"href":"https:\/\/agora.xtec.cat\/ceip-escola-montsant-reus\/wp-json\/wp\/v2\/pages\/1353\/revisions"}],"predecessor-version":[{"id":2961,"href":"https:\/\/agora.xtec.cat\/ceip-escola-montsant-reus\/wp-json\/wp\/v2\/pages\/1353\/revisions\/2961"}],"wp:attachment":[{"href":"https:\/\/agora.xtec.cat\/ceip-escola-montsant-reus\/wp-json\/wp\/v2\/media?parent=1353"}],"curies":[{"name":"wp","href":"https:\/\/api.w.org\/{rel}","templated":true}]}}

<p><span style="font-weight: 400;">Benvinguts a l’AFA </span><span style="font-weight: 400;">de l’escola Montsant,</span></p>
<p><span style="font-weight: 400;">L’Associació de Famílies de l’escola Montsant organitza diverses activitats complementàries així com activitats tant lúdiques com pedagògiques: sortides, conferències, jornada esportiva, jornada cultural, natació, festes de l’escola, publicacions…</span></p>
<p><span style="font-weight: 400;">Per tal que l’activitat de l’AFA sigui un èxit és necessària la col·laboració i el suport de tothom; som una escola petita però amb una empenta molt gran!</span></p>
<p><iframe loading="lazy" title="AMPA ESCOLA MONTSANT 20-21" width="500" height="281" src="https://www.youtube.com/embed/WfguOUd0YzE?feature=oembed" frameborder="0" allow="accelerometer; autoplay; clipboard-write; encrypted-media; gyroscope; picture-in-picture; web-share" referrerpolicy="strict-origin-when-cross-origin" allowfullscreen></iframe></p>
<p>&nbsp;</p>

<p>Benvinguts a l’AFA de l’escola Montsant,<br />
L’Associació de Famílies de l’escola Montsant organitza diverses activitats complementàries així com activitats tant lúdiques com pedagògiques: sortides, conferències, jornada esportiva, jornada cultural, natació, festes de l’escola, publicacions…<br />
Per tal que l’activitat de l’AFA sigui un èxit és necessària la col·laboració&hellip;  <a href="https://agora.xtec.cat/ceip-escola-montsant-reus/ampa/" title="Read L&#8217;AFA">Llegeix més»</a></p>
