{"id":1077,"date":"2019-05-19T19:42:21","date_gmt":"2019-05-19T17:42:21","guid":{"rendered":"http:\/\/agora.xtec.cat\/ceip-escola-montsant-reus\/?page_id=1077"},"modified":"2026-03-11T11:49:15","modified_gmt":"2026-03-11T10:49:15","slug":"la-geganta-montsant","status":"publish","type":"page","link":"https:\/\/agora.xtec.cat\/ceip-escola-montsant-reus\/lescola\/la-geganta-montsant\/","title":{"rendered":"La Geganta Montsant i el seu conte"},"content":{"rendered":"<p style=\"text-align: center;\"><a href=\"https:\/\/agora.xtec.cat\/ceip-escola-montsant-reus\/wp-content\/uploads\/usu1887\/2019\/05\/DSC_0259.jpg\"><img loading=\"lazy\" decoding=\"async\" class=\" wp-image-1078 aligncenter\" src=\"https:\/\/agora.xtec.cat\/ceip-escola-montsant-reus\/wp-content\/uploads\/usu1887\/2019\/05\/DSC_0259-680x1024.jpg\" alt=\"\" width=\"458\" height=\"690\" srcset=\"https:\/\/agora.xtec.cat\/ceip-escola-montsant-reus\/wp-content\/uploads\/usu1887\/2019\/05\/DSC_0259-680x1024.jpg 680w, https:\/\/agora.xtec.cat\/ceip-escola-montsant-reus\/wp-content\/uploads\/usu1887\/2019\/05\/DSC_0259-199x300.jpg 199w, https:\/\/agora.xtec.cat\/ceip-escola-montsant-reus\/wp-content\/uploads\/usu1887\/2019\/05\/DSC_0259-768x1156.jpg 768w, https:\/\/agora.xtec.cat\/ceip-escola-montsant-reus\/wp-content\/uploads\/usu1887\/2019\/05\/DSC_0259.jpg 1000w\" sizes=\"auto, (max-width: 458px) 100vw, 458px\" \/><\/a>Fotografia de Jordi Miralles Jonch<\/p>\n<h5 style=\"text-align: center;\"><span style=\"color: #99cc00;\">Entra i descobreix el conte de la geganta Montsant!<\/span><\/h5>\n<p><iframe title=\"L&#039;alzina, el roquer i l&#039;agl\u00e0 de l&#039;Escola Montsant.\" src=\"https:\/\/e.issuu.com\/embed.html?u=escolamontsant&#038;d=l_alzina__el_roquer_i_l_agl__de_l_escola_montsant\" style=\"border:none; width: 500px; height: 383px;\" allow=\"clipboard-write,allow-top-navigation,allow-top-navigation-by-user-activation,allow-downloads,allow-scripts,allow-same-origin,allow-popups,allow-modals,allow-popups-to-escape-sandbox,allow-forms\"  allowfullscreen=\"true\"><\/iframe><\/p>\n<p>&nbsp;<\/p>\n<p style=\"text-align: center;\"><a href=\"https:\/\/agora.xtec.cat\/ceip-escola-montsant-reus\/wp-content\/uploads\/usu1887\/2020\/04\/Conte-regal-del-mestres.pdf\">Descarrega&#8217;t el Conte regal dels mestres durant el confinament<\/a><\/p>\n<p style=\"text-align: center;\"><a href=\"https:\/\/agora.xtec.cat\/ceip-escola-montsant-reus\/wp-content\/uploads\/usu1887\/2020\/04\/Conte-amb-Pictos.pdf\">Conte amb Pictos<\/a><\/p>\n<p style=\"text-align: justify;\"><em>Quan treballem units, sumem. Sumem amb\u00a0 la inspiraci\u00f3, amb les idees, amb la il\u00b7lusi\u00f3, amb l\u2019esfor\u00e7,\u00a0 amb la creativitat, amb les potencialitats de cadasc\u00fa, amb el treball en equip i amb l\u2019estima del que fem. \u00c9s aix\u00f2 el que l\u2019Escola Montsant ha fet durant 50 anys, sumar entre tots per a educar i formar persones.<\/em><\/p>\n<p style=\"text-align: center;\">Extret del conte<em> L&#8217;alzina, el roquer i l&#8217;agl\u00e0 de l&#8217;Escola Montsant, juny 2018.<\/em><\/p>\n<p style=\"text-align: justify;\"><strong>La geganta Montsant<\/strong> \u00e9s un dels personatges principals del conte de la nostra escola: <em>L&#8217;alzina, el roquer i l&#8217;agl\u00e0 de l&#8217;Escola Montsant, <\/em>escrit per un pare de l&#8217;escola, en Daniel Recasens Salvad\u00f3, amb motiu dels 50 anys d&#8217;escola.<\/p>\n<p><a href=\"https:\/\/agora.xtec.cat\/ceip-escola-montsant-reus\/wp-content\/uploads\/usu1887\/2019\/05\/37343233_2581812965377722_5828138150995689472_n.jpg\"><img loading=\"lazy\" decoding=\"async\" class=\"wp-image-1082 aligncenter\" src=\"https:\/\/agora.xtec.cat\/ceip-escola-montsant-reus\/wp-content\/uploads\/usu1887\/2019\/05\/37343233_2581812965377722_5828138150995689472_n.jpg\" alt=\"\" width=\"344\" height=\"251\" srcset=\"https:\/\/agora.xtec.cat\/ceip-escola-montsant-reus\/wp-content\/uploads\/usu1887\/2019\/05\/37343233_2581812965377722_5828138150995689472_n.jpg 960w, https:\/\/agora.xtec.cat\/ceip-escola-montsant-reus\/wp-content\/uploads\/usu1887\/2019\/05\/37343233_2581812965377722_5828138150995689472_n-300x219.jpg 300w, https:\/\/agora.xtec.cat\/ceip-escola-montsant-reus\/wp-content\/uploads\/usu1887\/2019\/05\/37343233_2581812965377722_5828138150995689472_n-768x562.jpg 768w\" sizes=\"auto, (max-width: 344px) 100vw, 344px\" \/><\/a><\/p>\n<p style=\"text-align: justify;\">Inspirada en aquest conte, amb l&#8217;equip de C\u00d2DOL EDUCACI\u00d3 encap\u00e7alat pel Xavi Nogu\u00e9s, l&#8217;Agustina Sobrino i l&#8217;Albert Sans, es dissenya i es crea la geganta, que parteix d&#8217;un treball que es va fer conjuntament amb tot l&#8217;alumnat i mestres de l&#8217;escola, durant tot el curs 2017-2018.<\/p>\n<p style=\"text-align: justify;\"><em>La Montsant<\/em> \u00e9s una nena que ben b\u00e9 podria finalitzar l&#8217;etapa a l&#8217;escola, amb una motxilla plena d&#8217;aprenentatges i viv\u00e8ncies. \u00c9s per aix\u00f2 que l&#8217;alumnat de 6\u00e8, \u00e9s l&#8217;encarregat de fer-la ballar.<\/p>\n<p style=\"text-align: justify;\">\u00c9s una nena lliure i alhora responsable en els seus actes, capa\u00e7 d&#8217;adaptar-se a l&#8217;entorn i a la societat, amb arrels a la seva cultura catalana i amb respecte cap a tota persona, amb cura per l&#8217;entorn i la natura d&#8217;on prov\u00e9. Es mostra alegre i sincera, amb una actitud curiosa, cr\u00edtica, investigadora, activa i amb iniciativa; i sempre col\u00b7laboradora i participativa.<\/p>\n<p style=\"text-align: justify;\">Si\u00a0 ens la mirem, podrem observar trets del Montsant en ella mateixa i de detalls del conte. El color terr\u00f3s del seu cabell ens recorda el terra del Montsant, lligat al darrera amb una branca d&#8217;alzina; porta una \u00a0diadema on observarem la serra del Montsant. El seu vestit, per sota, \u00e9s amb colors terrossos i el blanc de la innoc\u00e8ncia,\u00a0 i la part davantera \u00e9s amb tons verdosos que ens recorda els boscos del Montsant barrejat amb la forma del tronc d&#8217;una alzina, un altre personatge del conte. A l&#8217;interior de la part baixa del vestit podrem veure les petites formigues, element de la natura que ens recorda tamb\u00e9 la import\u00e0ncia de l&#8217;esfor\u00e7 i la const\u00e0ncia. En els botons del vestit trobarem un altre dels personatges del conte, el roquer, animal amb ales que\u00a0 ens recorda la import\u00e0ncia de volar amb les il\u00b7lusions i els nostres somnis per poder-los fer realitat. Al darrera, la Montsant porta una motxilla en forma d&#8217;agl\u00e0. Aquest agl\u00e0 \u00e9s la llavor que s&#8217;anir\u00e0 omplint i creixent amb tots els aprenentatges, somnis i viv\u00e8ncies a l&#8217;escola. Dins d&#8217;aquesta motxilla, hi ha una llibreta on tothom qui vol hi pot escriure el seu nom i\/o algun desig.<\/p>\n<p style=\"text-align: justify;\">La geganta Montsant va apar\u00e8ixer per primer cop el 8 de juny de 2018 a la festa de final de curs de l&#8217;Escola Montsant de Reus. Els seus padrins van ser el Xiquet i la Xiqueta de Reus. Es va presentar a la ciutat el 21 de juny, dia en qu\u00e8 es va fer la presentaci\u00f3 del conte <em>L&#8217;alzina, el roquer i l&#8217;agl\u00e0 de l&#8217;Escola Montsant, <\/em>a la Biblioteca Xavier Amor\u00f3s.<\/p>\n<p>Les seves mides s\u00f3n:<\/p>\n<ul>\n<li>al\u00e7ada: 260 cm<\/li>\n<li>costat per costat 100 cm x 70 cm<\/li>\n<\/ul>\n<p style=\"text-align: center;\"><a href=\"https:\/\/agora.xtec.cat\/ceip-escola-montsant-reus\/wp-content\/uploads\/usu1887\/2019\/05\/DSC07656.jpg\"><img loading=\"lazy\" decoding=\"async\" class=\"wp-image-1079 aligncenter\" src=\"https:\/\/agora.xtec.cat\/ceip-escola-montsant-reus\/wp-content\/uploads\/usu1887\/2019\/05\/DSC07656-1024x575.jpg\" alt=\"\" width=\"617\" height=\"347\" srcset=\"https:\/\/agora.xtec.cat\/ceip-escola-montsant-reus\/wp-content\/uploads\/usu1887\/2019\/05\/DSC07656-1024x575.jpg 1024w, https:\/\/agora.xtec.cat\/ceip-escola-montsant-reus\/wp-content\/uploads\/usu1887\/2019\/05\/DSC07656-300x169.jpg 300w, https:\/\/agora.xtec.cat\/ceip-escola-montsant-reus\/wp-content\/uploads\/usu1887\/2019\/05\/DSC07656-768x431.jpg 768w, https:\/\/agora.xtec.cat\/ceip-escola-montsant-reus\/wp-content\/uploads\/usu1887\/2019\/05\/DSC07656.jpg 1262w\" sizes=\"auto, (max-width: 617px) 100vw, 617px\" \/><\/a>Fotografia extreta de l&#8217;arxiu de la Festa Fi de Curs 18<\/p>\n","protected":false},"excerpt":{"rendered":"<p><a href=\"https:\/\/agora.xtec.cat\/ceip-escola-montsant-reus\/wp-content\/uploads\/usu1887\/2019\/05\/DSC_0259.jpg\"><\/a>Fotografia de Jordi Miralles Jonch<br \/>\nEntra i descobreix el conte de la geganta Montsant!<\/p>\n<p>&nbsp;<br \/>\n<a href=\"https:\/\/agora.xtec.cat\/ceip-escola-montsant-reus\/wp-content\/uploads\/usu1887\/2020\/04\/Conte-regal-del-mestres.pdf\">Descarrega&#8217;t el Conte regal dels mestres durant el confinament<\/a><br \/>\n<a href=\"https:\/\/agora.xtec.cat\/ceip-escola-montsant-reus\/wp-content\/uploads\/usu1887\/2020\/04\/Conte-amb-Pictos.pdf\">Conte amb Pictos<\/a><br \/>\nQuan treballem units, sumem. Sumem amb\u00a0 la inspiraci\u00f3, amb les idees, amb la il\u00b7lusi\u00f3, amb l\u2019esfor\u00e7,\u00a0 amb la creativitat, amb&hellip;  <a href=\"https:\/\/agora.xtec.cat\/ceip-escola-montsant-reus\/lescola\/la-geganta-montsant\/\" title=\"Read La Geganta Montsant i el seu conte\">Llegeix m\u00e9s\u00bb<\/a><\/p>\n","protected":false},"author":1,"featured_media":0,"parent":22,"menu_order":50,"comment_status":"closed","ping_status":"closed","template":"page-templates\/side-menu.php","meta":{"_bbp_topic_count":0,"_bbp_reply_count":0,"_bbp_total_topic_count":0,"_bbp_total_reply_count":0,"_bbp_voice_count":0,"_bbp_anonymous_reply_count":0,"_bbp_topic_count_hidden":0,"_bbp_reply_count_hidden":0,"_bbp_forum_subforum_count":0,"footnotes":""},"class_list":["post-1077","page","type-page","status-publish","hentry"],"post_mailing_queue_ids":[],"_links":{"self":[{"href":"https:\/\/agora.xtec.cat\/ceip-escola-montsant-reus\/wp-json\/wp\/v2\/pages\/1077","targetHints":{"allow":["GET"]}}],"collection":[{"href":"https:\/\/agora.xtec.cat\/ceip-escola-montsant-reus\/wp-json\/wp\/v2\/pages"}],"about":[{"href":"https:\/\/agora.xtec.cat\/ceip-escola-montsant-reus\/wp-json\/wp\/v2\/types\/page"}],"author":[{"embeddable":true,"href":"https:\/\/agora.xtec.cat\/ceip-escola-montsant-reus\/wp-json\/wp\/v2\/users\/1"}],"replies":[{"embeddable":true,"href":"https:\/\/agora.xtec.cat\/ceip-escola-montsant-reus\/wp-json\/wp\/v2\/comments?post=1077"}],"version-history":[{"count":4,"href":"https:\/\/agora.xtec.cat\/ceip-escola-montsant-reus\/wp-json\/wp\/v2\/pages\/1077\/revisions"}],"predecessor-version":[{"id":3666,"href":"https:\/\/agora.xtec.cat\/ceip-escola-montsant-reus\/wp-json\/wp\/v2\/pages\/1077\/revisions\/3666"}],"up":[{"embeddable":true,"href":"https:\/\/agora.xtec.cat\/ceip-escola-montsant-reus\/wp-json\/wp\/v2\/pages\/22"}],"wp:attachment":[{"href":"https:\/\/agora.xtec.cat\/ceip-escola-montsant-reus\/wp-json\/wp\/v2\/media?parent=1077"}],"curies":[{"name":"wp","href":"https:\/\/api.w.org\/{rel}","templated":true}]}}

<p style="text-align: center;"><a href="https://agora.xtec.cat/ceip-escola-montsant-reus/wp-content/uploads/usu1887/2019/05/DSC_0259.jpg"><img loading="lazy" decoding="async" class=" wp-image-1078 aligncenter" src="https://agora.xtec.cat/ceip-escola-montsant-reus/wp-content/uploads/usu1887/2019/05/DSC_0259-680x1024.jpg" alt="" width="458" height="690" srcset="https://agora.xtec.cat/ceip-escola-montsant-reus/wp-content/uploads/usu1887/2019/05/DSC_0259-680x1024.jpg 680w, https://agora.xtec.cat/ceip-escola-montsant-reus/wp-content/uploads/usu1887/2019/05/DSC_0259-199x300.jpg 199w, https://agora.xtec.cat/ceip-escola-montsant-reus/wp-content/uploads/usu1887/2019/05/DSC_0259-768x1156.jpg 768w, https://agora.xtec.cat/ceip-escola-montsant-reus/wp-content/uploads/usu1887/2019/05/DSC_0259.jpg 1000w" sizes="auto, (max-width: 458px) 100vw, 458px" /></a>Fotografia de Jordi Miralles Jonch</p>
<h5 style="text-align: center;"><span style="color: #99cc00;">Entra i descobreix el conte de la geganta Montsant!</span></h5>
<p><iframe title="L&#039;alzina, el roquer i l&#039;aglà de l&#039;Escola Montsant." src="https://e.issuu.com/embed.html?u=escolamontsant&#038;d=l_alzina__el_roquer_i_l_agl__de_l_escola_montsant" style="border:none; width: 500px; height: 383px;" allow="clipboard-write,allow-top-navigation,allow-top-navigation-by-user-activation,allow-downloads,allow-scripts,allow-same-origin,allow-popups,allow-modals,allow-popups-to-escape-sandbox,allow-forms"  allowfullscreen="true"></iframe></p>
<p>&nbsp;</p>
<p style="text-align: center;"><a href="https://agora.xtec.cat/ceip-escola-montsant-reus/wp-content/uploads/usu1887/2020/04/Conte-regal-del-mestres.pdf">Descarrega&#8217;t el Conte regal dels mestres durant el confinament</a></p>
<p style="text-align: center;"><a href="https://agora.xtec.cat/ceip-escola-montsant-reus/wp-content/uploads/usu1887/2020/04/Conte-amb-Pictos.pdf">Conte amb Pictos</a></p>
<p style="text-align: justify;"><em>Quan treballem units, sumem. Sumem amb  la inspiració, amb les idees, amb la il·lusió, amb l’esforç,  amb la creativitat, amb les potencialitats de cadascú, amb el treball en equip i amb l’estima del que fem. És això el que l’Escola Montsant ha fet durant 50 anys, sumar entre tots per a educar i formar persones.</em></p>
<p style="text-align: center;">Extret del conte<em> L&#8217;alzina, el roquer i l&#8217;aglà de l&#8217;Escola Montsant, juny 2018.</em></p>
<p style="text-align: justify;"><strong>La geganta Montsant</strong> és un dels personatges principals del conte de la nostra escola: <em>L&#8217;alzina, el roquer i l&#8217;aglà de l&#8217;Escola Montsant, </em>escrit per un pare de l&#8217;escola, en Daniel Recasens Salvadó, amb motiu dels 50 anys d&#8217;escola.</p>
<p><a href="https://agora.xtec.cat/ceip-escola-montsant-reus/wp-content/uploads/usu1887/2019/05/37343233_2581812965377722_5828138150995689472_n.jpg"><img loading="lazy" decoding="async" class="wp-image-1082 aligncenter" src="https://agora.xtec.cat/ceip-escola-montsant-reus/wp-content/uploads/usu1887/2019/05/37343233_2581812965377722_5828138150995689472_n.jpg" alt="" width="344" height="251" srcset="https://agora.xtec.cat/ceip-escola-montsant-reus/wp-content/uploads/usu1887/2019/05/37343233_2581812965377722_5828138150995689472_n.jpg 960w, https://agora.xtec.cat/ceip-escola-montsant-reus/wp-content/uploads/usu1887/2019/05/37343233_2581812965377722_5828138150995689472_n-300x219.jpg 300w, https://agora.xtec.cat/ceip-escola-montsant-reus/wp-content/uploads/usu1887/2019/05/37343233_2581812965377722_5828138150995689472_n-768x562.jpg 768w" sizes="auto, (max-width: 344px) 100vw, 344px" /></a></p>
<p style="text-align: justify;">Inspirada en aquest conte, amb l&#8217;equip de CÒDOL EDUCACIÓ encapçalat pel Xavi Nogués, l&#8217;Agustina Sobrino i l&#8217;Albert Sans, es dissenya i es crea la geganta, que parteix d&#8217;un treball que es va fer conjuntament amb tot l&#8217;alumnat i mestres de l&#8217;escola, durant tot el curs 2017-2018.</p>
<p style="text-align: justify;"><em>La Montsant</em> és una nena que ben bé podria finalitzar l&#8217;etapa a l&#8217;escola, amb una motxilla plena d&#8217;aprenentatges i vivències. És per això que l&#8217;alumnat de 6è, és l&#8217;encarregat de fer-la ballar.</p>
<p style="text-align: justify;">És una nena lliure i alhora responsable en els seus actes, capaç d&#8217;adaptar-se a l&#8217;entorn i a la societat, amb arrels a la seva cultura catalana i amb respecte cap a tota persona, amb cura per l&#8217;entorn i la natura d&#8217;on prové. Es mostra alegre i sincera, amb una actitud curiosa, crítica, investigadora, activa i amb iniciativa; i sempre col·laboradora i participativa.</p>
<p style="text-align: justify;">Si  ens la mirem, podrem observar trets del Montsant en ella mateixa i de detalls del conte. El color terrós del seu cabell ens recorda el terra del Montsant, lligat al darrera amb una branca d&#8217;alzina; porta una  diadema on observarem la serra del Montsant. El seu vestit, per sota, és amb colors terrossos i el blanc de la innocència,  i la part davantera és amb tons verdosos que ens recorda els boscos del Montsant barrejat amb la forma del tronc d&#8217;una alzina, un altre personatge del conte. A l&#8217;interior de la part baixa del vestit podrem veure les petites formigues, element de la natura que ens recorda també la importància de l&#8217;esforç i la constància. En els botons del vestit trobarem un altre dels personatges del conte, el roquer, animal amb ales que  ens recorda la importància de volar amb les il·lusions i els nostres somnis per poder-los fer realitat. Al darrera, la Montsant porta una motxilla en forma d&#8217;aglà. Aquest aglà és la llavor que s&#8217;anirà omplint i creixent amb tots els aprenentatges, somnis i vivències a l&#8217;escola. Dins d&#8217;aquesta motxilla, hi ha una llibreta on tothom qui vol hi pot escriure el seu nom i/o algun desig.</p>
<p style="text-align: justify;">La geganta Montsant va aparèixer per primer cop el 8 de juny de 2018 a la festa de final de curs de l&#8217;Escola Montsant de Reus. Els seus padrins van ser el Xiquet i la Xiqueta de Reus. Es va presentar a la ciutat el 21 de juny, dia en què es va fer la presentació del conte <em>L&#8217;alzina, el roquer i l&#8217;aglà de l&#8217;Escola Montsant, </em>a la Biblioteca Xavier Amorós.</p>
<p>Les seves mides són:</p>
<ul>
<li>alçada: 260 cm</li>
<li>costat per costat 100 cm x 70 cm</li>
</ul>
<p style="text-align: center;"><a href="https://agora.xtec.cat/ceip-escola-montsant-reus/wp-content/uploads/usu1887/2019/05/DSC07656.jpg"><img loading="lazy" decoding="async" class="wp-image-1079 aligncenter" src="https://agora.xtec.cat/ceip-escola-montsant-reus/wp-content/uploads/usu1887/2019/05/DSC07656-1024x575.jpg" alt="" width="617" height="347" srcset="https://agora.xtec.cat/ceip-escola-montsant-reus/wp-content/uploads/usu1887/2019/05/DSC07656-1024x575.jpg 1024w, https://agora.xtec.cat/ceip-escola-montsant-reus/wp-content/uploads/usu1887/2019/05/DSC07656-300x169.jpg 300w, https://agora.xtec.cat/ceip-escola-montsant-reus/wp-content/uploads/usu1887/2019/05/DSC07656-768x431.jpg 768w, https://agora.xtec.cat/ceip-escola-montsant-reus/wp-content/uploads/usu1887/2019/05/DSC07656.jpg 1262w" sizes="auto, (max-width: 617px) 100vw, 617px" /></a>Fotografia extreta de l&#8217;arxiu de la Festa Fi de Curs 18</p>

<p><a href="https://agora.xtec.cat/ceip-escola-montsant-reus/wp-content/uploads/usu1887/2019/05/DSC_0259.jpg"></a>Fotografia de Jordi Miralles Jonch<br />
Entra i descobreix el conte de la geganta Montsant!</p>
<p>&nbsp;<br />
<a href="https://agora.xtec.cat/ceip-escola-montsant-reus/wp-content/uploads/usu1887/2020/04/Conte-regal-del-mestres.pdf">Descarrega&#8217;t el Conte regal dels mestres durant el confinament</a><br />
<a href="https://agora.xtec.cat/ceip-escola-montsant-reus/wp-content/uploads/usu1887/2020/04/Conte-amb-Pictos.pdf">Conte amb Pictos</a><br />
Quan treballem units, sumem. Sumem amb  la inspiració, amb les idees, amb la il·lusió, amb l’esforç,  amb la creativitat, amb&hellip;  <a href="https://agora.xtec.cat/ceip-escola-montsant-reus/lescola/la-geganta-montsant/" title="Read La Geganta Montsant i el seu conte">Llegeix més»</a></p>
