{"id":26,"date":"2014-09-18T12:24:32","date_gmt":"2014-09-18T11:24:32","guid":{"rendered":"http:\/\/agora.xtec.cat\/ceip-escola-enxaneta\/?page_id=26"},"modified":"2024-04-02T17:03:43","modified_gmt":"2024-04-02T15:03:43","slug":"historia","status":"publish","type":"page","link":"https:\/\/agora.xtec.cat\/ceip-escola-enxaneta\/lescola\/historia\/","title":{"rendered":"Hist\u00f2ria"},"content":{"rendered":"<p><strong>LA NOSTRA HIST\u00d2RIA<\/strong><\/p>\n<p style=\"text-align: justify;\">L\u2019Escola Enxaneta neix l\u2019any 1968, quan un grup de ciutadans, la majoria pares i mares, es plantegen d\u2019una manera seriosa el tema de l\u2019ensenyament dels seus fills. Buscaven una escola menys discriminat\u00f2ria, m\u00e9s justa, no classista, arrelada al pa\u00eds, laica, participativa, coeducativa, democr\u00e0tica, una escola activa i catalana i amb un respecte primordial cap als infants.<\/p>\n<p style=\"text-align: justify;\">Calia buscar un local que reun\u00eds les condicions m\u00ednimes per a poder adequar-lo com a parvulari, buscar mestres preparats i disposats a dur a terme una renovaci\u00f3 pedag\u00f2gica, buscar finan\u00e7ament, obtenir el mobiliari necessari per a cada classe, adequar l\u2019edifici a les necessitats escolars, i sobretot, captar alumnes per comen\u00e7ar a l\u2019escola nova.<\/p>\n<p style=\"text-align: justify;\">L\u2019octubre del 1968 la nova escola obria les seves portes en un local del passeig de l\u2019Estaci\u00f3, amb 64 alumnes repartits en dues classes de parvulari, dues mestres i la implicaci\u00f3 total de les fam\u00edlies.<\/p>\n<p style=\"text-align: justify;\">Calia escollir nom per a l\u2019escola i es feren diferents propostes, entre les quals, la m\u00e9s votada fou Enxaneta. Es cre\u00e0 el logotip, que \u00e9s el mateix que es conserva actualment.<\/p>\n<p style=\"text-align: justify;\">L\u2019escola trenc\u00e0 amb molts tab\u00fas de l\u2019\u00e8poca. Es donava un tracte personalitzat per tal de donar sortida a les diferents capacitats intel\u00b7lectuals enfront de l\u2019esperit competitiu quer regnava en la majoria d\u2019escoles, es feien col\u00f2nies, assemblees, escola de pares, les festes de l\u2019escola, la revista, i tenia la participaci\u00f3 incondicional de les fam\u00edlies&#8230;<\/p>\n<p style=\"text-align: justify;\">L\u2019escola, inicialment, funcion\u00e0 com una empresa privada, per\u00f2 aix\u00f2 no agradava als promotors, i l\u2019any 1970 pass\u00e0 a ser una cooperativa de pares i mestres.<\/p>\n<p style=\"text-align: justify;\">El curs 1970-71 l\u2019escola continua creixent en nombre i arriba a 130 alumnes i 5 mestres. L\u2019espai que ocupava fins aleshores queda petit i despr\u00e9s de llargues converses amb l\u2019ajuntament, s\u2019arriba a l\u2019acord que cedir\u00e0 l\u2019edifici de l\u2019antic convent del Carme, el qual deixaven lliure els claretians. Les condicions d\u2019habitabilitat eren molt deficients i requerien treballs d\u2019adequaci\u00f3, per\u00f2 el 1972, l\u2019Escola Enxaneta es trasllada al convent del Carme.<\/p>\n<p style=\"text-align: justify;\">La inquietud dels mestres i pares \u00e9s passar a ser escola p\u00fablica, i \u00e9s per aix\u00f2, que juntament amb d\u2019altres escoles similars a la nostra, es comen\u00e7a, l\u2019any 1979 a gestar el col\u00b7lectiu CEPEPC (Col\u00b7lectiu d\u2019Escoles per l\u2019Escola P\u00fablica<br \/>\nCatalana), que lluitar\u00e0 per la integraci\u00f3 de les seves escoles, a la xarxa d\u2019escoles p\u00fabliques.<\/p>\n<p style=\"text-align: justify;\">El desembre del 1983, l\u2019escola hagu\u00e9 de prendre la decisi\u00f3 d\u2019integrar-se definitivament o no a la xarxa d\u2019escoles p\u00fabliques. Els resultats de les votacions reflectiren clarament la voluntat de mestres i pares de passar a escola p\u00fablica.<\/p>\n<p style=\"text-align: justify;\">No va ser per\u00f2, fins a l\u2019octubre del 1985, despr\u00e9s de moltes gestions i mobilitzacions, que l\u2019escola Enxaneta passa a ser escola p\u00fablica.<\/p>\n<p style=\"text-align: justify;\">El curs 2005-2006, l\u2019escola es trasllada provisionalment a la pla\u00e7a dels Quarters, per tal de dur a terme les obres de rehabilitaci\u00f3 de l\u2019antic Convent del Carme.<\/p>\n<p style=\"text-align: justify;\">Finalment, el curs 2014-2015, torna definitivament a la seva seu, al rehabilitat Convent del Carme.<\/p>\n","protected":false},"excerpt":{"rendered":"<p>LA NOSTRA HIST\u00d2RIA L\u2019Escola Enxaneta neix l\u2019any 1968, quan un grup de ciutadans, la majoria pares i mares, es plantegen d\u2019una manera seriosa el tema de l\u2019ensenyament dels seus fills. Buscaven una escola menys discriminat\u00f2ria, m\u00e9s justa, no classista, arrelada al pa\u00eds, laica, participativa, coeducativa, democr\u00e0tica, una escola activa i catalana i amb un respecte [&hellip;]<\/p>\n","protected":false},"author":1,"featured_media":0,"parent":22,"menu_order":20,"comment_status":"closed","ping_status":"closed","template":"page-templates\/side-menu.php","meta":{"_bbp_topic_count":0,"_bbp_reply_count":0,"_bbp_total_topic_count":0,"_bbp_total_reply_count":0,"_bbp_voice_count":0,"_bbp_anonymous_reply_count":0,"_bbp_topic_count_hidden":0,"_bbp_reply_count_hidden":0,"_bbp_forum_subforum_count":0,"site-sidebar-layout":"default","site-content-layout":"","ast-site-content-layout":"","site-content-style":"default","site-sidebar-style":"default","ast-global-header-display":"","ast-banner-title-visibility":"","ast-main-header-display":"","ast-hfb-above-header-display":"","ast-hfb-below-header-display":"","ast-hfb-mobile-header-display":"","site-post-title":"","ast-breadcrumbs-content":"","ast-featured-img":"","footer-sml-layout":"","theme-transparent-header-meta":"","adv-header-id-meta":"","stick-header-meta":"","header-above-stick-meta":"","header-main-stick-meta":"","header-below-stick-meta":"","astra-migrate-meta-layouts":"default","ast-page-background-enabled":"default","ast-page-background-meta":{"desktop":{"background-color":"var(--ast-global-color-4)","background-image":"","background-repeat":"repeat","background-position":"center center","background-size":"auto","background-attachment":"scroll","background-type":"","background-media":"","overlay-type":"","overlay-color":"","overlay-opacity":"","overlay-gradient":""},"tablet":{"background-color":"","background-image":"","background-repeat":"repeat","background-position":"center center","background-size":"auto","background-attachment":"scroll","background-type":"","background-media":"","overlay-type":"","overlay-color":"","overlay-opacity":"","overlay-gradient":""},"mobile":{"background-color":"","background-image":"","background-repeat":"repeat","background-position":"center center","background-size":"auto","background-attachment":"scroll","background-type":"","background-media":"","overlay-type":"","overlay-color":"","overlay-opacity":"","overlay-gradient":""}},"ast-content-background-meta":{"desktop":{"background-color":"var(--ast-global-color-5)","background-image":"","background-repeat":"repeat","background-position":"center center","background-size":"auto","background-attachment":"scroll","background-type":"","background-media":"","overlay-type":"","overlay-color":"","overlay-opacity":"","overlay-gradient":""},"tablet":{"background-color":"var(--ast-global-color-5)","background-image":"","background-repeat":"repeat","background-position":"center center","background-size":"auto","background-attachment":"scroll","background-type":"","background-media":"","overlay-type":"","overlay-color":"","overlay-opacity":"","overlay-gradient":""},"mobile":{"background-color":"var(--ast-global-color-5)","background-image":"","background-repeat":"repeat","background-position":"center center","background-size":"auto","background-attachment":"scroll","background-type":"","background-media":"","overlay-type":"","overlay-color":"","overlay-opacity":"","overlay-gradient":""}},"footnotes":""},"class_list":["post-26","page","type-page","status-publish","hentry"],"post_mailing_queue_ids":[],"_links":{"self":[{"href":"https:\/\/agora.xtec.cat\/ceip-escola-enxaneta\/wp-json\/wp\/v2\/pages\/26","targetHints":{"allow":["GET"]}}],"collection":[{"href":"https:\/\/agora.xtec.cat\/ceip-escola-enxaneta\/wp-json\/wp\/v2\/pages"}],"about":[{"href":"https:\/\/agora.xtec.cat\/ceip-escola-enxaneta\/wp-json\/wp\/v2\/types\/page"}],"author":[{"embeddable":true,"href":"https:\/\/agora.xtec.cat\/ceip-escola-enxaneta\/wp-json\/wp\/v2\/users\/1"}],"replies":[{"embeddable":true,"href":"https:\/\/agora.xtec.cat\/ceip-escola-enxaneta\/wp-json\/wp\/v2\/comments?post=26"}],"version-history":[{"count":3,"href":"https:\/\/agora.xtec.cat\/ceip-escola-enxaneta\/wp-json\/wp\/v2\/pages\/26\/revisions"}],"predecessor-version":[{"id":2666,"href":"https:\/\/agora.xtec.cat\/ceip-escola-enxaneta\/wp-json\/wp\/v2\/pages\/26\/revisions\/2666"}],"up":[{"embeddable":true,"href":"https:\/\/agora.xtec.cat\/ceip-escola-enxaneta\/wp-json\/wp\/v2\/pages\/22"}],"wp:attachment":[{"href":"https:\/\/agora.xtec.cat\/ceip-escola-enxaneta\/wp-json\/wp\/v2\/media?parent=26"}],"curies":[{"name":"wp","href":"https:\/\/api.w.org\/{rel}","templated":true}]}}