{"id":554,"date":"2018-12-12T11:28:01","date_gmt":"2018-12-12T10:28:01","guid":{"rendered":"http:\/\/agora.xtec.cat\/ceip-ernest-lluch\/?page_id=554"},"modified":"2024-10-28T16:31:27","modified_gmt":"2024-10-28T15:31:27","slug":"normes-dorganitzacio-i-funcionament","status":"publish","type":"page","link":"https:\/\/agora.xtec.cat\/ceip-ernest-lluch\/projecte-educatiu\/normes-dorganitzacio-i-funcionament\/","title":{"rendered":"NOFC I CARTA COMPROM\u00cdS"},"content":{"rendered":"<p>Aqu\u00ed teniu les Normes d&#8217;Organitzaci\u00f3 de Centre que van ser revisades, actualitzades i aprovades en el Consell del 14 d&#8217;octubre del 2024.<\/p>\n<p><iframe loading=\"lazy\" src=\"https:\/\/www.slideshare.net\/slideshow\/embed_code\/key\/mrG7wxpy58lIkN?hostedIn=slideshare&#038;page=upload\" width=\"476\" height=\"400\" frameborder=\"0\" marginwidth=\"0\" marginheight=\"0\" scrolling=\"no\"><\/iframe><\/p>\n<div><\/div>\n<div><\/div>\n<div><\/div>\n<div>Aqu\u00ed teniu la carta de comprom\u00eds que es signa al formalitzar la matr\u00edcula.<\/div>\n<div><iframe loading=\"lazy\" src=\"\/\/www.slideshare.net\/slideshow\/embed_code\/key\/47aJTwiw5G7d3t\" width=\"668\" height=\"714\" frameborder=\"0\" marginwidth=\"0\" marginheight=\"0\" scrolling=\"no\" style=\"border:1px solid #CCC; border-width:1px; margin-bottom:5px; max-width: 100%;\" allowfullscreen> <\/iframe> <\/p>\n<div style=\"margin-bottom:5px\"> <strong> <a href=\"\/\/www.slideshare.net\/a8059822\/carta-compromis-elluch\" title=\"CARTA COMPROMIS ELLUCH\" target=\"_blank\" rel=\"noopener noreferrer\">CARTA COMPROMIS ELLUCH<\/a> <\/strong> from <strong><a href=\"https:\/\/www.slideshare.net\/a8059822\" target=\"_blank\" rel=\"noopener noreferrer\">Ernest Lluch<\/a><\/strong> <\/div>\n<\/div>\n<div>\n<div style=\"margin-bottom: 5px;\"><\/div>\n<\/div>\n","protected":false},"excerpt":{"rendered":"<p>Aqu\u00ed teniu les Normes d&#8217;Organitzaci\u00f3 de Centre que van ser revisades, actualitzades i aprovades en el Consell del 14 d&#8217;octubre del 2024. Aqu\u00ed teniu la carta de comprom\u00eds que es signa al formalitzar la matr\u00edcula. CARTA COMPROMIS ELLUCH from Ernest Lluch<\/p>\n","protected":false},"author":1,"featured_media":0,"parent":64,"menu_order":2,"comment_status":"closed","ping_status":"closed","template":"page-templates\/side-menu.php","meta":{"_bbp_topic_count":0,"_bbp_reply_count":0,"_bbp_total_topic_count":0,"_bbp_total_reply_count":0,"_bbp_voice_count":0,"_bbp_anonymous_reply_count":0,"_bbp_topic_count_hidden":0,"_bbp_reply_count_hidden":0,"_bbp_forum_subforum_count":0,"site-sidebar-layout":"default","site-content-layout":"","ast-site-content-layout":"","site-content-style":"default","site-sidebar-style":"default","ast-global-header-display":"","ast-banner-title-visibility":"","ast-main-header-display":"","ast-hfb-above-header-display":"","ast-hfb-below-header-display":"","ast-hfb-mobile-header-display":"","site-post-title":"","ast-breadcrumbs-content":"","ast-featured-img":"","footer-sml-layout":"","theme-transparent-header-meta":"","adv-header-id-meta":"","stick-header-meta":"","header-above-stick-meta":"","header-main-stick-meta":"","header-below-stick-meta":"","astra-migrate-meta-layouts":"default","ast-page-background-enabled":"default","ast-page-background-meta":{"desktop":{"background-color":"var(--ast-global-color-4)","background-image":"","background-repeat":"repeat","background-position":"center center","background-size":"auto","background-attachment":"scroll","background-type":"","background-media":"","overlay-type":"","overlay-color":"","overlay-opacity":"","overlay-gradient":""},"tablet":{"background-color":"","background-image":"","background-repeat":"repeat","background-position":"center center","background-size":"auto","background-attachment":"scroll","background-type":"","background-media":"","overlay-type":"","overlay-color":"","overlay-opacity":"","overlay-gradient":""},"mobile":{"background-color":"","background-image":"","background-repeat":"repeat","background-position":"center center","background-size":"auto","background-attachment":"scroll","background-type":"","background-media":"","overlay-type":"","overlay-color":"","overlay-opacity":"","overlay-gradient":""}},"ast-content-background-meta":{"desktop":{"background-color":"var(--ast-global-color-5)","background-image":"","background-repeat":"repeat","background-position":"center center","background-size":"auto","background-attachment":"scroll","background-type":"","background-media":"","overlay-type":"","overlay-color":"","overlay-opacity":"","overlay-gradient":""},"tablet":{"background-color":"var(--ast-global-color-5)","background-image":"","background-repeat":"repeat","background-position":"center center","background-size":"auto","background-attachment":"scroll","background-type":"","background-media":"","overlay-type":"","overlay-color":"","overlay-opacity":"","overlay-gradient":""},"mobile":{"background-color":"var(--ast-global-color-5)","background-image":"","background-repeat":"repeat","background-position":"center center","background-size":"auto","background-attachment":"scroll","background-type":"","background-media":"","overlay-type":"","overlay-color":"","overlay-opacity":"","overlay-gradient":""}},"footnotes":""},"class_list":["post-554","page","type-page","status-publish","hentry"],"post_mailing_queue_ids":[],"_links":{"self":[{"href":"https:\/\/agora.xtec.cat\/ceip-ernest-lluch\/wp-json\/wp\/v2\/pages\/554","targetHints":{"allow":["GET"]}}],"collection":[{"href":"https:\/\/agora.xtec.cat\/ceip-ernest-lluch\/wp-json\/wp\/v2\/pages"}],"about":[{"href":"https:\/\/agora.xtec.cat\/ceip-ernest-lluch\/wp-json\/wp\/v2\/types\/page"}],"author":[{"embeddable":true,"href":"https:\/\/agora.xtec.cat\/ceip-ernest-lluch\/wp-json\/wp\/v2\/users\/1"}],"replies":[{"embeddable":true,"href":"https:\/\/agora.xtec.cat\/ceip-ernest-lluch\/wp-json\/wp\/v2\/comments?post=554"}],"version-history":[{"count":4,"href":"https:\/\/agora.xtec.cat\/ceip-ernest-lluch\/wp-json\/wp\/v2\/pages\/554\/revisions"}],"predecessor-version":[{"id":2395,"href":"https:\/\/agora.xtec.cat\/ceip-ernest-lluch\/wp-json\/wp\/v2\/pages\/554\/revisions\/2395"}],"up":[{"embeddable":true,"href":"https:\/\/agora.xtec.cat\/ceip-ernest-lluch\/wp-json\/wp\/v2\/pages\/64"}],"wp:attachment":[{"href":"https:\/\/agora.xtec.cat\/ceip-ernest-lluch\/wp-json\/wp\/v2\/media?parent=554"}],"curies":[{"name":"wp","href":"https:\/\/api.w.org\/{rel}","templated":true}]}}

NOFC I CARTA COMPROMÍS

<p>Aquí teniu les Normes d&#8217;Organització de Centre que van ser revisades, actualitzades i aprovades en el Consell del 14 d&#8217;octubre del 2024.</p>
<p><iframe loading="lazy" src="https://www.slideshare.net/slideshow/embed_code/key/mrG7wxpy58lIkN?hostedIn=slideshare&#038;page=upload" width="476" height="400" frameborder="0" marginwidth="0" marginheight="0" scrolling="no"></iframe></p>
<div></div>
<div></div>
<div></div>
<div>Aquí teniu la carta de compromís que es signa al formalitzar la matrícula.</div>
<div><iframe loading="lazy" src="//www.slideshare.net/slideshow/embed_code/key/47aJTwiw5G7d3t" width="668" height="714" frameborder="0" marginwidth="0" marginheight="0" scrolling="no" style="border:1px solid #CCC; border-width:1px; margin-bottom:5px; max-width: 100%;" allowfullscreen> </iframe> </p>
<div style="margin-bottom:5px"> <strong> <a href="//www.slideshare.net/a8059822/carta-compromis-elluch" title="CARTA COMPROMIS ELLUCH" target="_blank" rel="noopener noreferrer">CARTA COMPROMIS ELLUCH</a> </strong> from <strong><a href="https://www.slideshare.net/a8059822" target="_blank" rel="noopener noreferrer">Ernest Lluch</a></strong> </div>
</div>
<div>
<div style="margin-bottom: 5px;"></div>
</div>

<p>Aquí teniu les Normes d&#8217;Organització de Centre que van ser revisades, actualitzades i aprovades en el Consell del 14 d&#8217;octubre del 2024. Aquí teniu la carta de compromís que es signa al formalitzar la matrícula. CARTA COMPROMIS ELLUCH from Ernest Lluch</p>
