{"id":877,"date":"2020-02-07T19:11:21","date_gmt":"2020-02-07T18:11:21","guid":{"rendered":"http:\/\/agora.xtec.cat\/ceip-eramprunya\/?page_id=877"},"modified":"2025-01-17T16:05:22","modified_gmt":"2025-01-17T15:05:22","slug":"libres-de-text","status":"publish","type":"page","link":"https:\/\/agora.xtec.cat\/ceip-eramprunya\/lescola\/libres-de-text\/","title":{"rendered":"Sortides i col\u00f2nies"},"content":{"rendered":"<p><strong><span style=\"color: #800000;\">LA IMPORT\u00c0NCIA DE LES SORTIDES I COL\u00d2NIES<\/span><\/strong><\/p>\n<p>Les sortides escolars s\u00f3n molt importants en el proc\u00e9s de creixement de l\u2019infant perqu\u00e8 creiem que l\u2019aprenentatge ha de ser actiu, vivencial i engrescador.<\/p>\n<p>Els objectius de les sortides estan relacionats amb el curr\u00edculum corresponent a cada curs i tamb\u00e9 amb aspectes transversals de relaci\u00f3 i socialitzaci\u00f3 dels alumnes. Les sortides\u00a0 ajuden a despertar o augmentar la curiositat de l&#8217;alumnat; els ajuden a descobrir noves fonts d\u2019informaci\u00f3, nous centres d\u2019inter\u00e8s. Gr\u00e0cies a les sortides viuen situacions en les que desenvolupen l\u2019autonomia, la responsabilitat, la cooperaci\u00f3 i l\u2019ajuda m\u00fatua; aprenen altres maneres d\u2019aprendre, adquireixen nous recursos personals.<\/p>\n<p>Per aquest motiu, cada curs l&#8217;equip docent programen sortides adequades a l\u2019edat i al curr\u00edculum.<\/p>\n<p>Pel que fa a les\u00a0 col\u00f2nies, formen part del nostre Projecte Educatiu, \u00e9s una activitat de gran qualitat pedag\u00f2gica i humana; \u00e9s adequada per a petits, mitjans i grans; \u00e9s una experi\u00e8ncia \u00fanica, per aix\u00f2 tots la vivim amb molta il\u00b7lusi\u00f3. Aquesta activitat la realitzem a final de cada cicle.<\/p>\n<p><span style=\"color: #0000ff;\"><strong>Si cliqueu la foto podreu veure les sortides i col\u00f2nies programades per aquest curs escolar.<\/strong><\/span><\/p>\n<p><strong><span style=\"color: #000000;\">A part de sortides i col\u00f2nies tamb\u00e9 realitzem tallers a l&#8217;escola relacionats amb el curr\u00edculum de cada nivell o cicle, sortides a l&#8217;entorn (biblioteca, Ajuntament, mercat, parc de tr\u00e0nsit, museu de Gav\u00e0, parcs propers&#8230;).<\/span><\/strong><\/p>\n<p>&nbsp;<\/p>\n<p><a href=\"https:\/\/drive.google.com\/file\/d\/1w6-u6XQw6ZJg_h7sTcK3zgV1rByqUEZz\/view?usp=sharing\"><img loading=\"lazy\" decoding=\"async\" class=\"wp-image-1012 aligncenter\" src=\"https:\/\/agora.xtec.cat\/ceip-eramprunya\/wp-content\/uploads\/usu1822\/2020\/02\/foto-sortides-1024x768.jpg\" alt=\"\" width=\"572\" height=\"429\" srcset=\"https:\/\/agora.xtec.cat\/ceip-eramprunya\/wp-content\/uploads\/usu1822\/2020\/02\/foto-sortides-1024x768.jpg 1024w, https:\/\/agora.xtec.cat\/ceip-eramprunya\/wp-content\/uploads\/usu1822\/2020\/02\/foto-sortides-300x225.jpg 300w, https:\/\/agora.xtec.cat\/ceip-eramprunya\/wp-content\/uploads\/usu1822\/2020\/02\/foto-sortides-768x576.jpg 768w, https:\/\/agora.xtec.cat\/ceip-eramprunya\/wp-content\/uploads\/usu1822\/2020\/02\/foto-sortides-200x150.jpg 200w, https:\/\/agora.xtec.cat\/ceip-eramprunya\/wp-content\/uploads\/usu1822\/2020\/02\/foto-sortides.jpg 1184w\" sizes=\"auto, (max-width: 572px) 100vw, 572px\" \/><\/a><\/p>\n","protected":false},"excerpt":{"rendered":"<p>LA IMPORT\u00c0NCIA DE LES SORTIDES I COL\u00d2NIES<br \/>\nLes sortides escolars s\u00f3n molt importants en el proc\u00e9s de creixement de l\u2019infant perqu\u00e8 creiem que l\u2019aprenentatge ha de ser actiu, vivencial i engrescador.<br \/>\nEls objectius de les sortides estan relacionats amb el curr\u00edculum corresponent a cada curs i tamb\u00e9&hellip;  <a href=\"https:\/\/agora.xtec.cat\/ceip-eramprunya\/lescola\/libres-de-text\/\" title=\"Read Sortides i col\u00f2nies\">Llegeix m\u00e9s\u00bb<\/a><\/p>\n","protected":false},"author":1,"featured_media":0,"parent":842,"menu_order":0,"comment_status":"closed","ping_status":"closed","template":"","meta":{"_bbp_topic_count":0,"_bbp_reply_count":0,"_bbp_total_topic_count":0,"_bbp_total_reply_count":0,"_bbp_voice_count":0,"_bbp_anonymous_reply_count":0,"_bbp_topic_count_hidden":0,"_bbp_reply_count_hidden":0,"_bbp_forum_subforum_count":0,"footnotes":""},"class_list":["post-877","page","type-page","status-publish","hentry"],"post_mailing_queue_ids":[],"_links":{"self":[{"href":"https:\/\/agora.xtec.cat\/ceip-eramprunya\/wp-json\/wp\/v2\/pages\/877","targetHints":{"allow":["GET"]}}],"collection":[{"href":"https:\/\/agora.xtec.cat\/ceip-eramprunya\/wp-json\/wp\/v2\/pages"}],"about":[{"href":"https:\/\/agora.xtec.cat\/ceip-eramprunya\/wp-json\/wp\/v2\/types\/page"}],"author":[{"embeddable":true,"href":"https:\/\/agora.xtec.cat\/ceip-eramprunya\/wp-json\/wp\/v2\/users\/1"}],"replies":[{"embeddable":true,"href":"https:\/\/agora.xtec.cat\/ceip-eramprunya\/wp-json\/wp\/v2\/comments?post=877"}],"version-history":[{"count":6,"href":"https:\/\/agora.xtec.cat\/ceip-eramprunya\/wp-json\/wp\/v2\/pages\/877\/revisions"}],"predecessor-version":[{"id":2378,"href":"https:\/\/agora.xtec.cat\/ceip-eramprunya\/wp-json\/wp\/v2\/pages\/877\/revisions\/2378"}],"up":[{"embeddable":true,"href":"https:\/\/agora.xtec.cat\/ceip-eramprunya\/wp-json\/wp\/v2\/pages\/842"}],"wp:attachment":[{"href":"https:\/\/agora.xtec.cat\/ceip-eramprunya\/wp-json\/wp\/v2\/media?parent=877"}],"curies":[{"name":"wp","href":"https:\/\/api.w.org\/{rel}","templated":true}]}}