{"id":3529,"date":"2020-03-17T16:45:07","date_gmt":"2020-03-17T15:45:07","guid":{"rendered":"http:\/\/agora.xtec.cat\/ceip-entorn-mata\/?page_id=3529"},"modified":"2021-04-13T10:03:52","modified_gmt":"2021-04-13T08:03:52","slug":"programa-gepprograma-generacio-plurilingue-gep-a-partir-daquest-curs-2019-20-lescola-participa-al-programa-de-generacio-plurilingue-gep-que-te-com-a-objectiu-augmentar-la-compete","status":"publish","type":"page","link":"https:\/\/agora.xtec.cat\/ceip-entorn-mata\/lescola\/projectes-i-activitats\/programa-gepprograma-generacio-plurilingue-gep-a-partir-daquest-curs-2019-20-lescola-participa-al-programa-de-generacio-plurilingue-gep-que-te-com-a-objectiu-augmentar-la-compete\/","title":{"rendered":"Programa GEP"},"content":{"rendered":"<p lang=\"ca-ES\" align=\"justify\"><a href=\"https:\/\/agora.xtec.cat\/ceip-entorn-mata\/wp-content\/uploads\/usu1557\/2020\/03\/FOTO-GEP-1.jpg\"><img loading=\"lazy\" decoding=\"async\" class=\" wp-image-3530 alignright\" src=\"https:\/\/agora.xtec.cat\/ceip-entorn-mata\/wp-content\/uploads\/usu1557\/2020\/03\/FOTO-GEP-1.jpg\" alt=\"\" width=\"302\" height=\"151\" \/><\/a><a href=\"https:\/\/agora.xtec.cat\/ceip-entorn-mata\/wp-content\/uploads\/usu1557\/2020\/03\/FOTO-GEP-2.jpg\"><img loading=\"lazy\" decoding=\"async\" class=\"aligncenter wp-image-3531\" src=\"https:\/\/agora.xtec.cat\/ceip-entorn-mata\/wp-content\/uploads\/usu1557\/2020\/03\/FOTO-GEP-2.jpg\" alt=\"\" width=\"284\" height=\"164\" srcset=\"https:\/\/agora.xtec.cat\/ceip-entorn-mata\/wp-content\/uploads\/usu1557\/2020\/03\/FOTO-GEP-2.jpg 434w, https:\/\/agora.xtec.cat\/ceip-entorn-mata\/wp-content\/uploads\/usu1557\/2020\/03\/FOTO-GEP-2-300x174.jpg 300w\" sizes=\"auto, (max-width: 284px) 100vw, 284px\" \/><\/a><\/p>\n<p class=\"western\" lang=\"ca-ES\" style=\"text-align: center;\" align=\"justify\"><span style=\"color: #008080;\"><span style=\"font-family: Verdana, serif;\"><span style=\"font-size: medium;\"><b>PROGRAMA GENERACI\u00d3 PLURILING\u00dcE (GEP)<\/b><\/span><\/span><\/span><\/p>\n<p class=\"western\" lang=\"ca-ES\" align=\"justify\"><span style=\"font-family: Verdana, serif;\">A partir d\u2019aquest curs 2019-20 l\u2019escola participa al <\/span><span style=\"font-family: Verdana, serif;\"><b>programa de generaci\u00f3 pluriling\u00fce GEP<\/b><\/span><span style=\"font-family: Verdana, serif;\">, que t\u00e9 com a objectiu <\/span><span style=\"font-family: Verdana, serif;\">augmentar la compet\u00e8ncia comunicativa en lleng\u00fces estrangeres, a trav\u00e9s de la incorporaci\u00f3 de forma progressiva de l\u2019ensenyament-aprenentatge de mat\u00e8ries no ling\u00fc\u00edstiques en llengua estrangera (angl\u00e8s). El programa t\u00e9 un per\u00edode d\u2019implementaci\u00f3 m\u00ednima de 3 anys (2019-22), i es comen\u00e7ar\u00e0 a realitzar a Cicle Superior.<\/span><\/p>\n<p lang=\"ca-ES\" align=\"justify\"><a href=\"https:\/\/drive.google.com\/file\/d\/1BdU7HZhA40_PIQSRNFyjhEccaBTMzb_Y\/preview\" target=\"_blank\" rel=\"noopener noreferrer\">GEP 2019-22 (informaci\u00f3 general del Programa)<\/a><\/p>\n<p lang=\"ca-ES\" align=\"justify\"><a href=\"https:\/\/drive.google.com\/file\/d\/1fu-qSLri-KCPuu59RVZczBw4yL3r6Rrh\/preview\" target=\"_blank\" rel=\"noopener noreferrer\">Pla d&#8217;Acci\u00f3 GEP de l&#8217;Escola l&#8217;Entorn<\/a><\/p>\n<p lang=\"ca-ES\" align=\"justify\"><a href=\"https:\/\/padlet.com\/escolalentorn\/hv0e04bva4uu\" target=\"_blank\" rel=\"noopener noreferrer\">DIGITAL PORTOFOLIO GEP<\/a><\/p>\n<p lang=\"ca-ES\" align=\"justify\"><a href=\"http:\/\/agora.xtec.cat\/ceip-entorn-mata\/lescola\/projectes-i-activitats\/activitats-gep\/\">Activitats GEP<\/a><\/p>\n","protected":false},"excerpt":{"rendered":"<p>PROGRAMA GENERACI\u00d3 PLURILING\u00dcE (GEP) A partir d\u2019aquest curs 2019-20 l\u2019escola participa al programa de generaci\u00f3 pluriling\u00fce GEP, que t\u00e9 com [&hellip;]<\/p>\n","protected":false},"author":45,"featured_media":0,"parent":4822,"menu_order":0,"comment_status":"closed","ping_status":"closed","template":"page-templates\/side-menu.php","meta":{"site-sidebar-layout":"default","site-content-layout":"","ast-site-content-layout":"","site-content-style":"default","site-sidebar-style":"default","ast-global-header-display":"","ast-banner-title-visibility":"","ast-main-header-display":"","ast-hfb-above-header-display":"","ast-hfb-below-header-display":"","ast-hfb-mobile-header-display":"","site-post-title":"","ast-breadcrumbs-content":"","ast-featured-img":"","footer-sml-layout":"","theme-transparent-header-meta":"","adv-header-id-meta":"","stick-header-meta":"","header-above-stick-meta":"","header-main-stick-meta":"","header-below-stick-meta":"","astra-migrate-meta-layouts":"default","ast-page-background-enabled":"default","ast-page-background-meta":{"desktop":{"background-color":"var(--ast-global-color-4)","background-image":"","background-repeat":"repeat","background-position":"center center","background-size":"auto","background-attachment":"scroll","background-type":"","background-media":"","overlay-type":"","overlay-color":"","overlay-opacity":"","overlay-gradient":""},"tablet":{"background-color":"","background-image":"","background-repeat":"repeat","background-position":"center center","background-size":"auto","background-attachment":"scroll","background-type":"","background-media":"","overlay-type":"","overlay-color":"","overlay-opacity":"","overlay-gradient":""},"mobile":{"background-color":"","background-image":"","background-repeat":"repeat","background-position":"center center","background-size":"auto","background-attachment":"scroll","background-type":"","background-media":"","overlay-type":"","overlay-color":"","overlay-opacity":"","overlay-gradient":""}},"ast-content-background-meta":{"desktop":{"background-color":"var(--ast-global-color-5)","background-image":"","background-repeat":"repeat","background-position":"center center","background-size":"auto","background-attachment":"scroll","background-type":"","background-media":"","overlay-type":"","overlay-color":"","overlay-opacity":"","overlay-gradient":""},"tablet":{"background-color":"var(--ast-global-color-5)","background-image":"","background-repeat":"repeat","background-position":"center center","background-size":"auto","background-attachment":"scroll","background-type":"","background-media":"","overlay-type":"","overlay-color":"","overlay-opacity":"","overlay-gradient":""},"mobile":{"background-color":"var(--ast-global-color-5)","background-image":"","background-repeat":"repeat","background-position":"center center","background-size":"auto","background-attachment":"scroll","background-type":"","background-media":"","overlay-type":"","overlay-color":"","overlay-opacity":"","overlay-gradient":""}},"footnotes":""},"class_list":["post-3529","page","type-page","status-publish","hentry"],"post_mailing_queue_ids":[],"_links":{"self":[{"href":"https:\/\/agora.xtec.cat\/ceip-entorn-mata\/wp-json\/wp\/v2\/pages\/3529","targetHints":{"allow":["GET"]}}],"collection":[{"href":"https:\/\/agora.xtec.cat\/ceip-entorn-mata\/wp-json\/wp\/v2\/pages"}],"about":[{"href":"https:\/\/agora.xtec.cat\/ceip-entorn-mata\/wp-json\/wp\/v2\/types\/page"}],"author":[{"embeddable":true,"href":"https:\/\/agora.xtec.cat\/ceip-entorn-mata\/wp-json\/wp\/v2\/users\/45"}],"replies":[{"embeddable":true,"href":"https:\/\/agora.xtec.cat\/ceip-entorn-mata\/wp-json\/wp\/v2\/comments?post=3529"}],"version-history":[{"count":4,"href":"https:\/\/agora.xtec.cat\/ceip-entorn-mata\/wp-json\/wp\/v2\/pages\/3529\/revisions"}],"predecessor-version":[{"id":5127,"href":"https:\/\/agora.xtec.cat\/ceip-entorn-mata\/wp-json\/wp\/v2\/pages\/3529\/revisions\/5127"}],"up":[{"embeddable":true,"href":"https:\/\/agora.xtec.cat\/ceip-entorn-mata\/wp-json\/wp\/v2\/pages\/4822"}],"wp:attachment":[{"href":"https:\/\/agora.xtec.cat\/ceip-entorn-mata\/wp-json\/wp\/v2\/media?parent=3529"}],"curies":[{"name":"wp","href":"https:\/\/api.w.org\/{rel}","templated":true}]}}