{"id":30,"date":"2014-09-18T12:30:23","date_gmt":"2014-09-18T11:30:23","guid":{"rendered":"http:\/\/agora.xtec.cat\/ceip-entorn-mata\/?page_id=30"},"modified":"2025-09-07T15:15:02","modified_gmt":"2025-09-07T13:15:02","slug":"personal","status":"publish","type":"page","link":"https:\/\/agora.xtec.cat\/ceip-entorn-mata\/lescola\/personal\/","title":{"rendered":"Personal de l&#8217;escola"},"content":{"rendered":"<h6><span style=\"text-decoration: underline;\">CLAUSTRE DE MESTRES CURS 2025-26:<\/span><\/h6>\n<h6>\u00c9s l\u2019\u00f2rgan col\u00b7legiat del centre amb m\u00e0ximes compet\u00e8ncies en l\u2019\u00e0mbit pedag\u00f2gic.<\/h6>\n<h6><strong><em><u>Equip Directiu :<\/u><\/em><\/strong><\/h6>\n<h6><strong><span style=\"text-decoration: underline;\">Directora<\/span>: <\/strong>Eva Coll<\/h6>\n<h6><span style=\"text-decoration: underline;\"><strong>Cap d\u2019Estudis: <\/strong><\/span>Mar L\u00f3pez<\/h6>\n<h6><span style=\"text-decoration: underline;\"><strong>Secret\u00e0ria: <\/strong><\/span>Isabel G\u00fcell<\/h6>\n<h6><em>* Per parlar amb l\u2019Equip Directiu cal demanar cita pr\u00e8via. L\u2019horari d\u2019atenci\u00f3 a les fam\u00edlies \u00e9s el seg\u00fcent: dilluns de 9:00h a 11h i divendres de 15:00h a 16:30h. <\/em><\/h6>\n<h6><em>Per qualsevol q\u00fcesti\u00f3 (suggeriments, dubtes, incid\u00e8ncies, queixes, etc.), el proc\u00e9s a seguir \u00e9s primer parlar-ne amb el\/la tutor\/a i si no s\u2019ha pogut resoldre, demanar cita per parlar amb l\u2019Equip Directiu. Demanem si us plau que es respecti aquest ordre i l\u2019horari d\u2019atenci\u00f3 establert. <\/em><\/h6>\n<h6><strong><em><u>Educaci\u00f3 Infantil:<\/u><\/em><\/strong><\/h6>\n<h6><span style=\"text-decoration: underline;\"><span style=\"font-size: medium;\"><b>I3 A:<\/b><\/span><\/span><span style=\"font-size: medium;\">\u00a0 \u00a0Susanna Cam\u00f3s \u00a0 \u00a0<\/span><span style=\"text-decoration: underline;\"><span style=\"font-size: medium;\"><b>I3 B:<\/b><\/span><\/span><span style=\"font-size: medium;\"><span style=\"text-decoration: underline;\">\u00a0<\/span> Gemma Molinero<\/span><\/h6>\n<h6><span style=\"text-decoration: underline;\"><span style=\"font-size: medium;\"><b>I4 A:<\/b><\/span><\/span><span style=\"font-size: medium;\">\u00a0 \u00a0 Marta Batchell\u00ed \u00a0 \u00a0 \u00a0 \u00a0<\/span><span style=\"font-size: medium;\"><span style=\"text-decoration: underline;\"><b>I4 B: <\/b><\/span>Txell Quintanas<\/span><\/h6>\n<h6><span style=\"text-decoration: underline;\"><span style=\"font-size: medium;\"><b>I5 A:<\/b><\/span><\/span><span style=\"font-size: medium;\">\u00a0 \u00a0Carme Roca \u00a0 \u00a0 \u00a0 \u00a0 \u00a0 <\/span><span style=\"text-decoration: underline;\"><span style=\"font-size: medium;\"><b>I5 B:<\/b><\/span><\/span><span style=\"font-size: medium;\">\u00a0 Rosa Crous<\/span><\/h6>\n<h6><span style=\"text-decoration: underline;\"><span style=\"font-size: medium;\"><b>Suport:<\/b><\/span><\/span><span style=\"font-size: medium;\">\u00a0 Eva Esp\u00edgol i Gemma Roig<\/span><\/h6>\n<h6><span style=\"text-decoration: underline;\"><span style=\"font-size: medium;\"><b>TEEI:<\/b><\/span><\/span><span style=\"font-size: medium;\"> Sra. Lupita Paneque\u00a0<\/span><\/h6>\n<h6><span style=\"text-decoration: underline;\"><span style=\"color: #000000;\"><span style=\"font-size: medium;\"><b>M\u00fasica: <\/b><\/span><\/span><\/span><span style=\"font-size: medium;\">Marc Mart\u00ed i Balsach<\/span><\/h6>\n<h6><span style=\"color: #000000;\"><span style=\"font-size: medium;\"><b><span style=\"text-decoration: underline;\">Psicomotricitat I4-I5:<\/span> <\/b>Gerard Rodr\u00edguez<\/span><\/span><\/h6>\n<h6><strong>\u00a0<\/strong><strong><em><u>Cicle Inicial:<\/u><\/em><\/strong><\/h6>\n<h6><span style=\"font-size: medium;\"><b><span style=\"text-decoration: underline;\">1r A:<\/span> <\/b><\/span><span style=\"font-size: medium;\">\u00a0Eva Bosch \u00a0 \u00a0 \u00a0 \u00a0 \u00a0 <span style=\"text-decoration: underline;\">\u00a0 <\/span><\/span><span style=\"text-decoration: underline;\"><span style=\"font-size: medium;\"><b>1rB:<\/b><\/span><\/span><span style=\"font-size: medium;\">\u00a0 Anna Bosch<\/span><\/h6>\n<h6><span style=\"text-decoration: underline;\"><span style=\"font-size: medium;\"><b>2n A:<\/b><\/span><\/span><span style=\"font-size: medium;\"><span style=\"text-decoration: underline;\">\u00a0<\/span> N\u00faria Vila \u00a0 \u00a0 \u00a0 \u00a0 <\/span><span style=\"text-decoration: underline;\"><span style=\"font-size: medium;\"><b>2n B:<\/b><\/span><\/span><span style=\"font-size: medium;\">\u00a0 Mariona Tarradas<\/span><\/h6>\n<h6><strong><span style=\"text-decoration: underline;\">Suport:<\/span> \u00a0<\/strong>Clara Alabert, Mariona Trull i Eva Coll<\/h6>\n<h6><strong>\u00a0<\/strong><\/h6>\n<h6><strong><em><u>Cicle Mitj\u00e0:<\/u><\/em><\/strong><\/h6>\n<h6><span style=\"text-decoration: underline;\"><span style=\"font-size: medium;\"><b>3rA:<\/b><\/span><\/span><span style=\"font-size: medium;\">\u00a0 \u00a0 Teresa Casas \u00a0 <span style=\"text-decoration: underline;\">\u00a0 <\/span><\/span><span style=\"text-decoration: underline;\"><span style=\"font-size: medium;\"><b>3r B:<\/b><\/span><\/span><span style=\"font-size: medium;\">\u00a0 Josep Galceran<\/span><\/h6>\n<h6><span style=\"text-decoration: underline;\"><span style=\"font-size: medium;\"><b>4t A:<\/b><\/span><\/span><span style=\"font-size: medium;\">\u00a0 Marta Renart \u00a0 <span style=\"text-decoration: underline;\">\u00a0<\/span><\/span><span style=\"text-decoration: underline;\"><span style=\"font-size: medium;\"><b>4tB:<\/b><\/span><\/span><span style=\"font-size: medium;\"><span style=\"text-decoration: underline;\">\u00a0<\/span> Luc\u00eda Rodr\u00edguez<\/span><\/h6>\n<h6><span style=\"text-decoration: underline;\"><strong>Suport: <\/strong><\/span>Ana Guti\u00e9rrez, Cristina Mayola, Marta Arum\u00ed i Mar L\u00f3pez<\/h6>\n<h6><strong><em><u>Cicle Superior:<\/u><\/em><\/strong><\/h6>\n<h6><span style=\"text-decoration: underline;\"><span style=\"font-size: medium;\"><b>5\u00e8 A:<\/b><\/span><\/span>\u00a0 Anna Garnatxe \u00a0 \u00a0 <span style=\"text-decoration: underline;\"><span style=\"font-size: medium;\"><b>5\u00e8 B:<\/b><\/span><\/span><span style=\"font-size: medium;\"><span style=\"text-decoration: underline;\">\u00a0<\/span> Leli Delgado<\/span><\/h6>\n<h6><span style=\"text-decoration: underline;\"><span style=\"font-size: medium;\"><b>6\u00e8 A:<\/b><\/span><\/span><span style=\"font-size: medium;\">\u00a0 M\u00e0rius Nadal \u00a0 \u00a0 <\/span><span style=\"font-size: medium;\"><b><span style=\"text-decoration: underline;\">6\u00e8 B:<\/span> \u00a0<\/b>Queralt Pineda<\/span><\/h6>\n<h6><strong><span style=\"text-decoration: underline;\">Suport:<\/span> Fina Mart\u00ednez, Clara Alabert, Mar Miranda i Isabel G\u00fcell<\/strong><\/h6>\n<h6><strong>\u00a0<\/strong><\/h6>\n<h6><strong><em><u>Mestres especialistes:<\/u><\/em><\/strong><\/h6>\n<h6><span style=\"font-size: medium;\"><u><b>Educaci\u00f3 F\u00edsica:<\/b><\/u><\/span><i><b> \u00a0<\/b><\/i> Fina Mart\u00ednez<\/h6>\n<h6><span style=\"font-size: medium;\"><u><b>M\u00fasic<span style=\"color: #000000;\">a:<\/span><\/b><\/u><\/span><span style=\"color: #000000;\"><span style=\"font-size: medium;\">\u00a0 Mar Miranda<\/span><\/span><\/h6>\n<h6><span style=\"color: #000000;\"><span style=\"font-size: medium;\"><i><u><b>L<\/b><\/u><\/i><u><b>lengua Anglesa: Mariona Trull, Clara Alabert, Teresa Casas, Marta Renart, Luc\u00cda Rodr\u00edguez, Anna Garnatxe i M\u00e0rius Nadal.\u00a0<\/b><\/u><\/span><\/span><\/h6>\n<h6><i><span style=\"color: #000000;\">*A CM i CS les tutores amb<\/span> l\u2019especialitat d\u2019angl\u00e8s realitzaran l\u2019angl\u00e8s del seu nivell, tractant aix\u00ed la llengua anglesa de forma integrada com les altres lleng\u00fces (catal\u00e0 i<\/i><i> <\/i><i>castell\u00e0).<\/i><\/h6>\n<h6><strong><span style=\"font-size: medium;\"><u>Educaci\u00f3 Especial:<\/u><\/span>\u00a0 Cristina Mayola i Marta Arum\u00ed<\/strong><\/h6>\n<h6><strong><span style=\"font-size: medium;\"><u>Audici\u00f3 i Llenguatge<\/u><\/span>: J\u00falia Sanjuan<\/strong><\/h6>\n<p><strong><span style=\"text-decoration: underline;\">MESI SIEI:<\/span> Iolanda Mitj\u00e0<\/strong><\/p>\n<p><strong><span style=\"text-decoration: underline;\">Educadora SIEI:<\/span> Raquel Mera<\/strong><\/p>\n<h6><strong><span style=\"font-size: medium;\"><u>Auxiliar d\u2019Educaci\u00f3 Especial (Vetlladora): \u00a0<\/u>Montse Pacheco<\/span><\/strong><\/h6>\n<h6><strong><span style=\"font-size: medium;\"><u>Religi\u00f3:<\/u><\/span> Queralt Pineda i Mir\u00f3<\/strong><\/h6>\n<h6><strong>\u00a0<\/strong><\/h6>\n<h6><strong><em><u>Coordinadors de cicle:<\/u><\/em><\/strong><\/h6>\n<h6><b><span style=\"text-decoration: underline;\">Educaci\u00f3 Infantil:<\/span> Eva Esp\u00edgol<\/b><\/h6>\n<h6><b><span style=\"text-decoration: underline;\">Cicle Inicial:<\/span> Eva Bosch<\/b><\/h6>\n<h6><strong><span style=\"text-decoration: underline;\">Cicle Mitj\u00e0:<\/span> Josep Galceran<\/strong><\/h6>\n<h6><b><span style=\"text-decoration: underline;\">Cicle Superior:<\/span> Anna Garnatxe<\/b><\/h6>\n<h6><strong>\u00a0<\/strong><\/h6>\n<h6><strong><em><u>Coordinadors:<\/u><\/em><\/strong><\/h6>\n<h6><b><span style=\"text-decoration: underline;\">Coordinadora Prevenci\u00f3 de Riscos Laborals:<\/span> J\u00falia Sanjuan<\/b><\/h6>\n<h6><b><span style=\"text-decoration: underline;\">Coordinadora digital:<\/span> \u00a0Mar Miranda<\/b><\/h6>\n<h6><span style=\"text-decoration: underline;\"><b>Coordinadora de Llengua i Cohesi\u00f3 Social:<\/b><\/span><span style=\"font-size: medium;\"> Marta Renart<\/span><\/h6>\n<h6><span style=\"text-decoration: underline;\"><strong>Coordinadora de coeducaci\u00f3, conviv\u00e8ncia i benestar de l&#8217;alumnat:<\/strong><\/span> Fina Mart\u00ednez i Martos<\/h6>\n<h6><span style=\"text-decoration: underline;\"><b>Coordinador Pla Catal\u00e0 d\u2019Esport a l\u2019escola: <\/b><\/span>Fina Mart\u00ednez<\/h6>\n<h6><strong>\u00a0<\/strong><\/h6>\n<h6><strong><em><u>Serveis Educatius del Pla de l\u2019Estany:<\/u><\/em><\/strong><\/h6>\n<h6><b><span style=\"text-decoration: underline;\">Psicopedagoga (EAP):<\/span> <\/b><span style=\"color: #000000;\"><span style=\"font-size: medium;\">Gemma Comas<\/span><\/span><\/h6>\n<h6><span style=\"text-decoration: underline;\"><strong>LIC:<\/strong><\/span> Gemma Soler i Serra<\/h6>\n<h6><b><span style=\"text-decoration: underline;\">Treballadora Social (EAP)<\/span>: <\/b>Sra. Marta Compte i Bosch<\/h6>\n<h6><strong>\u00a0<\/strong><\/h6>\n<h6><strong><em><u>Personal d\u2019Administraci\u00f3 i Serveis ( PAS ):<\/u><\/em><\/strong><\/h6>\n<h6><span style=\"text-decoration: underline;\"><strong>Administrativa: <\/strong><\/span>Sra. Susanna Juanola<\/h6>\n<h6><span style=\"text-decoration: underline;\"><strong>Conserge: <\/strong><\/span>Sr. Carles Castany<\/h6>\n<h6><strong>\u00a0<\/strong><\/h6>\n<h6><strong><em><u>Cuina\/Menjador:<\/u><\/em><\/strong><\/h6>\n<h6><span style=\"text-decoration: underline;\"><strong>Cuineres: <\/strong><\/span>Sra. Ester Estany i Sra. Rosa Ferrers<\/h6>\n<h6><span style=\"text-decoration: underline;\"><strong>Encarregada de menjador: <\/strong><\/span>Sra. Laia Sala i Soler<\/h6>\n","protected":false},"excerpt":{"rendered":"<p>CLAUSTRE DE MESTRES CURS 2025-26: \u00c9s l\u2019\u00f2rgan col\u00b7legiat del centre amb m\u00e0ximes compet\u00e8ncies en l\u2019\u00e0mbit pedag\u00f2gic. Equip Directiu : Directora: [&hellip;]<\/p>\n","protected":false},"author":1,"featured_media":0,"parent":22,"menu_order":40,"comment_status":"closed","ping_status":"closed","template":"page-templates\/side-menu.php","meta":{"site-sidebar-layout":"default","site-content-layout":"","ast-site-content-layout":"default","site-content-style":"default","site-sidebar-style":"default","ast-global-header-display":"","ast-banner-title-visibility":"","ast-main-header-display":"","ast-hfb-above-header-display":"","ast-hfb-below-header-display":"","ast-hfb-mobile-header-display":"","site-post-title":"","ast-breadcrumbs-content":"","ast-featured-img":"","footer-sml-layout":"","theme-transparent-header-meta":"","adv-header-id-meta":"","stick-header-meta":"","header-above-stick-meta":"","header-main-stick-meta":"","header-below-stick-meta":"","astra-migrate-meta-layouts":"set","ast-page-background-enabled":"default","ast-page-background-meta":{"desktop":{"background-color":"var(--ast-global-color-4)","background-image":"","background-repeat":"repeat","background-position":"center center","background-size":"auto","background-attachment":"scroll","background-type":"","background-media":"","overlay-type":"","overlay-color":"","overlay-opacity":"","overlay-gradient":""},"tablet":{"background-color":"","background-image":"","background-repeat":"repeat","background-position":"center center","background-size":"auto","background-attachment":"scroll","background-type":"","background-media":"","overlay-type":"","overlay-color":"","overlay-opacity":"","overlay-gradient":""},"mobile":{"background-color":"","background-image":"","background-repeat":"repeat","background-position":"center center","background-size":"auto","background-attachment":"scroll","background-type":"","background-media":"","overlay-type":"","overlay-color":"","overlay-opacity":"","overlay-gradient":""}},"ast-content-background-meta":{"desktop":{"background-color":"var(--ast-global-color-5)","background-image":"","background-repeat":"repeat","background-position":"center center","background-size":"auto","background-attachment":"scroll","background-type":"","background-media":"","overlay-type":"","overlay-color":"","overlay-opacity":"","overlay-gradient":""},"tablet":{"background-color":"var(--ast-global-color-5)","background-image":"","background-repeat":"repeat","background-position":"center center","background-size":"auto","background-attachment":"scroll","background-type":"","background-media":"","overlay-type":"","overlay-color":"","overlay-opacity":"","overlay-gradient":""},"mobile":{"background-color":"var(--ast-global-color-5)","background-image":"","background-repeat":"repeat","background-position":"center center","background-size":"auto","background-attachment":"scroll","background-type":"","background-media":"","overlay-type":"","overlay-color":"","overlay-opacity":"","overlay-gradient":""}},"footnotes":""},"class_list":["post-30","page","type-page","status-publish","hentry"],"post_mailing_queue_ids":[],"_links":{"self":[{"href":"https:\/\/agora.xtec.cat\/ceip-entorn-mata\/wp-json\/wp\/v2\/pages\/30","targetHints":{"allow":["GET"]}}],"collection":[{"href":"https:\/\/agora.xtec.cat\/ceip-entorn-mata\/wp-json\/wp\/v2\/pages"}],"about":[{"href":"https:\/\/agora.xtec.cat\/ceip-entorn-mata\/wp-json\/wp\/v2\/types\/page"}],"author":[{"embeddable":true,"href":"https:\/\/agora.xtec.cat\/ceip-entorn-mata\/wp-json\/wp\/v2\/users\/1"}],"replies":[{"embeddable":true,"href":"https:\/\/agora.xtec.cat\/ceip-entorn-mata\/wp-json\/wp\/v2\/comments?post=30"}],"version-history":[{"count":8,"href":"https:\/\/agora.xtec.cat\/ceip-entorn-mata\/wp-json\/wp\/v2\/pages\/30\/revisions"}],"predecessor-version":[{"id":9523,"href":"https:\/\/agora.xtec.cat\/ceip-entorn-mata\/wp-json\/wp\/v2\/pages\/30\/revisions\/9523"}],"up":[{"embeddable":true,"href":"https:\/\/agora.xtec.cat\/ceip-entorn-mata\/wp-json\/wp\/v2\/pages\/22"}],"wp:attachment":[{"href":"https:\/\/agora.xtec.cat\/ceip-entorn-mata\/wp-json\/wp\/v2\/media?parent=30"}],"curies":[{"name":"wp","href":"https:\/\/api.w.org\/{rel}","templated":true}]}}