{"id":2966,"date":"2019-10-22T20:20:49","date_gmt":"2019-10-22T18:20:49","guid":{"rendered":"http:\/\/agora.xtec.cat\/ceip-entorn-mata\/?page_id=2966"},"modified":"2025-10-27T09:14:02","modified_gmt":"2025-10-27T08:14:02","slug":"consell-escolar","status":"publish","type":"page","link":"https:\/\/agora.xtec.cat\/ceip-entorn-mata\/lescola\/consell-escolar\/","title":{"rendered":"Consell escolar"},"content":{"rendered":"<p><strong>CONSELL ESCOLAR 2025-26<\/strong><\/p>\n<p>\u00c9s un \u00f2rgan de participaci\u00f3 de la comunitat escolar en el govern dels centres docents, el formen representants dels diferents sectors de la comunitat educativa.<\/p>\n<p><strong>COMPONENTS DEL CONSELL ESCOLAR:<\/strong><\/p>\n<p>Presidenta \u2013 Director: Sr. Eva Coll<\/p>\n<p>Cap d\u2019Estudis: Sra. Mar L\u00f3pez<\/p>\n<p>Representant de l\u2019Ajuntament: Sra. Marta Planas i Feixas<\/p>\n<p>Representant AFA: <span data-originalfontsize=\"11pt\" data-originalcomputedfontsize=\"14.666666984558105\">Sr. Pau Vela i Maggi.<\/span><\/p>\n<p>Representants sector pares i mares d\u2019alumnes: <span style=\"color: #000000;\"><span style=\"font-size: large;\">Sra. Judit Asensio Fern\u00e0ndez, , Sr. Joan Marc Vidal i Mart\u00ednez, Sr. Galderic Sanmart\u00ed Casassayas i Sr. Oriol Pueyo Vallet.<\/span><\/span><\/p>\n<p>Representant sector mestres: <span style=\"font-family: Times New Roman, serif;\"><span style=\"font-family: Arial, sans-serif;\"><span style=\"font-size: large;\">Sra. Teresa Casas i Rio, Carme Roca i Pujol, Sra. N\u00faria Vila i Cruells i Eva Bosch i Bach, Sra. Susanna Cam\u00f3s i Plana i Sra. Marta Renart i Ginestera.<\/span><\/span><\/span><\/p>\n<p>Representant sector PAS: Sr. Carles Castany i Maruny<\/p>\n<p>Secretari del Consell Escolar: Sra Isabel G\u00fcell<\/p>\n<hr \/>\n<p><strong>CERTIFICACIONS\u00a0 \u00a0CURS 2025-26<\/strong><\/p>\n<ul>\n<li><a href=\"https:\/\/drive.google.com\/file\/d\/12akhJ0MwIVdsdIt0IjkX4_D4hQuj-auu\/view?usp=sharing\">Certificat 1<\/a><\/li>\n<\/ul>\n<p><strong>CERTIFICACIONS\u00a0 \u00a0CURS 2024-25<\/strong><\/p>\n<ul>\n<li><a href=\"https:\/\/drive.google.com\/file\/d\/1LHs_h3EH65qikcwCtMoLazUA11qrcX_G\/view?usp=sharing\" target=\"_blank\" rel=\"noopener\">Certificat 1<\/a><\/li>\n<li><a href=\"https:\/\/drive.google.com\/file\/d\/1QMSmdfPE2oh1LtMFgB1BIeFI1CtmChLX\/view?usp=sharing\" target=\"_blank\" rel=\"noopener\">Certificat 4<\/a><\/li>\n<li><a href=\"https:\/\/drive.google.com\/file\/d\/1F2gBM3DwMrVfHhJRzZ6XjEXHVSozYgSA\/view?usp=sharing\" target=\"_blank\" rel=\"noopener\">Certificat 6<\/a><\/li>\n<li><a href=\"https:\/\/drive.google.com\/file\/d\/1EwRK56AqUDcxiYhh0Aw593FwmCiO1nKC\/view?usp=sharing\" target=\"_blank\" rel=\"noopener\">Certificat 7<\/a><\/li>\n<\/ul>\n<p><strong>CERTIFICACIONS\u00a0 \u00a0CURS 2023-24<\/strong><\/p>\n<ul>\n<li><a href=\"https:\/\/agora.xtec.cat\/ceip-entorn-mata\/wp-content\/uploads\/usu1557\/2023\/10\/Certificat-1-Curs-23-24.pdf\">Certificat 1<\/a><\/li>\n<li><a href=\"https:\/\/agora.xtec.cat\/ceip-entorn-mata\/wp-content\/uploads\/usu1557\/2023\/12\/Certificat-constitucio-CE.pdf\">Certificat 2<\/a><\/li>\n<li><a href=\"https:\/\/agora.xtec.cat\/ceip-entorn-mata\/wp-content\/uploads\/usu1557\/2023\/12\/Certificat-CE.pdf\">Certificat 3<\/a><\/li>\n<li><a href=\"https:\/\/agora.xtec.cat\/ceip-entorn-mata\/wp-content\/uploads\/usu1557\/2024\/02\/Certificat-Consell-Escolar-febrer-2024.pdf\">Certificat 4<\/a><\/li>\n<li><a href=\"https:\/\/agora.xtec.cat\/ceip-entorn-mata\/wp-content\/uploads\/usu1557\/2024\/04\/Certificat-Consell-Escolar-no5.pdf\">Certificat 5<\/a><\/li>\n<li><a href=\"https:\/\/agora.xtec.cat\/ceip-entorn-mata\/wp-content\/uploads\/usu1557\/2024\/06\/Certificat-no6-1.pdf\">Certificat 6<\/a><\/li>\n<\/ul>\n<p><strong>CERTIFICACIONS\u00a0 \u00a0CURS 2022-23<\/strong><\/p>\n<ul>\n<li><a href=\"https:\/\/agora.xtec.cat\/ceip-entorn-mata\/wp-content\/uploads\/usu1557\/2022\/10\/CertificatConsell-Escolar-no1-curs-2022-23.pdf\">Certificat 1<\/a><\/li>\n<li><a href=\"https:\/\/agora.xtec.cat\/ceip-entorn-mata\/wp-content\/uploads\/usu1557\/2023\/02\/Certificat-Consell-Escolar-no2-curs-2022-23.pdf\">Certificat 2<\/a><\/li>\n<li><a href=\"https:\/\/agora.xtec.cat\/ceip-entorn-mata\/wp-content\/uploads\/usu1557\/2023\/05\/Certificat-Consell-Escolar-no3-curs-2022-23.pdf\">Certificat 3<\/a><\/li>\n<li><a href=\"https:\/\/agora.xtec.cat\/ceip-entorn-mata\/wp-content\/uploads\/usu1557\/2023\/06\/Certificat-Consell-Escolar-no4-2022-2023.pdf\">Certificat 4<\/a><\/li>\n<li><a href=\"https:\/\/agora.xtec.cat\/ceip-entorn-mata\/wp-content\/uploads\/usu1557\/2023\/06\/Certificat-Consell-Escolar-no5-curs-2022-23.pdf\">Certificat 5<\/a><\/li>\n<\/ul>\n<p><strong>CERTIFICACIONS\u00a0 CURS 2021\/22<\/strong><\/p>\n<ol>\n<li><a href=\"https:\/\/agora.xtec.cat\/ceip-entorn-mata\/wp-content\/uploads\/usu1557\/2021\/10\/Certificat-model-Consell-Escolar-no1.pdf\">Certificat 1<\/a><\/li>\n<li><a href=\"https:\/\/agora.xtec.cat\/ceip-entorn-mata\/wp-content\/uploads\/usu1557\/2021\/10\/2n-Certificat-Consell-Escolar-2021-22.pdf\">Certificat 2<\/a><\/li>\n<li><a href=\"https:\/\/agora.xtec.cat\/ceip-entorn-mata\/wp-content\/uploads\/usu1557\/2021\/12\/Certificat-12-Consell-Escolar-2021-22.pdf\">Certificat 3<\/a><\/li>\n<li><a href=\"https:\/\/agora.xtec.cat\/ceip-entorn-mata\/wp-content\/uploads\/usu1557\/2021\/12\/Certificat-13-Consell-Escolar-2021-22.pdf\">Certificat 4<\/a><\/li>\n<li><a href=\"https:\/\/drive.google.com\/file\/d\/1fDuTOrphI-4-5pT7G13xted6aVAVUqCR\/view?usp=sharing\">Certificat 5<\/a><\/li>\n<li><a href=\"https:\/\/drive.google.com\/file\/d\/1VmG-Ba5oRKxmdXwYcJWyjPD7lMS55EpG\/view?usp=sharing\">Certificat 6<\/a><\/li>\n<li><a href=\"https:\/\/agora.xtec.cat\/ceip-entorn-mata\/wp-content\/uploads\/usu1557\/2022\/07\/Certificat-Consell-escolar-no7.pdf\">Certificat 7<\/a><\/li>\n<li><a href=\"https:\/\/agora.xtec.cat\/ceip-entorn-mata\/wp-content\/uploads\/usu1557\/2022\/10\/8e-certificat-Consell-Escolar-curs-2021-22.pdf\">Certificat 8<\/a><\/li>\n<\/ol>\n<p><strong>APORTACIONS FAMILIES<\/strong><\/p>\n<ul>\n<li style=\"list-style-type: none;\">\n<ul style=\"list-style-type: circle;\">\n<li>QUOTA MATERIAL ESCOLAR 2025\/26<\/li>\n<li>COST ANUAL SORTIDES<\/li>\n<li>DOMICILIACI\u00d3 BANC\u00c0RIA MATERIAL + SORTIDES<\/li>\n<\/ul>\n<\/li>\n<\/ul>\n<p><strong>CONVENIS<\/strong><\/p>\n<p><strong>PRESSUPOST<\/strong><\/p>\n","protected":false},"excerpt":{"rendered":"<p>CONSELL ESCOLAR 2025-26 \u00c9s un \u00f2rgan de participaci\u00f3 de la comunitat escolar en el govern dels centres docents, el formen [&hellip;]<\/p>\n","protected":false},"author":45,"featured_media":0,"parent":22,"menu_order":0,"comment_status":"closed","ping_status":"closed","template":"page-templates\/side-menu.php","meta":{"site-sidebar-layout":"default","site-content-layout":"","ast-site-content-layout":"default","site-content-style":"default","site-sidebar-style":"default","ast-global-header-display":"","ast-banner-title-visibility":"","ast-main-header-display":"","ast-hfb-above-header-display":"","ast-hfb-below-header-display":"","ast-hfb-mobile-header-display":"","site-post-title":"","ast-breadcrumbs-content":"","ast-featured-img":"","footer-sml-layout":"","theme-transparent-header-meta":"","adv-header-id-meta":"","stick-header-meta":"","header-above-stick-meta":"","header-main-stick-meta":"","header-below-stick-meta":"","astra-migrate-meta-layouts":"set","ast-page-background-enabled":"default","ast-page-background-meta":{"desktop":{"background-color":"var(--ast-global-color-4)","background-image":"","background-repeat":"repeat","background-position":"center center","background-size":"auto","background-attachment":"scroll","background-type":"","background-media":"","overlay-type":"","overlay-color":"","overlay-opacity":"","overlay-gradient":""},"tablet":{"background-color":"","background-image":"","background-repeat":"repeat","background-position":"center center","background-size":"auto","background-attachment":"scroll","background-type":"","background-media":"","overlay-type":"","overlay-color":"","overlay-opacity":"","overlay-gradient":""},"mobile":{"background-color":"","background-image":"","background-repeat":"repeat","background-position":"center center","background-size":"auto","background-attachment":"scroll","background-type":"","background-media":"","overlay-type":"","overlay-color":"","overlay-opacity":"","overlay-gradient":""}},"ast-content-background-meta":{"desktop":{"background-color":"var(--ast-global-color-5)","background-image":"","background-repeat":"repeat","background-position":"center center","background-size":"auto","background-attachment":"scroll","background-type":"","background-media":"","overlay-type":"","overlay-color":"","overlay-opacity":"","overlay-gradient":""},"tablet":{"background-color":"var(--ast-global-color-5)","background-image":"","background-repeat":"repeat","background-position":"center center","background-size":"auto","background-attachment":"scroll","background-type":"","background-media":"","overlay-type":"","overlay-color":"","overlay-opacity":"","overlay-gradient":""},"mobile":{"background-color":"var(--ast-global-color-5)","background-image":"","background-repeat":"repeat","background-position":"center center","background-size":"auto","background-attachment":"scroll","background-type":"","background-media":"","overlay-type":"","overlay-color":"","overlay-opacity":"","overlay-gradient":""}},"footnotes":""},"class_list":["post-2966","page","type-page","status-publish","hentry"],"post_mailing_queue_ids":[],"_links":{"self":[{"href":"https:\/\/agora.xtec.cat\/ceip-entorn-mata\/wp-json\/wp\/v2\/pages\/2966","targetHints":{"allow":["GET"]}}],"collection":[{"href":"https:\/\/agora.xtec.cat\/ceip-entorn-mata\/wp-json\/wp\/v2\/pages"}],"about":[{"href":"https:\/\/agora.xtec.cat\/ceip-entorn-mata\/wp-json\/wp\/v2\/types\/page"}],"author":[{"embeddable":true,"href":"https:\/\/agora.xtec.cat\/ceip-entorn-mata\/wp-json\/wp\/v2\/users\/45"}],"replies":[{"embeddable":true,"href":"https:\/\/agora.xtec.cat\/ceip-entorn-mata\/wp-json\/wp\/v2\/comments?post=2966"}],"version-history":[{"count":6,"href":"https:\/\/agora.xtec.cat\/ceip-entorn-mata\/wp-json\/wp\/v2\/pages\/2966\/revisions"}],"predecessor-version":[{"id":9595,"href":"https:\/\/agora.xtec.cat\/ceip-entorn-mata\/wp-json\/wp\/v2\/pages\/2966\/revisions\/9595"}],"up":[{"embeddable":true,"href":"https:\/\/agora.xtec.cat\/ceip-entorn-mata\/wp-json\/wp\/v2\/pages\/22"}],"wp:attachment":[{"href":"https:\/\/agora.xtec.cat\/ceip-entorn-mata\/wp-json\/wp\/v2\/media?parent=2966"}],"curies":[{"name":"wp","href":"https:\/\/api.w.org\/{rel}","templated":true}]}}

<p><strong>CONSELL ESCOLAR 2025-26</strong></p>
<p>És un òrgan de participació de la comunitat escolar en el govern dels centres docents, el formen representants dels diferents sectors de la comunitat educativa.</p>
<p><strong>COMPONENTS DEL CONSELL ESCOLAR:</strong></p>
<p>Presidenta – Director: Sr. Eva Coll</p>
<p>Cap d’Estudis: Sra. Mar López</p>
<p>Representant de l’Ajuntament: Sra. Marta Planas i Feixas</p>
<p>Representant AFA: <span data-originalfontsize="11pt" data-originalcomputedfontsize="14.666666984558105">Sr. Pau Vela i Maggi.</span></p>
<p>Representants sector pares i mares d’alumnes: <span style="color: #000000;"><span style="font-size: large;">Sra. Judit Asensio Fernàndez, , Sr. Joan Marc Vidal i Martínez, Sr. Galderic Sanmartí Casassayas i Sr. Oriol Pueyo Vallet.</span></span></p>
<p>Representant sector mestres: <span style="font-family: Times New Roman, serif;"><span style="font-family: Arial, sans-serif;"><span style="font-size: large;">Sra. Teresa Casas i Rio, Carme Roca i Pujol, Sra. Núria Vila i Cruells i Eva Bosch i Bach, Sra. Susanna Camós i Plana i Sra. Marta Renart i Ginestera.</span></span></span></p>
<p>Representant sector PAS: Sr. Carles Castany i Maruny</p>
<p>Secretari del Consell Escolar: Sra Isabel Güell</p>
<hr />
<p><strong>CERTIFICACIONS   CURS 2025-26</strong></p>
<ul>
<li><a href="https://drive.google.com/file/d/12akhJ0MwIVdsdIt0IjkX4_D4hQuj-auu/view?usp=sharing">Certificat 1</a></li>
</ul>
<p><strong>CERTIFICACIONS   CURS 2024-25</strong></p>
<ul>
<li><a href="https://drive.google.com/file/d/1LHs_h3EH65qikcwCtMoLazUA11qrcX_G/view?usp=sharing" target="_blank" rel="noopener">Certificat 1</a></li>
<li><a href="https://drive.google.com/file/d/1QMSmdfPE2oh1LtMFgB1BIeFI1CtmChLX/view?usp=sharing" target="_blank" rel="noopener">Certificat 4</a></li>
<li><a href="https://drive.google.com/file/d/1F2gBM3DwMrVfHhJRzZ6XjEXHVSozYgSA/view?usp=sharing" target="_blank" rel="noopener">Certificat 6</a></li>
<li><a href="https://drive.google.com/file/d/1EwRK56AqUDcxiYhh0Aw593FwmCiO1nKC/view?usp=sharing" target="_blank" rel="noopener">Certificat 7</a></li>
</ul>
<p><strong>CERTIFICACIONS   CURS 2023-24</strong></p>
<ul>
<li><a href="https://agora.xtec.cat/ceip-entorn-mata/wp-content/uploads/usu1557/2023/10/Certificat-1-Curs-23-24.pdf">Certificat 1</a></li>
<li><a href="https://agora.xtec.cat/ceip-entorn-mata/wp-content/uploads/usu1557/2023/12/Certificat-constitucio-CE.pdf">Certificat 2</a></li>
<li><a href="https://agora.xtec.cat/ceip-entorn-mata/wp-content/uploads/usu1557/2023/12/Certificat-CE.pdf">Certificat 3</a></li>
<li><a href="https://agora.xtec.cat/ceip-entorn-mata/wp-content/uploads/usu1557/2024/02/Certificat-Consell-Escolar-febrer-2024.pdf">Certificat 4</a></li>
<li><a href="https://agora.xtec.cat/ceip-entorn-mata/wp-content/uploads/usu1557/2024/04/Certificat-Consell-Escolar-no5.pdf">Certificat 5</a></li>
<li><a href="https://agora.xtec.cat/ceip-entorn-mata/wp-content/uploads/usu1557/2024/06/Certificat-no6-1.pdf">Certificat 6</a></li>
</ul>
<p><strong>CERTIFICACIONS   CURS 2022-23</strong></p>
<ul>
<li><a href="https://agora.xtec.cat/ceip-entorn-mata/wp-content/uploads/usu1557/2022/10/CertificatConsell-Escolar-no1-curs-2022-23.pdf">Certificat 1</a></li>
<li><a href="https://agora.xtec.cat/ceip-entorn-mata/wp-content/uploads/usu1557/2023/02/Certificat-Consell-Escolar-no2-curs-2022-23.pdf">Certificat 2</a></li>
<li><a href="https://agora.xtec.cat/ceip-entorn-mata/wp-content/uploads/usu1557/2023/05/Certificat-Consell-Escolar-no3-curs-2022-23.pdf">Certificat 3</a></li>
<li><a href="https://agora.xtec.cat/ceip-entorn-mata/wp-content/uploads/usu1557/2023/06/Certificat-Consell-Escolar-no4-2022-2023.pdf">Certificat 4</a></li>
<li><a href="https://agora.xtec.cat/ceip-entorn-mata/wp-content/uploads/usu1557/2023/06/Certificat-Consell-Escolar-no5-curs-2022-23.pdf">Certificat 5</a></li>
</ul>
<p><strong>CERTIFICACIONS  CURS 2021/22</strong></p>
<ol>
<li><a href="https://agora.xtec.cat/ceip-entorn-mata/wp-content/uploads/usu1557/2021/10/Certificat-model-Consell-Escolar-no1.pdf">Certificat 1</a></li>
<li><a href="https://agora.xtec.cat/ceip-entorn-mata/wp-content/uploads/usu1557/2021/10/2n-Certificat-Consell-Escolar-2021-22.pdf">Certificat 2</a></li>
<li><a href="https://agora.xtec.cat/ceip-entorn-mata/wp-content/uploads/usu1557/2021/12/Certificat-12-Consell-Escolar-2021-22.pdf">Certificat 3</a></li>
<li><a href="https://agora.xtec.cat/ceip-entorn-mata/wp-content/uploads/usu1557/2021/12/Certificat-13-Consell-Escolar-2021-22.pdf">Certificat 4</a></li>
<li><a href="https://drive.google.com/file/d/1fDuTOrphI-4-5pT7G13xted6aVAVUqCR/view?usp=sharing">Certificat 5</a></li>
<li><a href="https://drive.google.com/file/d/1VmG-Ba5oRKxmdXwYcJWyjPD7lMS55EpG/view?usp=sharing">Certificat 6</a></li>
<li><a href="https://agora.xtec.cat/ceip-entorn-mata/wp-content/uploads/usu1557/2022/07/Certificat-Consell-escolar-no7.pdf">Certificat 7</a></li>
<li><a href="https://agora.xtec.cat/ceip-entorn-mata/wp-content/uploads/usu1557/2022/10/8e-certificat-Consell-Escolar-curs-2021-22.pdf">Certificat 8</a></li>
</ol>
<p><strong>APORTACIONS FAMILIES</strong></p>
<ul>
<li style="list-style-type: none;">
<ul style="list-style-type: circle;">
<li>QUOTA MATERIAL ESCOLAR 2025/26</li>
<li>COST ANUAL SORTIDES</li>
<li>DOMICILIACIÓ BANCÀRIA MATERIAL + SORTIDES</li>
</ul>
</li>
</ul>
<p><strong>CONVENIS</strong></p>
<p><strong>PRESSUPOST</strong></p>

<p>CONSELL ESCOLAR 2025-26 És un òrgan de participació de la comunitat escolar en el govern dels centres docents, el formen [&hellip;]</p>
