{"id":6203,"date":"2021-03-12T09:33:21","date_gmt":"2021-03-12T08:33:21","guid":{"rendered":"http:\/\/agora.xtec.cat\/ceip-enric-granados\/?page_id=6203"},"modified":"2026-01-12T11:32:46","modified_gmt":"2026-01-12T10:32:46","slug":"portes-obertes","status":"publish","type":"page","link":"https:\/\/agora.xtec.cat\/ceip-enric-granados\/portes-obertes\/","title":{"rendered":"Portes Obertes"},"content":{"rendered":"<p>&nbsp;<\/p>\n<h3><a href=\"https:\/\/forms.gle\/fEznVutNSaA5ATF36\">JORNADES DE PORTES OBERTES<\/a><\/h3>\n<h3><a href=\"https:\/\/forms.gle\/fEznVutNSaA5ATF36\">DIES 25 I 26 DE FEBRER A LES 15:15H<\/a><\/h3>\n<p>&nbsp;<\/p>\n<p>A l\u2019Institut Escola Enric Granados creiem que educar \u00e9s acompanyar, escoltar i cr\u00e9ixer plegats. Per aix\u00f2, obrim les portes del nostre centre per compartir amb les fam\u00edlies qui som, com eduquem i quins valors donen sentit al nostre dia a dia.<\/p>\n<p>Les <strong>Jornades de Portes Obertes<\/strong> s\u00f3n una invitaci\u00f3 a entrar a un centre , arrelat al <strong>barri de la Marina<\/strong>, on cada infant \u00e9s acollit, respectat i acompanyat en el seu cam\u00ed personal i acad\u00e8mic. Un espai on l\u2019aprenentatge va de la m\u00e0 de la confian\u00e7a, la conviv\u00e8ncia i la cura de les persones.<\/p>\n<p>Som una espai proper i comprom\u00e8s amb el seu entorn, que creix amb el barri i amb les fam\u00edlies, i que ent\u00e9n l\u2019educaci\u00f3 com un projecte compartit, constru\u00eft des de la il\u00b7lusi\u00f3, l\u2019esfor\u00e7 i els valors humans.<\/p>\n<p>Convidem totes les fam\u00edlies a con\u00e8ixer de prop el nostre projecte educatiu i a viure aquest primer contacte amb calma, proximitat i confian\u00e7a.<\/p>\n<p><a href=\"https:\/\/forms.gle\/fEznVutNSaA5ATF36\">\ud83d\udc49 <strong>Inscriu-te aqu\u00ed<\/strong><\/a><\/p>\n<p>&nbsp;<\/p>\n<p><iframe loading=\"lazy\" src=\"https:\/\/www.youtube.com\/embed\/UtOWJHa1fpA\" width=\"560\" height=\"315\" frameborder=\"0\" allowfullscreen=\"allowfullscreen\"><\/iframe><\/p>\n","protected":false},"excerpt":{"rendered":"<p>&nbsp; JORNADES DE PORTES OBERTES DIES 25 I 26 DE FEBRER A LES 15:15H &nbsp; A l\u2019Institut Escola Enric Granados creiem que educar \u00e9s acompanyar, escoltar i cr\u00e9ixer plegats. Per aix\u00f2, obrim les portes del nostre centre per compartir amb les fam\u00edlies qui som, com eduquem i quins valors donen sentit al nostre dia a [&hellip;]<\/p>\n","protected":false},"author":1,"featured_media":0,"parent":0,"menu_order":0,"comment_status":"closed","ping_status":"closed","template":"","meta":{"_bbp_topic_count":0,"_bbp_reply_count":0,"_bbp_total_topic_count":0,"_bbp_total_reply_count":0,"_bbp_voice_count":0,"_bbp_anonymous_reply_count":0,"_bbp_topic_count_hidden":0,"_bbp_reply_count_hidden":0,"_bbp_forum_subforum_count":0,"site-sidebar-layout":"default","site-content-layout":"","ast-site-content-layout":"default","site-content-style":"default","site-sidebar-style":"default","ast-global-header-display":"","ast-banner-title-visibility":"","ast-main-header-display":"","ast-hfb-above-header-display":"","ast-hfb-below-header-display":"","ast-hfb-mobile-header-display":"","site-post-title":"","ast-breadcrumbs-content":"","ast-featured-img":"","footer-sml-layout":"","theme-transparent-header-meta":"default","adv-header-id-meta":"","stick-header-meta":"","header-above-stick-meta":"","header-main-stick-meta":"","header-below-stick-meta":"","astra-migrate-meta-layouts":"set","ast-page-background-enabled":"default","ast-page-background-meta":{"desktop":{"background-color":"var(--ast-global-color-4)","background-image":"","background-repeat":"repeat","background-position":"center center","background-size":"auto","background-attachment":"scroll","background-type":"","background-media":"","overlay-type":"","overlay-color":"","overlay-opacity":"","overlay-gradient":""},"tablet":{"background-color":"","background-image":"","background-repeat":"repeat","background-position":"center center","background-size":"auto","background-attachment":"scroll","background-type":"","background-media":"","overlay-type":"","overlay-color":"","overlay-opacity":"","overlay-gradient":""},"mobile":{"background-color":"","background-image":"","background-repeat":"repeat","background-position":"center center","background-size":"auto","background-attachment":"scroll","background-type":"","background-media":"","overlay-type":"","overlay-color":"","overlay-opacity":"","overlay-gradient":""}},"ast-content-background-meta":{"desktop":{"background-color":"var(--ast-global-color-5)","background-image":"","background-repeat":"repeat","background-position":"center center","background-size":"auto","background-attachment":"scroll","background-type":"","background-media":"","overlay-type":"","overlay-color":"","overlay-opacity":"","overlay-gradient":""},"tablet":{"background-color":"var(--ast-global-color-5)","background-image":"","background-repeat":"repeat","background-position":"center center","background-size":"auto","background-attachment":"scroll","background-type":"","background-media":"","overlay-type":"","overlay-color":"","overlay-opacity":"","overlay-gradient":""},"mobile":{"background-color":"var(--ast-global-color-5)","background-image":"","background-repeat":"repeat","background-position":"center center","background-size":"auto","background-attachment":"scroll","background-type":"","background-media":"","overlay-type":"","overlay-color":"","overlay-opacity":"","overlay-gradient":""}},"footnotes":""},"class_list":["post-6203","page","type-page","status-publish","hentry"],"post_mailing_queue_ids":[],"_links":{"self":[{"href":"https:\/\/agora.xtec.cat\/ceip-enric-granados\/wp-json\/wp\/v2\/pages\/6203","targetHints":{"allow":["GET"]}}],"collection":[{"href":"https:\/\/agora.xtec.cat\/ceip-enric-granados\/wp-json\/wp\/v2\/pages"}],"about":[{"href":"https:\/\/agora.xtec.cat\/ceip-enric-granados\/wp-json\/wp\/v2\/types\/page"}],"author":[{"embeddable":true,"href":"https:\/\/agora.xtec.cat\/ceip-enric-granados\/wp-json\/wp\/v2\/users\/1"}],"replies":[{"embeddable":true,"href":"https:\/\/agora.xtec.cat\/ceip-enric-granados\/wp-json\/wp\/v2\/comments?post=6203"}],"version-history":[{"count":6,"href":"https:\/\/agora.xtec.cat\/ceip-enric-granados\/wp-json\/wp\/v2\/pages\/6203\/revisions"}],"predecessor-version":[{"id":7343,"href":"https:\/\/agora.xtec.cat\/ceip-enric-granados\/wp-json\/wp\/v2\/pages\/6203\/revisions\/7343"}],"wp:attachment":[{"href":"https:\/\/agora.xtec.cat\/ceip-enric-granados\/wp-json\/wp\/v2\/media?parent=6203"}],"curies":[{"name":"wp","href":"https:\/\/api.w.org\/{rel}","templated":true}]}}

<p>&nbsp;</p>
<h3><a href="https://forms.gle/fEznVutNSaA5ATF36">JORNADES DE PORTES OBERTES</a></h3>
<h3><a href="https://forms.gle/fEznVutNSaA5ATF36">DIES 25 I 26 DE FEBRER A LES 15:15H</a></h3>
<p>&nbsp;</p>
<p>A l’Institut Escola Enric Granados creiem que educar és acompanyar, escoltar i créixer plegats. Per això, obrim les portes del nostre centre per compartir amb les famílies qui som, com eduquem i quins valors donen sentit al nostre dia a dia.</p>
<p>Les <strong>Jornades de Portes Obertes</strong> són una invitació a entrar a un centre , arrelat al <strong>barri de la Marina</strong>, on cada infant és acollit, respectat i acompanyat en el seu camí personal i acadèmic. Un espai on l’aprenentatge va de la mà de la confiança, la convivència i la cura de les persones.</p>
<p>Som una espai proper i compromès amb el seu entorn, que creix amb el barri i amb les famílies, i que entén l’educació com un projecte compartit, construït des de la il·lusió, l’esforç i els valors humans.</p>
<p>Convidem totes les famílies a conèixer de prop el nostre projecte educatiu i a viure aquest primer contacte amb calma, proximitat i confiança.</p>
<p><a href="https://forms.gle/fEznVutNSaA5ATF36">👉 <strong>Inscriu-te aquí</strong></a></p>
<p>&nbsp;</p>
<p><iframe loading="lazy" src="https://www.youtube.com/embed/UtOWJHa1fpA" width="560" height="315" frameborder="0" allowfullscreen="allowfullscreen"></iframe></p>

<p>&nbsp; JORNADES DE PORTES OBERTES DIES 25 I 26 DE FEBRER A LES 15:15H &nbsp; A l’Institut Escola Enric Granados creiem que educar és acompanyar, escoltar i créixer plegats. Per això, obrim les portes del nostre centre per compartir amb les famílies qui som, com eduquem i quins valors donen sentit al nostre dia a [&hellip;]</p>
