{"id":34,"date":"2014-09-18T12:32:18","date_gmt":"2014-09-18T11:32:18","guid":{"rendered":"http:\/\/agora.xtec.cat\/ceip-enric-granados\/?page_id=34"},"modified":"2026-01-09T14:10:15","modified_gmt":"2026-01-09T13:10:15","slug":"oferta-educativa","status":"publish","type":"page","link":"https:\/\/agora.xtec.cat\/ceip-enric-granados\/lescola\/oferta-educativa\/","title":{"rendered":"Oferta educativa"},"content":{"rendered":"<p>&nbsp;<\/p>\n<p><strong>Quantes l\u00ednies oferim?<\/strong><\/p>\n<p>En el proper curs 2026-2027 l\u2019Institut Escola Enric Granados oferim una sola l\u00ednea per a\u00a0 tota l&#8217;oferta educativa des de I3 fins a 2n de la ESO.<\/p>\n<p><strong>Quin horari fem?<\/strong><\/p>\n<p>El nostre horari lectiu \u00e9s:<\/p>\n<ul>\n<li>A Prim\u00e0ria i Infantil: de dilluns a divendres de 9 a 13 i de 15 a 17\u202fh.<\/li>\n<li>A Secund\u00e0ria: dilluns, dimarts i dijous de 08:00 a 13:15 i de 15:00 a 17:00. Dimecres de 08:00 a 13:15 i divendres de 08:00 a 13:30.<\/li>\n<\/ul>\n<p><strong>Tenim servei d\u2019acollida matinal?<\/strong><\/p>\n<p>I tant que s\u00ed. Els matiners de l\u2019escola poden venir a partir de les 7.45\u202fh del mat\u00ed<\/p>\n<p><strong>Quant val el servei de menjador?<\/strong><\/p>\n<p>Tant pels alumnes fixes com pels espor\u00e0dics el preu \u00e9s de 6 euros.<\/p>\n<p><strong>Tenim cuina pr\u00f2pia?<\/strong><\/p>\n<p>S\u00ed, i a m\u00e9s us podem dir que el nostre cuiner, en Quim, fa un menjar bon\u00edssim!<\/p>\n<p><strong>I qu\u00e8 passa amb els petitons?<\/strong><\/p>\n<p>Doncs els m\u00e9s petits despr\u00e9s de dinar fan una migdiada per a poder recarregar piles!<\/p>\n<p><strong>Fem activitats extraescolars?<\/strong><\/p>\n<p>S\u00ed, i ens encanten! Les fem dimarts i dijous. Aquest any fem fins i tot patinatge!<\/p>\n<p>&nbsp;<\/p>\n<p><strong>Et convidem a tafanejar el nostre web, estem segurs que t\u2019encantar\u00e0!!!!! Tamb\u00e9 tenim un compte d&#8217;Instagram preci\u00f3s. @viugranados<\/strong><\/p>\n","protected":false},"excerpt":{"rendered":"<p>&nbsp; Quantes l\u00ednies oferim? En el proper curs 2026-2027 l\u2019Institut Escola Enric Granados oferim una sola l\u00ednea per a\u00a0 tota l&#8217;oferta educativa des de I3 fins a 2n de la ESO. Quin horari fem? El nostre horari lectiu \u00e9s: A Prim\u00e0ria i Infantil: de dilluns a divendres de 9 a 13 i de 15 a [&hellip;]<\/p>\n","protected":false},"author":1,"featured_media":0,"parent":22,"menu_order":60,"comment_status":"closed","ping_status":"closed","template":"","meta":{"_bbp_topic_count":0,"_bbp_reply_count":0,"_bbp_total_topic_count":0,"_bbp_total_reply_count":0,"_bbp_voice_count":0,"_bbp_anonymous_reply_count":0,"_bbp_topic_count_hidden":0,"_bbp_reply_count_hidden":0,"_bbp_forum_subforum_count":0,"site-sidebar-layout":"default","site-content-layout":"","ast-site-content-layout":"default","site-content-style":"default","site-sidebar-style":"default","ast-global-header-display":"","ast-banner-title-visibility":"","ast-main-header-display":"","ast-hfb-above-header-display":"","ast-hfb-below-header-display":"","ast-hfb-mobile-header-display":"","site-post-title":"","ast-breadcrumbs-content":"","ast-featured-img":"","footer-sml-layout":"","theme-transparent-header-meta":"default","adv-header-id-meta":"","stick-header-meta":"","header-above-stick-meta":"","header-main-stick-meta":"","header-below-stick-meta":"","astra-migrate-meta-layouts":"set","ast-page-background-enabled":"default","ast-page-background-meta":{"desktop":{"background-color":"var(--ast-global-color-4)","background-image":"","background-repeat":"repeat","background-position":"center center","background-size":"auto","background-attachment":"scroll","background-type":"","background-media":"","overlay-type":"","overlay-color":"","overlay-opacity":"","overlay-gradient":""},"tablet":{"background-color":"","background-image":"","background-repeat":"repeat","background-position":"center center","background-size":"auto","background-attachment":"scroll","background-type":"","background-media":"","overlay-type":"","overlay-color":"","overlay-opacity":"","overlay-gradient":""},"mobile":{"background-color":"","background-image":"","background-repeat":"repeat","background-position":"center center","background-size":"auto","background-attachment":"scroll","background-type":"","background-media":"","overlay-type":"","overlay-color":"","overlay-opacity":"","overlay-gradient":""}},"ast-content-background-meta":{"desktop":{"background-color":"var(--ast-global-color-5)","background-image":"","background-repeat":"repeat","background-position":"center center","background-size":"auto","background-attachment":"scroll","background-type":"","background-media":"","overlay-type":"","overlay-color":"","overlay-opacity":"","overlay-gradient":""},"tablet":{"background-color":"var(--ast-global-color-5)","background-image":"","background-repeat":"repeat","background-position":"center center","background-size":"auto","background-attachment":"scroll","background-type":"","background-media":"","overlay-type":"","overlay-color":"","overlay-opacity":"","overlay-gradient":""},"mobile":{"background-color":"var(--ast-global-color-5)","background-image":"","background-repeat":"repeat","background-position":"center center","background-size":"auto","background-attachment":"scroll","background-type":"","background-media":"","overlay-type":"","overlay-color":"","overlay-opacity":"","overlay-gradient":""}},"footnotes":""},"class_list":["post-34","page","type-page","status-publish","hentry"],"post_mailing_queue_ids":[],"_links":{"self":[{"href":"https:\/\/agora.xtec.cat\/ceip-enric-granados\/wp-json\/wp\/v2\/pages\/34","targetHints":{"allow":["GET"]}}],"collection":[{"href":"https:\/\/agora.xtec.cat\/ceip-enric-granados\/wp-json\/wp\/v2\/pages"}],"about":[{"href":"https:\/\/agora.xtec.cat\/ceip-enric-granados\/wp-json\/wp\/v2\/types\/page"}],"author":[{"embeddable":true,"href":"https:\/\/agora.xtec.cat\/ceip-enric-granados\/wp-json\/wp\/v2\/users\/1"}],"replies":[{"embeddable":true,"href":"https:\/\/agora.xtec.cat\/ceip-enric-granados\/wp-json\/wp\/v2\/comments?post=34"}],"version-history":[{"count":6,"href":"https:\/\/agora.xtec.cat\/ceip-enric-granados\/wp-json\/wp\/v2\/pages\/34\/revisions"}],"predecessor-version":[{"id":7334,"href":"https:\/\/agora.xtec.cat\/ceip-enric-granados\/wp-json\/wp\/v2\/pages\/34\/revisions\/7334"}],"up":[{"embeddable":true,"href":"https:\/\/agora.xtec.cat\/ceip-enric-granados\/wp-json\/wp\/v2\/pages\/22"}],"wp:attachment":[{"href":"https:\/\/agora.xtec.cat\/ceip-enric-granados\/wp-json\/wp\/v2\/media?parent=34"}],"curies":[{"name":"wp","href":"https:\/\/api.w.org\/{rel}","templated":true}]}}

<p>&nbsp;</p>
<p><strong>Quantes línies oferim?</strong></p>
<p>En el proper curs 2026-2027 l’Institut Escola Enric Granados oferim una sola línea per a  tota l&#8217;oferta educativa des de I3 fins a 2n de la ESO.</p>
<p><strong>Quin horari fem?</strong></p>
<p>El nostre horari lectiu és:</p>
<ul>
<li>A Primària i Infantil: de dilluns a divendres de 9 a 13 i de 15 a 17 h.</li>
<li>A Secundària: dilluns, dimarts i dijous de 08:00 a 13:15 i de 15:00 a 17:00. Dimecres de 08:00 a 13:15 i divendres de 08:00 a 13:30.</li>
</ul>
<p><strong>Tenim servei d’acollida matinal?</strong></p>
<p>I tant que sí. Els matiners de l’escola poden venir a partir de les 7.45 h del matí</p>
<p><strong>Quant val el servei de menjador?</strong></p>
<p>Tant pels alumnes fixes com pels esporàdics el preu és de 6 euros.</p>
<p><strong>Tenim cuina pròpia?</strong></p>
<p>Sí, i a més us podem dir que el nostre cuiner, en Quim, fa un menjar boníssim!</p>
<p><strong>I què passa amb els petitons?</strong></p>
<p>Doncs els més petits després de dinar fan una migdiada per a poder recarregar piles!</p>
<p><strong>Fem activitats extraescolars?</strong></p>
<p>Sí, i ens encanten! Les fem dimarts i dijous. Aquest any fem fins i tot patinatge!</p>
<p>&nbsp;</p>
<p><strong>Et convidem a tafanejar el nostre web, estem segurs que t’encantarà!!!!! També tenim un compte d&#8217;Instagram preciós. @viugranados</strong></p>

<p>&nbsp; Quantes línies oferim? En el proper curs 2026-2027 l’Institut Escola Enric Granados oferim una sola línea per a  tota l&#8217;oferta educativa des de I3 fins a 2n de la ESO. Quin horari fem? El nostre horari lectiu és: A Primària i Infantil: de dilluns a divendres de 9 a 13 i de 15 a [&hellip;]</p>
