{"id":26,"date":"2014-09-18T12:24:32","date_gmt":"2014-09-18T11:24:32","guid":{"rendered":"http:\/\/agora.xtec.cat\/ceip-enric-granados\/?page_id=26"},"modified":"2026-01-13T09:26:58","modified_gmt":"2026-01-13T08:26:58","slug":"historia","status":"publish","type":"page","link":"https:\/\/agora.xtec.cat\/ceip-enric-granados\/lescola\/historia\/","title":{"rendered":"Qui som"},"content":{"rendered":"<div class=\"pages_page_body\">\n<div align=\"justify\">\n<p data-start=\"187\" data-end=\"409\">L\u2019Institut Escola Enric Granados \u00e9s un centre p\u00fablic del Departament d\u2019Educaci\u00f3 de la Generalitat de Catalunya que acompanya infants i joves des dels 3 anys fins a 1r d\u2019ESO, amb una mirada educativa <strong>cont\u00ednua i de qualitat.<\/strong><\/p>\n<p data-start=\"411\" data-end=\"832\">Som una escola p\u00fablica i laica, arrelada al nostre entorn i compromesa amb la realitat social i cultural de Catalunya. <strong data-start=\"530\" data-end=\"583\">Som l\u2019\u00fanic institut escola del barri de la Marina<\/strong>, un fet que refor\u00e7a el nostre paper com a espai educatiu de refer\u00e8ncia i de cohesi\u00f3 comunit\u00e0ria. Entenem la diversitat com una riquesa i treballem per construir un entorn acollidor, inclusiu i respectu\u00f3s, on cada alumne se senti escoltat i valorat.<\/p>\n<p data-start=\"411\" data-end=\"832\"><strong>L&#8217;art<\/strong> vertebra els nostres aprenentatges. Creiem que l&#8217;art<strong> democratitza l&#8217;ensenyament<\/strong> i tenim diverses propostes adaptades als diferents nivells educatius.\u00a0Eduquem des del respecte, la solidaritat, la just\u00edcia social i l\u2019empatia, promovent el di\u00e0leg, la conviv\u00e8ncia i la cultura de la pau, amb l\u2019objectiu de formar persones conscients, responsables i compromeses amb el b\u00e9 com\u00fa.<\/p>\n<p data-start=\"1104\" data-end=\"1288\">Som un centre <strong data-start=\"1118\" data-end=\"1135\">en creixement<\/strong>: el curs <strong data-start=\"1145\" data-end=\"1158\">2028\u20132029<\/strong> completarem l\u2019etapa d\u2019educaci\u00f3 secund\u00e0ria i arribarem a <strong data-start=\"1215\" data-end=\"1227\">4t d\u2019ESO<\/strong>, consolidant un projecte educatiu al servei de les persones.<\/p>\n<p data-start=\"1290\" data-end=\"1489\">Creiem en una educaci\u00f3 <strong>compartida<\/strong>, basada en el <strong>treball en equip<\/strong> del professorat i en la col\u00b7laboraci\u00f3 estreta amb les fam\u00edlies, perqu\u00e8 educar \u00e9s una tasca col\u00b7lectiva de tota la comunitat educativa<\/p>\n<p><a href=\"https:\/\/agora.xtec.cat\/ceip-enric-granados\/wp-content\/uploads\/usu843\/2023\/01\/cole.jpg\"><img loading=\"lazy\" decoding=\"async\" class=\"alignnone size-full wp-image-6567\" src=\"https:\/\/agora.xtec.cat\/ceip-enric-granados\/wp-content\/uploads\/usu843\/2023\/01\/cole.jpg\" alt=\"\" width=\"1022\" height=\"749\" srcset=\"https:\/\/agora.xtec.cat\/ceip-enric-granados\/wp-content\/uploads\/usu843\/2023\/01\/cole.jpg 1022w, https:\/\/agora.xtec.cat\/ceip-enric-granados\/wp-content\/uploads\/usu843\/2023\/01\/cole-300x220.jpg 300w, https:\/\/agora.xtec.cat\/ceip-enric-granados\/wp-content\/uploads\/usu843\/2023\/01\/cole-768x563.jpg 768w\" sizes=\"auto, (max-width: 1022px) 100vw, 1022px\" \/><\/a><\/p>\n<\/div>\n<\/div>\n","protected":false},"excerpt":{"rendered":"<p>L\u2019Institut Escola Enric Granados \u00e9s un centre p\u00fablic del Departament d\u2019Educaci\u00f3 de la Generalitat de Catalunya que acompanya infants i joves des dels 3 anys fins a 1r d\u2019ESO, amb una mirada educativa cont\u00ednua i de qualitat. Som una escola p\u00fablica i laica, arrelada al nostre entorn i compromesa amb la realitat social i cultural [&hellip;]<\/p>\n","protected":false},"author":1,"featured_media":0,"parent":22,"menu_order":20,"comment_status":"closed","ping_status":"closed","template":"","meta":{"_bbp_topic_count":0,"_bbp_reply_count":0,"_bbp_total_topic_count":0,"_bbp_total_reply_count":0,"_bbp_voice_count":0,"_bbp_anonymous_reply_count":0,"_bbp_topic_count_hidden":0,"_bbp_reply_count_hidden":0,"_bbp_forum_subforum_count":0,"site-sidebar-layout":"default","site-content-layout":"","ast-site-content-layout":"default","site-content-style":"default","site-sidebar-style":"default","ast-global-header-display":"","ast-banner-title-visibility":"","ast-main-header-display":"","ast-hfb-above-header-display":"","ast-hfb-below-header-display":"","ast-hfb-mobile-header-display":"","site-post-title":"","ast-breadcrumbs-content":"","ast-featured-img":"","footer-sml-layout":"","theme-transparent-header-meta":"default","adv-header-id-meta":"","stick-header-meta":"","header-above-stick-meta":"","header-main-stick-meta":"","header-below-stick-meta":"","astra-migrate-meta-layouts":"set","ast-page-background-enabled":"default","ast-page-background-meta":{"desktop":{"background-color":"var(--ast-global-color-4)","background-image":"","background-repeat":"repeat","background-position":"center center","background-size":"auto","background-attachment":"scroll","background-type":"","background-media":"","overlay-type":"","overlay-color":"","overlay-opacity":"","overlay-gradient":""},"tablet":{"background-color":"","background-image":"","background-repeat":"repeat","background-position":"center center","background-size":"auto","background-attachment":"scroll","background-type":"","background-media":"","overlay-type":"","overlay-color":"","overlay-opacity":"","overlay-gradient":""},"mobile":{"background-color":"","background-image":"","background-repeat":"repeat","background-position":"center center","background-size":"auto","background-attachment":"scroll","background-type":"","background-media":"","overlay-type":"","overlay-color":"","overlay-opacity":"","overlay-gradient":""}},"ast-content-background-meta":{"desktop":{"background-color":"var(--ast-global-color-5)","background-image":"","background-repeat":"repeat","background-position":"center center","background-size":"auto","background-attachment":"scroll","background-type":"","background-media":"","overlay-type":"","overlay-color":"","overlay-opacity":"","overlay-gradient":""},"tablet":{"background-color":"var(--ast-global-color-5)","background-image":"","background-repeat":"repeat","background-position":"center center","background-size":"auto","background-attachment":"scroll","background-type":"","background-media":"","overlay-type":"","overlay-color":"","overlay-opacity":"","overlay-gradient":""},"mobile":{"background-color":"var(--ast-global-color-5)","background-image":"","background-repeat":"repeat","background-position":"center center","background-size":"auto","background-attachment":"scroll","background-type":"","background-media":"","overlay-type":"","overlay-color":"","overlay-opacity":"","overlay-gradient":""}},"footnotes":""},"class_list":["post-26","page","type-page","status-publish","hentry"],"post_mailing_queue_ids":[],"_links":{"self":[{"href":"https:\/\/agora.xtec.cat\/ceip-enric-granados\/wp-json\/wp\/v2\/pages\/26","targetHints":{"allow":["GET"]}}],"collection":[{"href":"https:\/\/agora.xtec.cat\/ceip-enric-granados\/wp-json\/wp\/v2\/pages"}],"about":[{"href":"https:\/\/agora.xtec.cat\/ceip-enric-granados\/wp-json\/wp\/v2\/types\/page"}],"author":[{"embeddable":true,"href":"https:\/\/agora.xtec.cat\/ceip-enric-granados\/wp-json\/wp\/v2\/users\/1"}],"replies":[{"embeddable":true,"href":"https:\/\/agora.xtec.cat\/ceip-enric-granados\/wp-json\/wp\/v2\/comments?post=26"}],"version-history":[{"count":6,"href":"https:\/\/agora.xtec.cat\/ceip-enric-granados\/wp-json\/wp\/v2\/pages\/26\/revisions"}],"predecessor-version":[{"id":7313,"href":"https:\/\/agora.xtec.cat\/ceip-enric-granados\/wp-json\/wp\/v2\/pages\/26\/revisions\/7313"}],"up":[{"embeddable":true,"href":"https:\/\/agora.xtec.cat\/ceip-enric-granados\/wp-json\/wp\/v2\/pages\/22"}],"wp:attachment":[{"href":"https:\/\/agora.xtec.cat\/ceip-enric-granados\/wp-json\/wp\/v2\/media?parent=26"}],"curies":[{"name":"wp","href":"https:\/\/api.w.org\/{rel}","templated":true}]}}

<div class="pages_page_body">
<div align="justify">
<p data-start="187" data-end="409">L’Institut Escola Enric Granados és un centre públic del Departament d’Educació de la Generalitat de Catalunya que acompanya infants i joves des dels 3 anys fins a 1r d’ESO, amb una mirada educativa <strong>contínua i de qualitat.</strong></p>
<p data-start="411" data-end="832">Som una escola pública i laica, arrelada al nostre entorn i compromesa amb la realitat social i cultural de Catalunya. <strong data-start="530" data-end="583">Som l’únic institut escola del barri de la Marina</strong>, un fet que reforça el nostre paper com a espai educatiu de referència i de cohesió comunitària. Entenem la diversitat com una riquesa i treballem per construir un entorn acollidor, inclusiu i respectuós, on cada alumne se senti escoltat i valorat.</p>
<p data-start="411" data-end="832"><strong>L&#8217;art</strong> vertebra els nostres aprenentatges. Creiem que l&#8217;art<strong> democratitza l&#8217;ensenyament</strong> i tenim diverses propostes adaptades als diferents nivells educatius. Eduquem des del respecte, la solidaritat, la justícia social i l’empatia, promovent el diàleg, la convivència i la cultura de la pau, amb l’objectiu de formar persones conscients, responsables i compromeses amb el bé comú.</p>
<p data-start="1104" data-end="1288">Som un centre <strong data-start="1118" data-end="1135">en creixement</strong>: el curs <strong data-start="1145" data-end="1158">2028–2029</strong> completarem l’etapa d’educació secundària i arribarem a <strong data-start="1215" data-end="1227">4t d’ESO</strong>, consolidant un projecte educatiu al servei de les persones.</p>
<p data-start="1290" data-end="1489">Creiem en una educació <strong>compartida</strong>, basada en el <strong>treball en equip</strong> del professorat i en la col·laboració estreta amb les famílies, perquè educar és una tasca col·lectiva de tota la comunitat educativa</p>
<p><a href="https://agora.xtec.cat/ceip-enric-granados/wp-content/uploads/usu843/2023/01/cole.jpg"><img loading="lazy" decoding="async" class="alignnone size-full wp-image-6567" src="https://agora.xtec.cat/ceip-enric-granados/wp-content/uploads/usu843/2023/01/cole.jpg" alt="" width="1022" height="749" srcset="https://agora.xtec.cat/ceip-enric-granados/wp-content/uploads/usu843/2023/01/cole.jpg 1022w, https://agora.xtec.cat/ceip-enric-granados/wp-content/uploads/usu843/2023/01/cole-300x220.jpg 300w, https://agora.xtec.cat/ceip-enric-granados/wp-content/uploads/usu843/2023/01/cole-768x563.jpg 768w" sizes="auto, (max-width: 1022px) 100vw, 1022px" /></a></p>
</div>
</div>

<p>L’Institut Escola Enric Granados és un centre públic del Departament d’Educació de la Generalitat de Catalunya que acompanya infants i joves des dels 3 anys fins a 1r d’ESO, amb una mirada educativa contínua i de qualitat. Som una escola pública i laica, arrelada al nostre entorn i compromesa amb la realitat social i cultural [&hellip;]</p>
