{"id":9,"date":"2023-06-03T18:08:18","date_gmt":"2023-06-03T16:08:18","guid":{"rendered":"http:\/\/agora.xtec.cat\/ceip-elturo-masquefa\/?page_id=9"},"modified":"2026-04-19T09:21:53","modified_gmt":"2026-04-19T07:21:53","slug":"pagina-dinici-buida","status":"publish","type":"page","link":"https:\/\/agora.xtec.cat\/ceip-elturo-masquefa\/","title":{"rendered":"\ud83d\udce2 Comunicat de centre"},"content":{"rendered":"<p>L\u2019Escola El Tur\u00f3 de Masquefa s\u2019ha adherit a les accions de pressi\u00f3 impulsades pels centres p\u00fablics del municipi en el marc de les reivindicacions de l\u2019escola p\u00fablica.<\/p>\n<p>Aquesta decisi\u00f3, amb el suport del Consell Escolar, t\u00e9 com a objectiu afavorir un acord satisfactori amb el Departament d\u2019Educaci\u00f3.<\/p>\n<p>Esperem que el di\u00e0leg permeti una resoluci\u00f3 propera de la situaci\u00f3.<\/p>\n<p><img loading=\"lazy\" decoding=\"async\" class=\"alignnone size-full wp-image-6604\" src=\"https:\/\/agora.xtec.cat\/ceip-elturo-masquefa\/wp-content\/uploads\/usu2130\/2026\/04\/Acords-centres.png\" alt=\"\" width=\"1080\" height=\"1350\" srcset=\"https:\/\/agora.xtec.cat\/ceip-elturo-masquefa\/wp-content\/uploads\/usu2130\/2026\/04\/Acords-centres.png 1080w, https:\/\/agora.xtec.cat\/ceip-elturo-masquefa\/wp-content\/uploads\/usu2130\/2026\/04\/Acords-centres-240x300.png 240w, https:\/\/agora.xtec.cat\/ceip-elturo-masquefa\/wp-content\/uploads\/usu2130\/2026\/04\/Acords-centres-819x1024.png 819w, https:\/\/agora.xtec.cat\/ceip-elturo-masquefa\/wp-content\/uploads\/usu2130\/2026\/04\/Acords-centres-768x960.png 768w\" sizes=\"auto, (max-width: 1080px) 100vw, 1080px\" \/><\/p>\n","protected":false},"excerpt":{"rendered":"<p>L\u2019Escola El Tur\u00f3 de Masquefa s\u2019ha adherit a les accions de pressi\u00f3 impulsades pels centres p\u00fablics del municipi en el marc de les reivindicacions de l\u2019escola p\u00fablica.<br \/>\nAquesta decisi\u00f3, amb el suport del Consell Escolar, t\u00e9 com a objectiu afavorir un acord satisfactori amb el Departament&hellip;  <a href=\"https:\/\/agora.xtec.cat\/ceip-elturo-masquefa\/\" title=\"Read \ud83d\udce2 Comunicat de centre\">Llegeix m\u00e9s\u00bb<\/a><\/p>\n","protected":false},"author":1,"featured_media":0,"parent":7,"menu_order":1,"comment_status":"closed","ping_status":"closed","template":"page-templates\/side-menu.php","meta":{"_bbp_topic_count":0,"_bbp_reply_count":0,"_bbp_total_topic_count":0,"_bbp_total_reply_count":0,"_bbp_voice_count":0,"_bbp_anonymous_reply_count":0,"_bbp_topic_count_hidden":0,"_bbp_reply_count_hidden":0,"_bbp_forum_subforum_count":0,"footnotes":""},"class_list":["post-9","page","type-page","status-publish","hentry"],"post_mailing_queue_ids":[],"_links":{"self":[{"href":"https:\/\/agora.xtec.cat\/ceip-elturo-masquefa\/wp-json\/wp\/v2\/pages\/9","targetHints":{"allow":["GET"]}}],"collection":[{"href":"https:\/\/agora.xtec.cat\/ceip-elturo-masquefa\/wp-json\/wp\/v2\/pages"}],"about":[{"href":"https:\/\/agora.xtec.cat\/ceip-elturo-masquefa\/wp-json\/wp\/v2\/types\/page"}],"author":[{"embeddable":true,"href":"https:\/\/agora.xtec.cat\/ceip-elturo-masquefa\/wp-json\/wp\/v2\/users\/1"}],"replies":[{"embeddable":true,"href":"https:\/\/agora.xtec.cat\/ceip-elturo-masquefa\/wp-json\/wp\/v2\/comments?post=9"}],"version-history":[{"count":6,"href":"https:\/\/agora.xtec.cat\/ceip-elturo-masquefa\/wp-json\/wp\/v2\/pages\/9\/revisions"}],"predecessor-version":[{"id":6606,"href":"https:\/\/agora.xtec.cat\/ceip-elturo-masquefa\/wp-json\/wp\/v2\/pages\/9\/revisions\/6606"}],"up":[{"embeddable":true,"href":"https:\/\/agora.xtec.cat\/ceip-elturo-masquefa\/wp-json\/wp\/v2\/pages\/7"}],"wp:attachment":[{"href":"https:\/\/agora.xtec.cat\/ceip-elturo-masquefa\/wp-json\/wp\/v2\/media?parent=9"}],"curies":[{"name":"wp","href":"https:\/\/api.w.org\/{rel}","templated":true}]}}