{"id":6052,"date":"2025-06-19T17:30:47","date_gmt":"2025-06-19T15:30:47","guid":{"rendered":"https:\/\/agora.xtec.cat\/ceip-elturo-masquefa\/?page_id=6052"},"modified":"2026-02-04T11:57:24","modified_gmt":"2026-02-04T10:57:24","slug":"erasmus-intern","status":"publish","type":"page","link":"https:\/\/agora.xtec.cat\/ceip-elturo-masquefa\/lescola\/erasmus-intern\/","title":{"rendered":"El Tur\u00f3, escola acollidora d\u2019estudiants internacionals Erasmus+ (curs 2025-2026)"},"content":{"rendered":"<p data-start=\"333\" data-end=\"503\">Aquest curs <strong data-start=\"345\" data-end=\"358\">2025-2026<\/strong>, l\u2019Escola <strong data-start=\"369\" data-end=\"380\">El Tur\u00f3<\/strong> inicia una nova etapa com a centre acollidor d\u2019estudiants internacionals en pr\u00e0ctiques a trav\u00e9s del programa <strong data-start=\"490\" data-end=\"502\">Erasmus+<\/strong>.<\/p>\n<p data-start=\"505\" data-end=\"698\">Aquesta experi\u00e8ncia representa una gran oportunitat per continuar obrint l\u2019escola al m\u00f3n, enriquir la nostra comunitat educativa i oferir als infants un entorn d\u2019aprenentatge encara m\u00e9s global.<\/p>\n<h4 data-start=\"1217\" data-end=\"1283\">Quin benefici t\u00e9 per a l\u2019escola i els vostres fills i filles?<\/h4>\n<p data-start=\"1285\" data-end=\"1336\">Aquesta experi\u00e8ncia ens aporta m\u00faltiples beneficis:<\/p>\n<ul data-start=\"1338\" data-end=\"2063\">\n<li data-start=\"1338\" data-end=\"1525\">\n<p data-start=\"1340\" data-end=\"1525\"><strong data-start=\"1340\" data-end=\"1353\">\ud83e\uddd1\u200d\ud83c\udfeb A l\u2019aula:<\/strong> els estudiants en pr\u00e0ctiques donaran suport a les mestres, sobretot en <strong data-start=\"1425\" data-end=\"1449\">activitats en angl\u00e8s<\/strong> i en dinamitzaci\u00f3 de grups redu\u00efts, oferint un acompanyament personalitzat.<\/p>\n<\/li>\n<li data-start=\"1526\" data-end=\"1727\">\n<p data-start=\"1528\" data-end=\"1727\"><strong data-start=\"1528\" data-end=\"1558\">\ud83c\udf0d Exposici\u00f3 real a l\u2019angl\u00e8s:<\/strong> els infants tindran oportunitats reals per <strong data-start=\"1602\" data-end=\"1639\">escoltar i comunicar-se en angl\u00e8s<\/strong> amb una persona estrangera, millorant la seva comprensi\u00f3 i confian\u00e7a de manera natural.<\/p>\n<\/li>\n<li data-start=\"1728\" data-end=\"1885\">\n<p data-start=\"1730\" data-end=\"1885\"><strong data-start=\"1730\" data-end=\"1753\">\u2764\ufe0f Educaci\u00f3 en valors:<\/strong> conviure amb persones d\u2019altres pa\u00efsos ens ajuda a treballar <strong data-start=\"1814\" data-end=\"1884\">la interculturalitat, l\u2019empatia, la cooperaci\u00f3 i l\u2019obertura al m\u00f3n<\/strong>.<\/p>\n<\/li>\n<li data-start=\"1886\" data-end=\"2063\">\n<p data-start=\"1888\" data-end=\"2063\"><strong data-start=\"1888\" data-end=\"1906\">\ud83c\udfeb Per al centre:<\/strong> com a escola, fem un pas cap a la <strong data-start=\"1941\" data-end=\"1965\">internacionalitzaci\u00f3<\/strong>, obrint noves oportunitats futures i compartint bones pr\u00e0ctiques educatives amb altres contextos.<\/p>\n<\/li>\n<\/ul>\n<h4 data-start=\"2065\" data-end=\"2098\">Qu\u00e8 estem fent com a escola?<\/h4>\n<p data-start=\"2100\" data-end=\"2228\">Per facilitar l\u2019arribada dels estudiants i la seva integraci\u00f3, l\u2019escola est\u00e0 donant un <strong data-start=\"2195\" data-end=\"2227\">suport actiu i personalitzat<\/strong>:<\/p>\n<ul data-start=\"2230\" data-end=\"2552\">\n<li data-start=\"2230\" data-end=\"2308\">\n<p data-start=\"2232\" data-end=\"2308\">\ud83d\udcbc Assessorament en els <strong data-start=\"2256\" data-end=\"2288\">tr\u00e0mits legals de resid\u00e8ncia<\/strong> per a pr\u00e0ctiques.<\/p>\n<\/li>\n<li data-start=\"2309\" data-end=\"2391\">\n<p data-start=\"2311\" data-end=\"2391\">\ud83d\udcc4 Intercanvi i gesti\u00f3 de <strong data-start=\"2337\" data-end=\"2361\">documentaci\u00f3 oficial<\/strong> amb les seves universitats.<\/p>\n<\/li>\n<li data-start=\"2392\" data-end=\"2471\">\n<p data-start=\"2394\" data-end=\"2471\">\ud83e\udd1d Comunicaci\u00f3 propera amb els aspirants, responent dubtes i orientant-los.<\/p>\n<\/li>\n<li data-start=\"2472\" data-end=\"2552\">\n<p data-start=\"2474\" data-end=\"2552\">\ud83c\udfe1 <strong data-start=\"2477\" data-end=\"2502\">Recerca d\u2019allotjament<\/strong>, amb la col\u00b7laboraci\u00f3 de les fam\u00edlies del centre.<\/p>\n<\/li>\n<\/ul>\n<h4 data-start=\"2525\" data-end=\"2546\">Com pots ajudar?<\/h4>\n<p data-start=\"2548\" data-end=\"2759\">Perqu\u00e8 aquesta experi\u00e8ncia sigui possible i puguem acollir-los com cal, necessitem la col\u00b7laboraci\u00f3 de les fam\u00edlies per trobar <strong data-start=\"2675\" data-end=\"2721\">opcions d\u2019allotjament a Masquefa o rodalia.<\/strong><\/p>\n<p data-start=\"2761\" data-end=\"2793\">Hi ha diverses maneres d\u2019ajudar:<\/p>\n<ul data-start=\"2795\" data-end=\"3319\">\n<li data-start=\"2795\" data-end=\"2877\">\n<p data-start=\"2797\" data-end=\"2877\">\ud83d\udecf\ufe0f <strong data-start=\"2801\" data-end=\"2826\">Llogant una habitaci\u00f3<\/strong> a casa vostra durant el temps que duri l\u2019estada.<\/p>\n<\/li>\n<li data-start=\"2878\" data-end=\"3199\">\n<p data-start=\"2880\" data-end=\"2993\">\ud83d\udc68\u200d\ud83d\udc69\u200d\ud83d\udc67 <strong data-start=\"2889\" data-end=\"2918\">Acollint-los com a aupair<\/strong>, \u00e9s a dir, oferir allotjament a canvi de donar <strong data-start=\"3004\" data-end=\"3034\">classes d\u2019angl\u00e8s informals<\/strong> als nens i nenes de la casa o f<span style=\"font-family: inherit; font-size: 1em;\">er <\/span>de<strong style=\"font-family: inherit; font-size: 1em;\" data-start=\"3074\" data-end=\"3111\"> cangur unes hores a la setmana <span style=\"font-family: inherit; font-size: 1em;\">de manera pactada<\/span><\/strong><span style=\"font-family: inherit; font-size: 1em;\">, parlant en angl\u00e8s,\u00a0<\/span><\/p>\n<\/li>\n<li data-start=\"3200\" data-end=\"3319\">\n<p data-start=\"3202\" data-end=\"3319\">\ud83c\udfd8\ufe0f <strong data-start=\"3206\" data-end=\"3268\">Compartint informaci\u00f3 sobre pisos o habitacions de lloguer<\/strong> a la zona, que podrien compartir entre estudiants.<\/p>\n<\/li>\n<\/ul>\n<p data-start=\"3483\" data-end=\"3644\">\u27a1\ufe0f Si creieu que <strong data-start=\"3500\" data-end=\"3565\">podeu ajudar d\u2019alguna manera o coneixeu alg\u00fa que pugui fer-ho<\/strong>, no dubteu a escriure\u2019ns a:\ud83d\udce9 <a class=\"cursor-pointer\" rel=\"noopener\" data-start=\"3599\" data-end=\"3644\">a8020841@xtec.cat<\/a><\/p>\n<p data-start=\"3483\" data-end=\"3644\">Entre totes i tots podem fer d\u2019aquesta experi\u00e8ncia una gran oportunitat.<\/p>\n<blockquote>\n<p style=\"text-align: center;\"><strong>Una escola que acull, que obre finestres al m\u00f3n i que educa des del cor \u00e9s una escola viva.<\/strong><\/p>\n<\/blockquote>\n<p>Gr\u00e0cies per formar part d\u2019aquesta comunitat tan compromesa i per ajudar-nos a fer cr\u00e9ixer un projecte educatiu que va m\u00e9s enll\u00e0 de les aules. \ud83d\udc99\ud83c\udf0d<\/p>\n<p data-start=\"2076\" data-end=\"2186\" data-is-last-node=\"\" data-is-only-node=\"\">\n","protected":false},"excerpt":{"rendered":"<p>Aquest curs 2025-2026, l\u2019Escola El Tur\u00f3 inicia una nova etapa com a centre acollidor d\u2019estudiants internacionals en pr\u00e0ctiques a trav\u00e9s del programa Erasmus+.<br \/>\nAquesta experi\u00e8ncia representa una gran oportunitat per continuar obrint l\u2019escola al m\u00f3n, enriquir la nostra comunitat educativa i oferir als infants un entorn&hellip;  <a href=\"https:\/\/agora.xtec.cat\/ceip-elturo-masquefa\/lescola\/erasmus-intern\/\" title=\"Read El Tur\u00f3, escola acollidora d\u2019estudiants internacionals Erasmus+ (curs 2025-2026)\">Llegeix m\u00e9s\u00bb<\/a><\/p>\n","protected":false},"author":1,"featured_media":0,"parent":22,"menu_order":0,"comment_status":"closed","ping_status":"closed","template":"page-templates\/side-menu.php","meta":{"_bbp_topic_count":0,"_bbp_reply_count":0,"_bbp_total_topic_count":0,"_bbp_total_reply_count":0,"_bbp_voice_count":0,"_bbp_anonymous_reply_count":0,"_bbp_topic_count_hidden":0,"_bbp_reply_count_hidden":0,"_bbp_forum_subforum_count":0,"footnotes":""},"class_list":["post-6052","page","type-page","status-publish","hentry"],"post_mailing_queue_ids":[],"_links":{"self":[{"href":"https:\/\/agora.xtec.cat\/ceip-elturo-masquefa\/wp-json\/wp\/v2\/pages\/6052","targetHints":{"allow":["GET"]}}],"collection":[{"href":"https:\/\/agora.xtec.cat\/ceip-elturo-masquefa\/wp-json\/wp\/v2\/pages"}],"about":[{"href":"https:\/\/agora.xtec.cat\/ceip-elturo-masquefa\/wp-json\/wp\/v2\/types\/page"}],"author":[{"embeddable":true,"href":"https:\/\/agora.xtec.cat\/ceip-elturo-masquefa\/wp-json\/wp\/v2\/users\/1"}],"replies":[{"embeddable":true,"href":"https:\/\/agora.xtec.cat\/ceip-elturo-masquefa\/wp-json\/wp\/v2\/comments?post=6052"}],"version-history":[{"count":6,"href":"https:\/\/agora.xtec.cat\/ceip-elturo-masquefa\/wp-json\/wp\/v2\/pages\/6052\/revisions"}],"predecessor-version":[{"id":6422,"href":"https:\/\/agora.xtec.cat\/ceip-elturo-masquefa\/wp-json\/wp\/v2\/pages\/6052\/revisions\/6422"}],"up":[{"embeddable":true,"href":"https:\/\/agora.xtec.cat\/ceip-elturo-masquefa\/wp-json\/wp\/v2\/pages\/22"}],"wp:attachment":[{"href":"https:\/\/agora.xtec.cat\/ceip-elturo-masquefa\/wp-json\/wp\/v2\/media?parent=6052"}],"curies":[{"name":"wp","href":"https:\/\/api.w.org\/{rel}","templated":true}]}}