{"id":26,"date":"2014-09-18T12:24:32","date_gmt":"2014-09-18T10:24:32","guid":{"rendered":"http:\/\/agora.xtec.cat\/ceip-elturo-masquefa\/?page_id=26"},"modified":"2024-03-18T14:56:00","modified_gmt":"2024-03-18T13:56:00","slug":"historia","status":"publish","type":"page","link":"https:\/\/agora.xtec.cat\/ceip-elturo-masquefa\/lescola\/historia\/","title":{"rendered":"Hist\u00f2ria"},"content":{"rendered":"<p style=\"text-align: justify;\">L\u2019Escola El Tur\u00f3 \u00e9s un centre amb una llarga traject\u00f2ria, molt arrelat al poble de Masquefa i que actualment (2019) compta amb un equip docent majorit\u00e0riament estable i comprom\u00e8s. Masquefa \u00e9s una localitat del sud de la comarca de l\u2019Anoia que, per la seva proximitat a Barcelona va experimentar un fort creixement que va doblar la seva poblaci\u00f3 en menys d\u2019una d\u00e8cada. La causa de l\u2019augment de la poblaci\u00f3 de Masquefa va ser l\u2019arribada de fam\u00edlies provinents del cintur\u00f3 industrial de Barcelona,<br \/>\narrel de l\u2019oferta de vivendes de nova construcci\u00f3 que hi va haver des de l\u2019any 1997 fins el 2007. Aquell augment d\u2019habitants tamb\u00e9 va comportar un canvi en el perfil sociocultural i ling\u00fc\u00edstic del poble.<br \/>\nEn aquell moment, el Tur\u00f3 era la \u00fanica escola del poble i va anar acollint el nou alumnat fins a arribar a l\u00ednia 3 i 4 en diversos nivells, havent d\u2019integrar m\u00f2duls prefabricats i fer obres d\u2019ampliaci\u00f3 al parvulari.<br \/>\nDurant tota una d\u00e8cada el creixement va ser continuat i va derivar en el desglossament del centre per la creaci\u00f3 de l\u2019escola Font del Roure el curs 2003-04 i l\u2019obertura de l\u2019escola Masquefa II el curs 2009-10. El Tur\u00f3 va recuperar l\u2019estructura<br \/>\nd\u2019una escola de doble l\u00ednia el curs 2010-11. Amb la crisi econ\u00f2mica iniciada el 2007, el creixement de la poblaci\u00f3 es va aturar<br \/>\nsobtadament i va provocar que no s\u2019arrib\u00e9s a construir de forma definitiva l\u2019escola Masquefa II. Finalment, el curs 2017-18 l\u2019alumnat i professorat de Masquefa II va integrar-se al Tur\u00f3.<br \/>\nL\u2019any 2018 s\u2019integra a Masquefa el nucli de La Beguda Alta per\u00f2, aquest fet no comporta cap canvi en el mapa escolar, ja que la Beguda Alta compta amb un centre d\u2019educaci\u00f3 infantil i prim\u00e0ria.<\/p>\n<p style=\"text-align: justify;\">El 2019 Masquefa t\u00e9 9.244 habitants. L\u2019activitat econ\u00f2mica de la meitat de la poblaci\u00f3 \u00e9s en el sector serveis i l\u2019altra meitat es reparteix entre la industria i la construcci\u00f3, amb un percentatge d\u2019atur registrat d\u2019un 8,3% de la poblaci\u00f3 activa.<br \/>\nEl nostre alumnat prov\u00e9 del nucli urb\u00e0 de Masquefa i de la urbanitzaci\u00f3 de Can Parellada, amb servei de transport escolar.<br \/>\nEl perfil socioecon\u00f2mic \u00e9s divers, ja que es correspon amb la diversitat de la poblaci\u00f3.<br \/>\nEl Tur\u00f3 \u00e9s, doncs, l\u2019escola m\u00e9s antiga de Masquefa i aquest fet li d\u00f3na tamb\u00e9 un car\u00e0cter especial que deriva en un sentiment de pertinen\u00e7a, un arrelament a la localitat i una marcada \u201ccultura de centre\u201d que es reflecteix sens dubte en la l\u00ednia d\u2019escola.<\/p>\n","protected":false},"excerpt":{"rendered":"<p>L\u2019Escola El Tur\u00f3 \u00e9s un centre amb una llarga traject\u00f2ria, molt arrelat al poble de Masquefa i que actualment (2019) compta amb un equip docent majorit\u00e0riament estable i comprom\u00e8s. Masquefa \u00e9s una localitat del sud de la comarca de l\u2019Anoia que, per la seva proximitat&hellip;  <a href=\"https:\/\/agora.xtec.cat\/ceip-elturo-masquefa\/lescola\/historia\/\" title=\"Read Hist\u00f2ria\">Llegeix m\u00e9s\u00bb<\/a><\/p>\n","protected":false},"author":1,"featured_media":0,"parent":22,"menu_order":20,"comment_status":"closed","ping_status":"closed","template":"page-templates\/side-menu.php","meta":{"_bbp_topic_count":0,"_bbp_reply_count":0,"_bbp_total_topic_count":0,"_bbp_total_reply_count":0,"_bbp_voice_count":0,"_bbp_anonymous_reply_count":0,"_bbp_topic_count_hidden":0,"_bbp_reply_count_hidden":0,"_bbp_forum_subforum_count":0,"footnotes":""},"class_list":["post-26","page","type-page","status-publish","hentry"],"post_mailing_queue_ids":[],"_links":{"self":[{"href":"https:\/\/agora.xtec.cat\/ceip-elturo-masquefa\/wp-json\/wp\/v2\/pages\/26","targetHints":{"allow":["GET"]}}],"collection":[{"href":"https:\/\/agora.xtec.cat\/ceip-elturo-masquefa\/wp-json\/wp\/v2\/pages"}],"about":[{"href":"https:\/\/agora.xtec.cat\/ceip-elturo-masquefa\/wp-json\/wp\/v2\/types\/page"}],"author":[{"embeddable":true,"href":"https:\/\/agora.xtec.cat\/ceip-elturo-masquefa\/wp-json\/wp\/v2\/users\/1"}],"replies":[{"embeddable":true,"href":"https:\/\/agora.xtec.cat\/ceip-elturo-masquefa\/wp-json\/wp\/v2\/comments?post=26"}],"version-history":[{"count":4,"href":"https:\/\/agora.xtec.cat\/ceip-elturo-masquefa\/wp-json\/wp\/v2\/pages\/26\/revisions"}],"predecessor-version":[{"id":4960,"href":"https:\/\/agora.xtec.cat\/ceip-elturo-masquefa\/wp-json\/wp\/v2\/pages\/26\/revisions\/4960"}],"up":[{"embeddable":true,"href":"https:\/\/agora.xtec.cat\/ceip-elturo-masquefa\/wp-json\/wp\/v2\/pages\/22"}],"wp:attachment":[{"href":"https:\/\/agora.xtec.cat\/ceip-elturo-masquefa\/wp-json\/wp\/v2\/media?parent=26"}],"curies":[{"name":"wp","href":"https:\/\/api.w.org\/{rel}","templated":true}]}}