{"id":8425,"date":"2025-11-04T22:40:04","date_gmt":"2025-11-04T21:40:04","guid":{"rendered":"https:\/\/agora.xtec.cat\/ceip-elsagrer\/?page_id=8425"},"modified":"2025-11-04T22:40:04","modified_gmt":"2025-11-04T21:40:04","slug":"carnestoltes","status":"publish","type":"page","link":"https:\/\/agora.xtec.cat\/ceip-elsagrer\/portada-afa\/altres-activitats-de-lafa\/carnestoltes\/","title":{"rendered":"Carnestoltes"},"content":{"rendered":"\n<p>El Carnestoltes d&#8217;El Sagrer \u00e9s un gran esdeveniment festiu de l&#8217;escola, amb una gran projecci\u00f3 exterior. Aquest dia l&#8217;escola sencera es disfressa. Amb un gran esfor\u00e7 per part de l&#8217;AFA i dels mestres, es pret\u00e9n oferir als nens una diada plena de somnis i sorpreses, i fer participar i gaudir als pares de l&#8217;escola i a la gent del barri que tamb\u00e9 hi \u00e9s convidada.<\/p>\n\n\n\n<p>Al mat\u00ed es forma la Rua, que fa una recorregut pels carrers del barri acompanyats per altres escoles i llars d&#8217;infants. Al vespre, els pares i mares de sis\u00e8 organitzen una festa de disfresses per als grans, on primer es fa un sopar i posteriorment t\u00e9 lloc l&#8217;actuaci\u00f3 de les comparses de cadascun dels cursos de l&#8217;escola que intenten sorprendre amb l&#8217;enginy de les seves representacions.<\/p>\n\n\n\n<figure class=\"wp-block-image aligncenter\"><img loading=\"lazy\" decoding=\"async\" width=\"225\" height=\"300\" src=\"https:\/\/agora.xtec.cat\/ceip-elsagrer\/wp-content\/uploads\/usu2270\/2025\/07\/Carnestoltes-225x300.png\" alt=\"\" class=\"wp-image-8082\" srcset=\"https:\/\/agora.xtec.cat\/ceip-elsagrer\/wp-content\/uploads\/usu2270\/2025\/07\/Carnestoltes-225x300.png 225w, https:\/\/agora.xtec.cat\/ceip-elsagrer\/wp-content\/uploads\/usu2270\/2025\/07\/Carnestoltes.png 750w\" sizes=\"auto, (max-width: 225px) 100vw, 225px\" \/><\/figure>\n\n\n\n<p>\u00c9s una gran festa que aplega al voltant de 700 persones.<\/p>\n\n\n\n<p>Noticies a la premsa:<\/p>\n\n\n\n<ul class=\"wp-block-list\">\n<li><a href=\"https:\/\/beteve.cat\/btv-noticies-73\/lescola-el-sagrer-es-converteix-en-el-vell-oest-america\/\" target=\"_blank\" rel=\"noreferrer noopener\">Carnestoltes 2017\u00a0<\/a><\/li>\n\n\n\n<li><a href=\"https:\/\/beteve.cat\/cultura\/escola-sagrer-transporta-italia-carnestoltes-2024\/\" target=\"_blank\" rel=\"noreferrer noopener\">Carnestoltes 2024\u00a0<\/a><\/li>\n<\/ul>\n","protected":false},"excerpt":{"rendered":"<p>El Carnestoltes d&#8217;El Sagrer \u00e9s un gran esdeveniment festiu de l&#8217;escola, amb una gran projecci\u00f3 exterior. Aquest dia l&#8217;escola sencera es disfressa. Amb un gran esfor\u00e7 per part de l&#8217;AFA i dels mestres, es pret\u00e9n oferir als nens una diada plena de somnis i sorpreses, i fer participar i gaudir als pares de l&#8217;escola i [&hellip;]<\/p>\n","protected":false},"author":17,"featured_media":0,"parent":7725,"menu_order":3,"comment_status":"closed","ping_status":"close","template":"","meta":{"_bbp_topic_count":0,"_bbp_reply_count":0,"_bbp_total_topic_count":0,"_bbp_total_reply_count":0,"_bbp_voice_count":0,"_bbp_anonymous_reply_count":0,"_bbp_topic_count_hidden":0,"_bbp_reply_count_hidden":0,"_bbp_forum_subforum_count":0,"site-sidebar-layout":"default","site-content-layout":"","ast-site-content-layout":"default","site-content-style":"default","site-sidebar-style":"default","ast-global-header-display":"","ast-banner-title-visibility":"","ast-main-header-display":"","ast-hfb-above-header-display":"","ast-hfb-below-header-display":"","ast-hfb-mobile-header-display":"","site-post-title":"","ast-breadcrumbs-content":"","ast-featured-img":"","footer-sml-layout":"","theme-transparent-header-meta":"","adv-header-id-meta":"","stick-header-meta":"","header-above-stick-meta":"","header-main-stick-meta":"","header-below-stick-meta":"","astra-migrate-meta-layouts":"set","ast-page-background-enabled":"default","ast-page-background-meta":{"desktop":{"background-color":"var(--ast-global-color-4)","background-image":"","background-repeat":"repeat","background-position":"center center","background-size":"auto","background-attachment":"scroll","background-type":"","background-media":"","overlay-type":"","overlay-color":"","overlay-opacity":"","overlay-gradient":""},"tablet":{"background-color":"","background-image":"","background-repeat":"repeat","background-position":"center center","background-size":"auto","background-attachment":"scroll","background-type":"","background-media":"","overlay-type":"","overlay-color":"","overlay-opacity":"","overlay-gradient":""},"mobile":{"background-color":"","background-image":"","background-repeat":"repeat","background-position":"center center","background-size":"auto","background-attachment":"scroll","background-type":"","background-media":"","overlay-type":"","overlay-color":"","overlay-opacity":"","overlay-gradient":""}},"ast-content-background-meta":{"desktop":{"background-color":"var(--ast-global-color-5)","background-image":"","background-repeat":"repeat","background-position":"center center","background-size":"auto","background-attachment":"scroll","background-type":"","background-media":"","overlay-type":"","overlay-color":"","overlay-opacity":"","overlay-gradient":""},"tablet":{"background-color":"var(--ast-global-color-5)","background-image":"","background-repeat":"repeat","background-position":"center center","background-size":"auto","background-attachment":"scroll","background-type":"","background-media":"","overlay-type":"","overlay-color":"","overlay-opacity":"","overlay-gradient":""},"mobile":{"background-color":"var(--ast-global-color-5)","background-image":"","background-repeat":"repeat","background-position":"center center","background-size":"auto","background-attachment":"scroll","background-type":"","background-media":"","overlay-type":"","overlay-color":"","overlay-opacity":"","overlay-gradient":""}},"footnotes":""},"class_list":["post-8425","page","type-page","status-publish","hentry"],"post_mailing_queue_ids":[],"_links":{"self":[{"href":"https:\/\/agora.xtec.cat\/ceip-elsagrer\/wp-json\/wp\/v2\/pages\/8425","targetHints":{"allow":["GET"]}}],"collection":[{"href":"https:\/\/agora.xtec.cat\/ceip-elsagrer\/wp-json\/wp\/v2\/pages"}],"about":[{"href":"https:\/\/agora.xtec.cat\/ceip-elsagrer\/wp-json\/wp\/v2\/types\/page"}],"author":[{"embeddable":true,"href":"https:\/\/agora.xtec.cat\/ceip-elsagrer\/wp-json\/wp\/v2\/users\/17"}],"replies":[{"embeddable":true,"href":"https:\/\/agora.xtec.cat\/ceip-elsagrer\/wp-json\/wp\/v2\/comments?post=8425"}],"version-history":[{"count":1,"href":"https:\/\/agora.xtec.cat\/ceip-elsagrer\/wp-json\/wp\/v2\/pages\/8425\/revisions"}],"predecessor-version":[{"id":8426,"href":"https:\/\/agora.xtec.cat\/ceip-elsagrer\/wp-json\/wp\/v2\/pages\/8425\/revisions\/8426"}],"up":[{"embeddable":true,"href":"https:\/\/agora.xtec.cat\/ceip-elsagrer\/wp-json\/wp\/v2\/pages\/7725"}],"wp:attachment":[{"href":"https:\/\/agora.xtec.cat\/ceip-elsagrer\/wp-json\/wp\/v2\/media?parent=8425"}],"curies":[{"name":"wp","href":"https:\/\/api.w.org\/{rel}","templated":true}]}}