{"id":8252,"date":"2025-10-08T22:10:49","date_gmt":"2025-10-08T20:10:49","guid":{"rendered":"https:\/\/agora.xtec.cat\/ceip-elsagrer\/?page_id=8252"},"modified":"2025-12-10T23:52:31","modified_gmt":"2025-12-10T22:52:31","slug":"portada-afa","status":"publish","type":"page","link":"https:\/\/agora.xtec.cat\/ceip-elsagrer\/portada-afa\/","title":{"rendered":"AFA El Sagrer"},"content":{"rendered":"\n<p><\/p>\n\n\n\n<figure class=\"wp-block-image size-full\"><a href=\"https:\/\/agora.xtec.cat\/ceip-elsagrer\/wp-content\/uploads\/usu2270\/2025\/10\/MIGDIA-2-1024x356-1.jpg\"><img loading=\"lazy\" decoding=\"async\" width=\"1024\" height=\"356\" src=\"https:\/\/agora.xtec.cat\/ceip-elsagrer\/wp-content\/uploads\/usu2270\/2025\/10\/MIGDIA-2-1024x356-1.jpg\" alt=\"\" class=\"wp-image-8272\" srcset=\"https:\/\/agora.xtec.cat\/ceip-elsagrer\/wp-content\/uploads\/usu2270\/2025\/10\/MIGDIA-2-1024x356-1.jpg 1024w, https:\/\/agora.xtec.cat\/ceip-elsagrer\/wp-content\/uploads\/usu2270\/2025\/10\/MIGDIA-2-1024x356-1-300x104.jpg 300w, https:\/\/agora.xtec.cat\/ceip-elsagrer\/wp-content\/uploads\/usu2270\/2025\/10\/MIGDIA-2-1024x356-1-768x267.jpg 768w\" sizes=\"auto, (max-width: 1024px) 100vw, 1024px\" \/><\/a><\/figure>\n\n\n<ul class=\"wp-block-page-list has-medium-font-size\"><li class=\"wp-block-pages-list__item has-child\"><a class=\"wp-block-pages-list__item__link\" href=\"https:\/\/agora.xtec.cat\/ceip-elsagrer\/portada-afa\/lassociacio\/\">L&#8217;Associaci\u00f3 de Fam\u00edlies d&#8217;Alumnes<\/a><ul class=\"wp-block-navigation__submenu-container\"><li class=\"wp-block-pages-list__item \"><a class=\"wp-block-pages-list__item__link\" href=\"https:\/\/agora.xtec.cat\/ceip-elsagrer\/portada-afa\/lassociacio\/lassemblea-de-socies-i-socis\/\">L&#8217;Assemblea de s\u00f2cies i socis<\/a><\/li><li class=\"wp-block-pages-list__item \"><a class=\"wp-block-pages-list__item__link\" href=\"https:\/\/agora.xtec.cat\/ceip-elsagrer\/portada-afa\/lassociacio\/la-junta\/\">La Junta<\/a><\/li><li class=\"wp-block-pages-list__item \"><a class=\"wp-block-pages-list__item__link\" href=\"https:\/\/agora.xtec.cat\/ceip-elsagrer\/portada-afa\/lassociacio\/estatuts\/\">Estatuts<\/a><\/li><li class=\"wp-block-pages-list__item \"><a class=\"wp-block-pages-list__item__link\" href=\"https:\/\/agora.xtec.cat\/ceip-elsagrer\/portada-afa\/lassociacio\/una-mica-dhistoria\/\">Una mica d&#8217;hist\u00f2ria<\/a><\/li><li class=\"wp-block-pages-list__item \"><a class=\"wp-block-pages-list__item__link\" href=\"https:\/\/agora.xtec.cat\/ceip-elsagrer\/portada-afa\/lassociacio\/un-projecte-compartit\/\">Un projecte compartit<\/a><\/li><li class=\"wp-block-pages-list__item \"><a class=\"wp-block-pages-list__item__link\" href=\"https:\/\/agora.xtec.cat\/ceip-elsagrer\/portada-afa\/lassociacio\/quotes-de-lafa\/\">Quotes de l&#8217;AFA<\/a><\/li><li class=\"wp-block-pages-list__item \"><a class=\"wp-block-pages-list__item__link\" href=\"https:\/\/agora.xtec.cat\/ceip-elsagrer\/portada-afa\/lassociacio\/adreces-electroniques-dinteres\/\">Adreces electr\u00f2niques d\u2019inter\u00e8s<\/a><\/li><\/ul><\/li><li class=\"wp-block-pages-list__item has-child\"><a class=\"wp-block-pages-list__item__link\" href=\"https:\/\/agora.xtec.cat\/ceip-elsagrer\/portada-afa\/comissio-servei-mati-i-tarda\/\">Comissi\u00f3 Servei Mat\u00ed i Tarda<\/a><ul class=\"wp-block-navigation__submenu-container\"><li class=\"wp-block-pages-list__item \"><a class=\"wp-block-pages-list__item__link\" href=\"https:\/\/agora.xtec.cat\/ceip-elsagrer\/portada-afa\/comissio-servei-mati-i-tarda\/objectius-i-organitzacio-servei-mati\/\">Servei Mat\u00ed<\/a><\/li><li class=\"wp-block-pages-list__item \"><a class=\"wp-block-pages-list__item__link\" href=\"https:\/\/agora.xtec.cat\/ceip-elsagrer\/portada-afa\/comissio-servei-mati-i-tarda\/contactes-servei-mati\/\">Contactes Servei Mat\u00ed<\/a><\/li><li class=\"wp-block-pages-list__item \"><a class=\"wp-block-pages-list__item__link\" href=\"https:\/\/agora.xtec.cat\/ceip-elsagrer\/portada-afa\/comissio-servei-mati-i-tarda\/servei-tarda\/\">Servei Tarda<\/a><\/li><li class=\"wp-block-pages-list__item \"><a class=\"wp-block-pages-list__item__link\" href=\"https:\/\/agora.xtec.cat\/ceip-elsagrer\/portada-afa\/comissio-servei-mati-i-tarda\/contactes-servei-tarda\/\">Contactes Servei Tarda<\/a><\/li><\/ul><\/li><li class=\"wp-block-pages-list__item has-child\"><a class=\"wp-block-pages-list__item__link\" href=\"https:\/\/agora.xtec.cat\/ceip-elsagrer\/portada-afa\/comissio-espai-migdia\/\">Comissi\u00f3 Espai Migdia<\/a><ul class=\"wp-block-navigation__submenu-container\"><li class=\"wp-block-pages-list__item \"><a class=\"wp-block-pages-list__item__link\" href=\"https:\/\/agora.xtec.cat\/ceip-elsagrer\/portada-afa\/comissio-espai-migdia\/objectius-i-organitzacio-espai-migdia\/\">Objectius i organitzaci\u00f3 Espai Migdia<\/a><\/li><li class=\"wp-block-pages-list__item \"><a class=\"wp-block-pages-list__item__link\" href=\"https:\/\/agora.xtec.cat\/ceip-elsagrer\/portada-afa\/comissio-espai-migdia\/qui-som\/\">Qui som?<\/a><\/li><li class=\"wp-block-pages-list__item \"><a class=\"wp-block-pages-list__item__link\" href=\"https:\/\/agora.xtec.cat\/ceip-elsagrer\/portada-afa\/comissio-espai-migdia\/contactes-espai-migdia\/\">Contactes Espai Migdia<\/a><\/li><li class=\"wp-block-pages-list__item \"><a class=\"wp-block-pages-list__item__link\" href=\"https:\/\/agora.xtec.cat\/ceip-elsagrer\/portada-afa\/comissio-espai-migdia\/menu-del-mes\/\">Men\u00fa del mes<\/a><\/li><li class=\"wp-block-pages-list__item \"><a class=\"wp-block-pages-list__item__link\" href=\"https:\/\/agora.xtec.cat\/ceip-elsagrer\/portada-afa\/comissio-espai-migdia\/subscriures-al-google-calendar-menus\/\">Subscriure&#8217;s al Google Calendar &#8211; Men\u00fas<\/a><\/li><\/ul><\/li><li class=\"wp-block-pages-list__item has-child\"><a class=\"wp-block-pages-list__item__link\" href=\"https:\/\/agora.xtec.cat\/ceip-elsagrer\/portada-afa\/comissio-dextraescolars\/\">Comissi\u00f3 d&#8217;Extraescolars<\/a><ul class=\"wp-block-navigation__submenu-container\"><li class=\"wp-block-pages-list__item \"><a class=\"wp-block-pages-list__item__link\" href=\"https:\/\/agora.xtec.cat\/ceip-elsagrer\/portada-afa\/comissio-dextraescolars\/objectius-i-organitzacio-de-les-extraescolars\/\">Objectius i organitzaci\u00f3 de les extraescolars<\/a><\/li><li class=\"wp-block-pages-list__item \"><a class=\"wp-block-pages-list__item__link\" href=\"https:\/\/agora.xtec.cat\/ceip-elsagrer\/portada-afa\/comissio-dextraescolars\/activitats-infants\/\">Activitats infants<\/a><\/li><li class=\"wp-block-pages-list__item \"><a class=\"wp-block-pages-list__item__link\" href=\"https:\/\/agora.xtec.cat\/ceip-elsagrer\/portada-afa\/comissio-dextraescolars\/activitats-de-socis\/\">Activitats de socis<\/a><\/li><\/ul><\/li><li class=\"wp-block-pages-list__item\"><a class=\"wp-block-pages-list__item__link\" href=\"https:\/\/agora.xtec.cat\/ceip-elsagrer\/portada-afa\/comissio-de-relacions-externes\/\">Comissi\u00f3 de Relacions Externes<\/a><\/li><li class=\"wp-block-pages-list__item has-child\"><a class=\"wp-block-pages-list__item__link\" href=\"https:\/\/agora.xtec.cat\/ceip-elsagrer\/portada-afa\/comissio-de-casals-destiu\/\">Comissi\u00f3 de Casals d&#8217;Estiu<\/a><ul class=\"wp-block-navigation__submenu-container\"><li class=\"wp-block-pages-list__item \"><a class=\"wp-block-pages-list__item__link\" href=\"https:\/\/agora.xtec.cat\/ceip-elsagrer\/portada-afa\/comissio-de-casals-destiu\/objectius-i-organitzacio-dels-casals\/\">Objectius i organitzaci\u00f3 dels casals<\/a><\/li><li class=\"wp-block-pages-list__item \"><a class=\"wp-block-pages-list__item__link\" href=\"https:\/\/agora.xtec.cat\/ceip-elsagrer\/portada-afa\/comissio-de-casals-destiu\/que-fem-als-casals\/\">Qu\u00e8 fem als casals?<\/a><\/li><\/ul><\/li><li class=\"wp-block-pages-list__item has-child\"><a class=\"wp-block-pages-list__item__link\" href=\"https:\/\/agora.xtec.cat\/ceip-elsagrer\/portada-afa\/comissio-de-festes\/\">Comissi\u00f3 de Festes<\/a><ul class=\"wp-block-navigation__submenu-container\"><li class=\"wp-block-pages-list__item \"><a class=\"wp-block-pages-list__item__link\" href=\"https:\/\/agora.xtec.cat\/ceip-elsagrer\/portada-afa\/comissio-de-festes\/objectius-i-organitzacio-c-festes\/\">Objectius i organitzaci\u00f3 c. festes<\/a><\/li><li class=\"wp-block-pages-list__item \"><a class=\"wp-block-pages-list__item__link\" href=\"https:\/\/agora.xtec.cat\/ceip-elsagrer\/portada-afa\/comissio-de-festes\/totes-les-festes\/\">Totes les festes<\/a><\/li><\/ul><\/li><li class=\"wp-block-pages-list__item\"><a class=\"wp-block-pages-list__item__link\" href=\"https:\/\/agora.xtec.cat\/ceip-elsagrer\/portada-afa\/comissio-de-comunicacio-digital\/\">Comissi\u00f3 de Comunicaci\u00f3 Digital<\/a><\/li><li class=\"wp-block-pages-list__item\"><a class=\"wp-block-pages-list__item__link\" href=\"https:\/\/agora.xtec.cat\/ceip-elsagrer\/portada-afa\/comissio-dintercanvi-de-llibres\/\">Comissi\u00f3 d&#8217;intercanvi de llibres<\/a><\/li><li class=\"wp-block-pages-list__item\"><a class=\"wp-block-pages-list__item__link\" href=\"https:\/\/agora.xtec.cat\/ceip-elsagrer\/portada-afa\/comissio-de-families-i-inclusio\/\">Comissi\u00f3 de fam\u00edlies i inclusi\u00f3<\/a><\/li><li class=\"wp-block-pages-list__item has-child\"><a class=\"wp-block-pages-list__item__link\" href=\"https:\/\/agora.xtec.cat\/ceip-elsagrer\/portada-afa\/altres-activitats-de-lafa\/\">Altres activitats de l&#8217;AFA<\/a><ul class=\"wp-block-navigation__submenu-container\"><li class=\"wp-block-pages-list__item \"><a class=\"wp-block-pages-list__item__link\" href=\"https:\/\/agora.xtec.cat\/ceip-elsagrer\/portada-afa\/altres-activitats-de-lafa\/qui-som-2\/\">Els &#8220;fumets&#8221;<\/a><\/li><li class=\"wp-block-pages-list__item \"><a class=\"wp-block-pages-list__item__link\" href=\"https:\/\/agora.xtec.cat\/ceip-elsagrer\/portada-afa\/altres-activitats-de-lafa\/qui-som-la-coral\/\">La coral<\/a><\/li><li class=\"wp-block-pages-list__item \"><a class=\"wp-block-pages-list__item__link\" href=\"https:\/\/agora.xtec.cat\/ceip-elsagrer\/portada-afa\/altres-activitats-de-lafa\/carnestoltes\/\">Carnestoltes<\/a><\/li><\/ul><\/li><li class=\"wp-block-pages-list__item\"><a class=\"wp-block-pages-list__item__link\" href=\"https:\/\/agora.xtec.cat\/ceip-elsagrer\/portada-afa\/calendari-afa\/\">Calendari AFA<\/a><\/li><\/ul>\n\n\n        <div class=\"wp-block-getwid-post-slider custom-post-type-post has-arrows-inside has-dots-inside\">\n            <div data-slider-option=\"{&quot;getwid_fade_effect&quot;:&quot;slide&quot;,&quot;getwid_autoplay&quot;:false,&quot;getwid_pause_on_hover&quot;:false,&quot;getwid_autoplay_speed&quot;:6000,&quot;getwid_infinite&quot;:true,&quot;getwid_animation_speed&quot;:800,&quot;getwid_arrows&quot;:&quot;inside&quot;,&quot;getwid_dots&quot;:&quot;inside&quot;}\" class=\"wp-block-getwid-post-slider__content\">\n                \t\t\t\t\t\t\t<div class=\"wp-block-getwid-post-slider__slide\" style=\"\">\n\t\t\t\t\t\t\t\t\n<div class=\"wp-block-getwid-post-slider__post \">\n            <div class=\"wp-block-getwid-post-slider__post-thumbnail\">\n            <img loading=\"lazy\" decoding=\"async\" width=\"500\" height=\"220\" src=\"https:\/\/agora.xtec.cat\/ceip-elsagrer\/wp-content\/uploads\/usu2270\/2025\/01\/menu-1.jpg\" class=\"attachment-post-thumbnail size-post-thumbnail wp-post-image\" alt=\"\" srcset=\"https:\/\/agora.xtec.cat\/ceip-elsagrer\/wp-content\/uploads\/usu2270\/2025\/01\/menu-1.jpg 500w, https:\/\/agora.xtec.cat\/ceip-elsagrer\/wp-content\/uploads\/usu2270\/2025\/01\/menu-1-300x132.jpg 300w\" sizes=\"auto, (max-width: 500px) 100vw, 500px\" \/>        <\/div>\n        <div class=\"wp-block-getwid-post-slider__post-overlay \"><\/div>\n    <div class=\"wp-block-getwid-post-slider__post-content-wrapper\">\n        <h3 class=\"wp-block-getwid-post-slider__post-title\"><a href=\"https:\/\/agora.xtec.cat\/ceip-elsagrer\/general\/menu-3r-trimestre-25-26\/\">Menu 3r trimestre  25-26<\/a><\/h3>        <div class=\"wp-block-getwid-post-slider__post-excerpt\"><p>Benvolgudes fam\u00edlies, Aqu\u00ed trobareu el men\u00fa corresponent al tercer trimestre * De manera temporal el l\u00e0ctic especificat al men\u00fa no es pot realitzar. Esperem que un cop solucionat un problema t\u00e8cnic podrem tornar a servir iogurt un cop a la setmana com est\u00e0 previst al men\u00fa. Disculpeu les mol\u00e8sties<\/p>\n<\/div>\n    <\/div>\n<\/div>\n\t\t\t\t\t\t\t<\/div>\n\t\t\t\t\t\t\t\t\t\t\t\t\t<div class=\"wp-block-getwid-post-slider__slide\" style=\"\">\n\t\t\t\t\t\t\t\t\n<div class=\"wp-block-getwid-post-slider__post \">\n            <div class=\"wp-block-getwid-post-slider__post-thumbnail\">\n            <img loading=\"lazy\" decoding=\"async\" width=\"2560\" height=\"1928\" src=\"https:\/\/agora.xtec.cat\/ceip-elsagrer\/wp-content\/uploads\/usu2270\/2026\/04\/IMG_20260424_160042-scaled.jpg\" class=\"attachment-post-thumbnail size-post-thumbnail wp-post-image\" alt=\"\" srcset=\"https:\/\/agora.xtec.cat\/ceip-elsagrer\/wp-content\/uploads\/usu2270\/2026\/04\/IMG_20260424_160042-scaled.jpg 2560w, https:\/\/agora.xtec.cat\/ceip-elsagrer\/wp-content\/uploads\/usu2270\/2026\/04\/IMG_20260424_160042-300x226.jpg 300w, https:\/\/agora.xtec.cat\/ceip-elsagrer\/wp-content\/uploads\/usu2270\/2026\/04\/IMG_20260424_160042-1024x771.jpg 1024w, https:\/\/agora.xtec.cat\/ceip-elsagrer\/wp-content\/uploads\/usu2270\/2026\/04\/IMG_20260424_160042-768x578.jpg 768w, https:\/\/agora.xtec.cat\/ceip-elsagrer\/wp-content\/uploads\/usu2270\/2026\/04\/IMG_20260424_160042-1536x1157.jpg 1536w, https:\/\/agora.xtec.cat\/ceip-elsagrer\/wp-content\/uploads\/usu2270\/2026\/04\/IMG_20260424_160042-2048x1542.jpg 2048w\" sizes=\"auto, (max-width: 2560px) 100vw, 2560px\" \/>        <\/div>\n        <div class=\"wp-block-getwid-post-slider__post-overlay \"><\/div>\n    <div class=\"wp-block-getwid-post-slider__post-content-wrapper\">\n        <h3 class=\"wp-block-getwid-post-slider__post-title\"><a href=\"https:\/\/agora.xtec.cat\/ceip-elsagrer\/general\/concert-cantata-de-la-coral\/\">Concert Cantata de la Coral<\/a><\/h3>        <div class=\"wp-block-getwid-post-slider__post-excerpt\"><p>Aquest passat divendres, emmarcat dins la setmana cultural de l&#8217;escola, la Coral d&#8217;El Sagrer va oferir un Concert Cantata als infants de 1r, 2n, 3r i 4t. Partint del t\u00edtol Roda el m\u00f3n i torna al Born i amb un text de l&#8217;Alba Romany\u00e0, la Maribel Cequier va fer de narradora per anar filant les [&hellip;]<\/p>\n<\/div>\n    <\/div>\n<\/div>\n\t\t\t\t\t\t\t<\/div>\n\t\t\t\t\t\t\t\t\t\t\t\t\t<div class=\"wp-block-getwid-post-slider__slide\" style=\"\">\n\t\t\t\t\t\t\t\t\n<div class=\"wp-block-getwid-post-slider__post \">\n        <div class=\"wp-block-getwid-post-slider__post-overlay \"><\/div>\n    <div class=\"wp-block-getwid-post-slider__post-content-wrapper\">\n        <h3 class=\"wp-block-getwid-post-slider__post-title\"><a href=\"https:\/\/agora.xtec.cat\/ceip-elsagrer\/general\/casals-2026\/\">Casals 2026<\/a><\/h3>        <div class=\"wp-block-getwid-post-slider__post-excerpt\"><p>Casal 2026: Aquest estiu \u00e9s una oportunitat \u00fanica per als infants de viure una experi\u00e8ncia enriquidora i plena d\u2019emocions als Casals d\u2019estiu de l\u2019Escola El Sagrer. Aquest any, les inscripcions s&#8217;obrenel dia 20 d&#8217;abril a les 9 h i finalitzen el dia 3 de maig a les 21 h. Als Casals d\u2019estiu de l\u2019Escola El [&hellip;]<\/p>\n<\/div>\n    <\/div>\n<\/div>\n\t\t\t\t\t\t\t<\/div>\n\t\t\t\t\t\t\t\t\t\t\t\t\t<div class=\"wp-block-getwid-post-slider__slide\" style=\"\">\n\t\t\t\t\t\t\t\t\n<div class=\"wp-block-getwid-post-slider__post \">\n            <div class=\"wp-block-getwid-post-slider__post-thumbnail\">\n            <img loading=\"lazy\" decoding=\"async\" width=\"676\" height=\"178\" src=\"https:\/\/agora.xtec.cat\/ceip-elsagrer\/wp-content\/uploads\/usu2270\/2026\/04\/Torneig2026.jpg\" class=\"attachment-post-thumbnail size-post-thumbnail wp-post-image\" alt=\"\" srcset=\"https:\/\/agora.xtec.cat\/ceip-elsagrer\/wp-content\/uploads\/usu2270\/2026\/04\/Torneig2026.jpg 676w, https:\/\/agora.xtec.cat\/ceip-elsagrer\/wp-content\/uploads\/usu2270\/2026\/04\/Torneig2026-300x79.jpg 300w\" sizes=\"auto, (max-width: 676px) 100vw, 676px\" \/>        <\/div>\n        <div class=\"wp-block-getwid-post-slider__post-overlay \"><\/div>\n    <div class=\"wp-block-getwid-post-slider__post-content-wrapper\">\n        <h3 class=\"wp-block-getwid-post-slider__post-title\"><a href=\"https:\/\/agora.xtec.cat\/ceip-elsagrer\/general\/torneig-mixt-de-futbol-el-sagrer-2026\/\">Torneig mixt de f\u00fatbol El Sagrer 2026<\/a><\/h3>        <div class=\"wp-block-getwid-post-slider__post-excerpt\"><p>Benvolgudes fam\u00edlies, Ens plau anunciar-vos que aquest any torna el VI Torneig Mixt de Futbol El Sagrer. \u26bd\ud83e\udd73 \ud83d\udcc6 Quan? El dissabte 9 de maig, entre les 9h i les 19h (aprox).\ud83e\udd37\ud83c\udffb\u200d\u2640 Qui pot participar? Fam\u00edlies, monitors i mestres majors de 18 anys.\ud83e\udd37\ud83c\udffb\u200d\u2642 Qu\u00e8 haig de fer per participar? Inscriure&#8217;s a trav\u00e9s del formulari abans [&hellip;]<\/p>\n<\/div>\n    <\/div>\n<\/div>\n\t\t\t\t\t\t\t<\/div>\n\t\t\t\t\t\t\t\t\t\t\t\t\t<div class=\"wp-block-getwid-post-slider__slide\" style=\"\">\n\t\t\t\t\t\t\t\t\n<div class=\"wp-block-getwid-post-slider__post \">\n            <div class=\"wp-block-getwid-post-slider__post-thumbnail\">\n            <img loading=\"lazy\" decoding=\"async\" width=\"1536\" height=\"1024\" src=\"https:\/\/agora.xtec.cat\/ceip-elsagrer\/wp-content\/uploads\/usu2270\/2026\/04\/Extraescolarkids.png\" class=\"attachment-post-thumbnail size-post-thumbnail wp-post-image\" alt=\"\" srcset=\"https:\/\/agora.xtec.cat\/ceip-elsagrer\/wp-content\/uploads\/usu2270\/2026\/04\/Extraescolarkids.png 1536w, https:\/\/agora.xtec.cat\/ceip-elsagrer\/wp-content\/uploads\/usu2270\/2026\/04\/Extraescolarkids-300x200.png 300w, https:\/\/agora.xtec.cat\/ceip-elsagrer\/wp-content\/uploads\/usu2270\/2026\/04\/Extraescolarkids-1024x683.png 1024w, https:\/\/agora.xtec.cat\/ceip-elsagrer\/wp-content\/uploads\/usu2270\/2026\/04\/Extraescolarkids-768x512.png 768w\" sizes=\"auto, (max-width: 1536px) 100vw, 1536px\" \/>        <\/div>\n        <div class=\"wp-block-getwid-post-slider__post-overlay \"><\/div>\n    <div class=\"wp-block-getwid-post-slider__post-content-wrapper\">\n        <h3 class=\"wp-block-getwid-post-slider__post-title\"><a href=\"https:\/\/agora.xtec.cat\/ceip-elsagrer\/general\/portes-obertes-extraescolars-2025-26\/\">Portes obertes extraescolars  2025-26<\/a><\/h3>        <div class=\"wp-block-getwid-post-slider__post-excerpt\"><p>Hola, fam\u00edlies! Durant el mes d&#8217;abril obrim les portes de les activitats extraescolars perqu\u00e8 les fam\u00edlies pugueu veure en directe com es desenvolupen. \u00c9s una oportunitat per con\u00e8ixer els espais, l\u2019equip i el que fan els infants en cada activitat. Qu\u00e8 \u00e9s el calendari de Portes Obertes?&nbsp; Us indiquem quins dies podreu venir a veure [&hellip;]<\/p>\n<\/div>\n    <\/div>\n<\/div>\n\t\t\t\t\t\t\t<\/div>\n\t\t\t\t\t\t            <\/div>\n        <\/div>\n        \n\n\n<h2 class=\"wp-block-heading\" id=\"g7e1518f04a8a\"><\/h2>\n","protected":false},"excerpt":{"rendered":"","protected":false},"author":17,"featured_media":0,"parent":0,"menu_order":0,"comment_status":"closed","ping_status":"close","template":"","meta":{"_bbp_topic_count":0,"_bbp_reply_count":0,"_bbp_total_topic_count":0,"_bbp_total_reply_count":0,"_bbp_voice_count":0,"_bbp_anonymous_reply_count":0,"_bbp_topic_count_hidden":0,"_bbp_reply_count_hidden":0,"_bbp_forum_subforum_count":0,"site-sidebar-layout":"default","site-content-layout":"","ast-site-content-layout":"default","site-content-style":"default","site-sidebar-style":"default","ast-global-header-display":"","ast-banner-title-visibility":"","ast-main-header-display":"","ast-hfb-above-header-display":"","ast-hfb-below-header-display":"","ast-hfb-mobile-header-display":"","site-post-title":"","ast-breadcrumbs-content":"","ast-featured-img":"","footer-sml-layout":"","theme-transparent-header-meta":"","adv-header-id-meta":"","stick-header-meta":"","header-above-stick-meta":"","header-main-stick-meta":"","header-below-stick-meta":"","astra-migrate-meta-layouts":"set","ast-page-background-enabled":"default","ast-page-background-meta":{"desktop":{"background-color":"var(--ast-global-color-4)","background-image":"","background-repeat":"repeat","background-position":"center center","background-size":"auto","background-attachment":"scroll","background-type":"","background-media":"","overlay-type":"","overlay-color":"","overlay-opacity":"","overlay-gradient":""},"tablet":{"background-color":"","background-image":"","background-repeat":"repeat","background-position":"center center","background-size":"auto","background-attachment":"scroll","background-type":"","background-media":"","overlay-type":"","overlay-color":"","overlay-opacity":"","overlay-gradient":""},"mobile":{"background-color":"","background-image":"","background-repeat":"repeat","background-position":"center center","background-size":"auto","background-attachment":"scroll","background-type":"","background-media":"","overlay-type":"","overlay-color":"","overlay-opacity":"","overlay-gradient":""}},"ast-content-background-meta":{"desktop":{"background-color":"var(--ast-global-color-5)","background-image":"","background-repeat":"repeat","background-position":"center center","background-size":"auto","background-attachment":"scroll","background-type":"","background-media":"","overlay-type":"","overlay-color":"","overlay-opacity":"","overlay-gradient":""},"tablet":{"background-color":"var(--ast-global-color-5)","background-image":"","background-repeat":"repeat","background-position":"center center","background-size":"auto","background-attachment":"scroll","background-type":"","background-media":"","overlay-type":"","overlay-color":"","overlay-opacity":"","overlay-gradient":""},"mobile":{"background-color":"var(--ast-global-color-5)","background-image":"","background-repeat":"repeat","background-position":"center center","background-size":"auto","background-attachment":"scroll","background-type":"","background-media":"","overlay-type":"","overlay-color":"","overlay-opacity":"","overlay-gradient":""}},"footnotes":""},"class_list":["post-8252","page","type-page","status-publish","hentry"],"post_mailing_queue_ids":[],"_links":{"self":[{"href":"https:\/\/agora.xtec.cat\/ceip-elsagrer\/wp-json\/wp\/v2\/pages\/8252","targetHints":{"allow":["GET"]}}],"collection":[{"href":"https:\/\/agora.xtec.cat\/ceip-elsagrer\/wp-json\/wp\/v2\/pages"}],"about":[{"href":"https:\/\/agora.xtec.cat\/ceip-elsagrer\/wp-json\/wp\/v2\/types\/page"}],"author":[{"embeddable":true,"href":"https:\/\/agora.xtec.cat\/ceip-elsagrer\/wp-json\/wp\/v2\/users\/17"}],"replies":[{"embeddable":true,"href":"https:\/\/agora.xtec.cat\/ceip-elsagrer\/wp-json\/wp\/v2\/comments?post=8252"}],"version-history":[{"count":5,"href":"https:\/\/agora.xtec.cat\/ceip-elsagrer\/wp-json\/wp\/v2\/pages\/8252\/revisions"}],"predecessor-version":[{"id":8663,"href":"https:\/\/agora.xtec.cat\/ceip-elsagrer\/wp-json\/wp\/v2\/pages\/8252\/revisions\/8663"}],"wp:attachment":[{"href":"https:\/\/agora.xtec.cat\/ceip-elsagrer\/wp-json\/wp\/v2\/media?parent=8252"}],"curies":[{"name":"wp","href":"https:\/\/api.w.org\/{rel}","templated":true}]}}