{"id":5931,"date":"2024-02-07T11:50:00","date_gmt":"2024-02-07T10:50:00","guid":{"rendered":"https:\/\/agora.xtec.cat\/ceip-elsagrer\/?page_id=5931"},"modified":"2025-06-25T10:08:53","modified_gmt":"2025-06-25T08:08:53","slug":"connexions-palau-de-la-musica","status":"publish","type":"page","link":"https:\/\/agora.xtec.cat\/ceip-elsagrer\/projectes-compartits\/connexions-palau-de-la-musica\/","title":{"rendered":"Connexions (Palau de la M\u00fasica)"},"content":{"rendered":"<p><img loading=\"lazy\" decoding=\"async\" class=\"aligncenter size-medium wp-image-6040\" src=\"https:\/\/agora.xtec.cat\/ceip-elsagrer\/wp-content\/uploads\/usu2270\/2024\/03\/R-300x212.jpg\" alt=\"\" width=\"300\" height=\"212\" srcset=\"https:\/\/agora.xtec.cat\/ceip-elsagrer\/wp-content\/uploads\/usu2270\/2024\/03\/R-300x212.jpg 300w, https:\/\/agora.xtec.cat\/ceip-elsagrer\/wp-content\/uploads\/usu2270\/2024\/03\/R.jpg 760w\" sizes=\"auto, (max-width: 300px) 100vw, 300px\" \/>El projecte\u00a0Connexions Comunitat educativa &amp; Palau\u00a0es fru\u00eft d&#8217;un conveni triennal que l&#8217;escola El Sagrer va signar amb el Servei Educatiu del Palau de la M\u00fasica Catalana el curs 2022-23.\u00a0Aquest projecte est\u00e0 adre\u00e7at a centres educatius d\u2019educaci\u00f3 prim\u00e0ria i\u00a0secund\u00e0ria, i t\u00e9 com a objectiu millorar l\u2019impacte educatiu que la m\u00fasica pot tenir\u00a0en la vida quotidiana de tota la comunitat educativa.<\/p>\n<p>Els seus objectius, a grans trets, s\u00f3n:<\/p>\n<p>&#8211; Estudiar, proposar i desenvolupar noves propostes d&#8217;interacci\u00f3 de l\u2019ESCOLA\u00a0amb el PALAU m\u00e9s enll\u00e0 de l&#8217;assist\u00e8ncia als concerts educatius que conforma la\u00a0programaci\u00f3 Les Escoles al Palau.<\/p>\n<p>&#8211; Definir i desenvolupar conjuntament nous marcs de relaci\u00f3 i noves experi\u00e8ncies\u00a0educatives i culturals a fi de generar m\u00e9s vinculaci\u00f3 entre el centre educatiu i el\u00a0Palau de la M\u00fasica Catalana i d&#8217;aquesta manera aconseguir un impacte cultural\u00a0i educatiu m\u00e9s global i transversal.<\/p>\n<p>&#8211; Estructurar un calendari d\u2019activitats compartides durant un per\u00edode m\u00ednim de\u00a0tres anys que compti amb el lideratge de l\u2019equip directiu de cada centre i del\u00a0Servei Educatiu del Palau<\/p>\n<p>&#8211; Implementar i avaluar conjuntament cada subprojecte que se\u2019n desprengui.<\/p>\n<div><\/div>\n<div><a href=\"https:\/\/www.palaumusica.cat\/ca\/programacio-i-entrades_1192313\">https:\/\/www.palaumusica.cat\/ca\/<\/a><\/div>\n<div><\/div>\n<div><a href=\"https:\/\/www.palaumusica.cat\/ca\/programacio-i-entrades_1192313\">https:\/\/www.palaumusica.cat\/ca\/programacio-i-entrades_1192313<\/a><\/div>\n<div><\/div>\n<div><\/div>\n<div><img loading=\"lazy\" decoding=\"async\" class=\"aligncenter size-medium wp-image-6039\" src=\"https:\/\/agora.xtec.cat\/ceip-elsagrer\/wp-content\/uploads\/usu2270\/2024\/03\/article-300x203.jpg\" alt=\"\" width=\"300\" height=\"203\" srcset=\"https:\/\/agora.xtec.cat\/ceip-elsagrer\/wp-content\/uploads\/usu2270\/2024\/03\/article-300x203.jpg 300w, https:\/\/agora.xtec.cat\/ceip-elsagrer\/wp-content\/uploads\/usu2270\/2024\/03\/article-768x520.jpg 768w, https:\/\/agora.xtec.cat\/ceip-elsagrer\/wp-content\/uploads\/usu2270\/2024\/03\/article.jpg 956w\" sizes=\"auto, (max-width: 300px) 100vw, 300px\" \/><\/div>\n","protected":false},"excerpt":{"rendered":"<p>El projecte\u00a0Connexions Comunitat educativa &amp; Palau\u00a0es fru\u00eft d&#8217;un conveni triennal que l&#8217;escola El Sagrer va signar amb el Servei Educatiu del Palau de la M\u00fasica Catalana el curs 2022-23.\u00a0Aquest projecte est\u00e0 adre\u00e7at a centres educatius d\u2019educaci\u00f3 prim\u00e0ria i\u00a0secund\u00e0ria, i t\u00e9 com a objectiu millorar l\u2019impacte educatiu que la m\u00fasica pot tenir\u00a0en la vida quotidiana de [&hellip;]<\/p>\n","protected":false},"author":19,"featured_media":0,"parent":496,"menu_order":0,"comment_status":"closed","ping_status":"closed","template":"","meta":{"_bbp_topic_count":0,"_bbp_reply_count":0,"_bbp_total_topic_count":0,"_bbp_total_reply_count":0,"_bbp_voice_count":0,"_bbp_anonymous_reply_count":0,"_bbp_topic_count_hidden":0,"_bbp_reply_count_hidden":0,"_bbp_forum_subforum_count":0,"site-sidebar-layout":"default","site-content-layout":"","ast-site-content-layout":"default","site-content-style":"default","site-sidebar-style":"default","ast-global-header-display":"","ast-banner-title-visibility":"","ast-main-header-display":"","ast-hfb-above-header-display":"","ast-hfb-below-header-display":"","ast-hfb-mobile-header-display":"","site-post-title":"","ast-breadcrumbs-content":"","ast-featured-img":"","footer-sml-layout":"","theme-transparent-header-meta":"","adv-header-id-meta":"","stick-header-meta":"","header-above-stick-meta":"","header-main-stick-meta":"","header-below-stick-meta":"","astra-migrate-meta-layouts":"set","ast-page-background-enabled":"default","ast-page-background-meta":{"desktop":{"background-color":"var(--ast-global-color-4)","background-image":"","background-repeat":"repeat","background-position":"center center","background-size":"auto","background-attachment":"scroll","background-type":"","background-media":"","overlay-type":"","overlay-color":"","overlay-opacity":"","overlay-gradient":""},"tablet":{"background-color":"","background-image":"","background-repeat":"repeat","background-position":"center center","background-size":"auto","background-attachment":"scroll","background-type":"","background-media":"","overlay-type":"","overlay-color":"","overlay-opacity":"","overlay-gradient":""},"mobile":{"background-color":"","background-image":"","background-repeat":"repeat","background-position":"center center","background-size":"auto","background-attachment":"scroll","background-type":"","background-media":"","overlay-type":"","overlay-color":"","overlay-opacity":"","overlay-gradient":""}},"ast-content-background-meta":{"desktop":{"background-color":"var(--ast-global-color-5)","background-image":"","background-repeat":"repeat","background-position":"center center","background-size":"auto","background-attachment":"scroll","background-type":"","background-media":"","overlay-type":"","overlay-color":"","overlay-opacity":"","overlay-gradient":""},"tablet":{"background-color":"var(--ast-global-color-5)","background-image":"","background-repeat":"repeat","background-position":"center center","background-size":"auto","background-attachment":"scroll","background-type":"","background-media":"","overlay-type":"","overlay-color":"","overlay-opacity":"","overlay-gradient":""},"mobile":{"background-color":"var(--ast-global-color-5)","background-image":"","background-repeat":"repeat","background-position":"center center","background-size":"auto","background-attachment":"scroll","background-type":"","background-media":"","overlay-type":"","overlay-color":"","overlay-opacity":"","overlay-gradient":""}},"footnotes":""},"class_list":["post-5931","page","type-page","status-publish","hentry"],"post_mailing_queue_ids":[],"_links":{"self":[{"href":"https:\/\/agora.xtec.cat\/ceip-elsagrer\/wp-json\/wp\/v2\/pages\/5931","targetHints":{"allow":["GET"]}}],"collection":[{"href":"https:\/\/agora.xtec.cat\/ceip-elsagrer\/wp-json\/wp\/v2\/pages"}],"about":[{"href":"https:\/\/agora.xtec.cat\/ceip-elsagrer\/wp-json\/wp\/v2\/types\/page"}],"author":[{"embeddable":true,"href":"https:\/\/agora.xtec.cat\/ceip-elsagrer\/wp-json\/wp\/v2\/users\/19"}],"replies":[{"embeddable":true,"href":"https:\/\/agora.xtec.cat\/ceip-elsagrer\/wp-json\/wp\/v2\/comments?post=5931"}],"version-history":[{"count":6,"href":"https:\/\/agora.xtec.cat\/ceip-elsagrer\/wp-json\/wp\/v2\/pages\/5931\/revisions"}],"predecessor-version":[{"id":8025,"href":"https:\/\/agora.xtec.cat\/ceip-elsagrer\/wp-json\/wp\/v2\/pages\/5931\/revisions\/8025"}],"up":[{"embeddable":true,"href":"https:\/\/agora.xtec.cat\/ceip-elsagrer\/wp-json\/wp\/v2\/pages\/496"}],"wp:attachment":[{"href":"https:\/\/agora.xtec.cat\/ceip-elsagrer\/wp-json\/wp\/v2\/media?parent=5931"}],"curies":[{"name":"wp","href":"https:\/\/api.w.org\/{rel}","templated":true}]}}