{"id":492,"date":"2021-02-08T12:37:55","date_gmt":"2021-02-08T11:37:55","guid":{"rendered":"https:\/\/agora.xtec.cat\/ceip-elsagrer\/?page_id=492"},"modified":"2025-06-25T09:57:00","modified_gmt":"2025-06-25T07:57:00","slug":"visual-i-plastica","status":"publish","type":"page","link":"https:\/\/agora.xtec.cat\/ceip-elsagrer\/projectes-singulars\/visual-i-plastica\/","title":{"rendered":"Visual i pl\u00e0stica"},"content":{"rendered":"<div class=\"ast-oembed-container \" style=\"height: 100%;\"><iframe loading=\"lazy\" title=\"PROJECTE PL\u00c0STICA ESCOLA EL SAGRER\" width=\"500\" height=\"281\" src=\"https:\/\/www.youtube.com\/embed\/swJiPyBw4vo?feature=oembed\" frameborder=\"0\" allow=\"accelerometer; autoplay; clipboard-write; encrypted-media; gyroscope; picture-in-picture; web-share\" referrerpolicy=\"strict-origin-when-cross-origin\" allowfullscreen><\/iframe><\/div>\n<p style=\"font-weight: 400;\"><span style=\"font-weight: 400;\">L\u2019educaci\u00f3 art\u00edstica \u00e9s un aspecte molt important del nostre projecte educatiu, que t\u00e9 com a finalitat la formaci\u00f3 integral de la persona. Entenem que l&#8217;educaci\u00f3 dels alumnes ha de garantir la formaci\u00f3 tant en l&#8217;\u00e0mbit hum\u00e0 com intel\u00b7lectual, emocional i art\u00edstic, aix\u00ed com facilitar que cadasc\u00fa desenvolupi al m\u00e0xim les seves possibilitats.<\/span><\/p>\n<p style=\"font-weight: 400;\">Nosaltres basem l&#8217;educaci\u00f3 en la confian\u00e7a. Confiem en els infants i pensem que s\u00f3n capa\u00e7os de grans empreses, per aix\u00f2 hem de procurar fer emergir i cr\u00e9ixer les capacitats que ben segur tenen.<\/p>\n<p style=\"font-weight: 400;\">Tot i que la imaginaci\u00f3 i la creativitat embolcalla fer general de l&#8217;escola, entenem que l&#8217;art \u00e9s una manera d&#8217;entendre el m\u00f3n que ens permet expressar all\u00f2 que sentim i que representa totes les formes m\u00e9s genu\u00efnes de l&#8217;expressi\u00f3 del coneixement.<\/p>\n<p style=\"font-weight: 400;\"><span style=\"font-weight: 400;\">Despr\u00e9s d&#8217;aquesta consideraci\u00f3 es fa imprescindible tractar l\u2019\u00e0rea d\u2019educaci\u00f3 visual i pl\u00e0stica amb una mirada integral i lligada a les altres \u00e0rees. Per tot aix\u00f2, visitem museus i exposicions amb l&#8217;objectiu d&#8217;acostar-nos al treball dels artistes.<\/span><\/p>\n<p style=\"font-weight: 400;\"><span style=\"font-weight: 400;\"><br \/>\n<\/span><span style=\"font-weight: 400;\">Volem que els nostres alumnes tinguin \u00e8xit a la vida independentment de l&#8217;opci\u00f3 professional que tri\u00efn, per la qual cosa trobem important oferir-los aquest bagatge que els pot servir per sempre en tots els \u00e0mbits.<\/span><\/p>\n","protected":false},"excerpt":{"rendered":"<p>L\u2019educaci\u00f3 art\u00edstica \u00e9s un aspecte molt important del nostre projecte educatiu, que t\u00e9 com a finalitat la formaci\u00f3 integral de la persona. Entenem que l&#8217;educaci\u00f3 dels alumnes ha de garantir la formaci\u00f3 tant en l&#8217;\u00e0mbit hum\u00e0 com intel\u00b7lectual, emocional i art\u00edstic, aix\u00ed com facilitar que cadasc\u00fa desenvolupi al m\u00e0xim les seves possibilitats. Nosaltres basem l&#8217;educaci\u00f3 [&hellip;]<\/p>\n","protected":false},"author":1,"featured_media":0,"parent":491,"menu_order":0,"comment_status":"closed","ping_status":"closed","template":"","meta":{"_bbp_topic_count":0,"_bbp_reply_count":0,"_bbp_total_topic_count":0,"_bbp_total_reply_count":0,"_bbp_voice_count":0,"_bbp_anonymous_reply_count":0,"_bbp_topic_count_hidden":0,"_bbp_reply_count_hidden":0,"_bbp_forum_subforum_count":0,"site-sidebar-layout":"default","site-content-layout":"","ast-site-content-layout":"default","site-content-style":"default","site-sidebar-style":"default","ast-global-header-display":"","ast-banner-title-visibility":"","ast-main-header-display":"","ast-hfb-above-header-display":"","ast-hfb-below-header-display":"","ast-hfb-mobile-header-display":"","site-post-title":"","ast-breadcrumbs-content":"","ast-featured-img":"","footer-sml-layout":"","theme-transparent-header-meta":"","adv-header-id-meta":"","stick-header-meta":"","header-above-stick-meta":"","header-main-stick-meta":"","header-below-stick-meta":"","astra-migrate-meta-layouts":"set","ast-page-background-enabled":"default","ast-page-background-meta":{"desktop":{"background-color":"var(--ast-global-color-4)","background-image":"","background-repeat":"repeat","background-position":"center center","background-size":"auto","background-attachment":"scroll","background-type":"","background-media":"","overlay-type":"","overlay-color":"","overlay-opacity":"","overlay-gradient":""},"tablet":{"background-color":"","background-image":"","background-repeat":"repeat","background-position":"center center","background-size":"auto","background-attachment":"scroll","background-type":"","background-media":"","overlay-type":"","overlay-color":"","overlay-opacity":"","overlay-gradient":""},"mobile":{"background-color":"","background-image":"","background-repeat":"repeat","background-position":"center center","background-size":"auto","background-attachment":"scroll","background-type":"","background-media":"","overlay-type":"","overlay-color":"","overlay-opacity":"","overlay-gradient":""}},"ast-content-background-meta":{"desktop":{"background-color":"var(--ast-global-color-5)","background-image":"","background-repeat":"repeat","background-position":"center center","background-size":"auto","background-attachment":"scroll","background-type":"","background-media":"","overlay-type":"","overlay-color":"","overlay-opacity":"","overlay-gradient":""},"tablet":{"background-color":"var(--ast-global-color-5)","background-image":"","background-repeat":"repeat","background-position":"center center","background-size":"auto","background-attachment":"scroll","background-type":"","background-media":"","overlay-type":"","overlay-color":"","overlay-opacity":"","overlay-gradient":""},"mobile":{"background-color":"var(--ast-global-color-5)","background-image":"","background-repeat":"repeat","background-position":"center center","background-size":"auto","background-attachment":"scroll","background-type":"","background-media":"","overlay-type":"","overlay-color":"","overlay-opacity":"","overlay-gradient":""}},"footnotes":""},"class_list":["post-492","page","type-page","status-publish","hentry"],"post_mailing_queue_ids":[],"_links":{"self":[{"href":"https:\/\/agora.xtec.cat\/ceip-elsagrer\/wp-json\/wp\/v2\/pages\/492","targetHints":{"allow":["GET"]}}],"collection":[{"href":"https:\/\/agora.xtec.cat\/ceip-elsagrer\/wp-json\/wp\/v2\/pages"}],"about":[{"href":"https:\/\/agora.xtec.cat\/ceip-elsagrer\/wp-json\/wp\/v2\/types\/page"}],"author":[{"embeddable":true,"href":"https:\/\/agora.xtec.cat\/ceip-elsagrer\/wp-json\/wp\/v2\/users\/1"}],"replies":[{"embeddable":true,"href":"https:\/\/agora.xtec.cat\/ceip-elsagrer\/wp-json\/wp\/v2\/comments?post=492"}],"version-history":[{"count":4,"href":"https:\/\/agora.xtec.cat\/ceip-elsagrer\/wp-json\/wp\/v2\/pages\/492\/revisions"}],"predecessor-version":[{"id":8016,"href":"https:\/\/agora.xtec.cat\/ceip-elsagrer\/wp-json\/wp\/v2\/pages\/492\/revisions\/8016"}],"up":[{"embeddable":true,"href":"https:\/\/agora.xtec.cat\/ceip-elsagrer\/wp-json\/wp\/v2\/pages\/491"}],"wp:attachment":[{"href":"https:\/\/agora.xtec.cat\/ceip-elsagrer\/wp-json\/wp\/v2\/media?parent=492"}],"curies":[{"name":"wp","href":"https:\/\/api.w.org\/{rel}","templated":true}]}}